{"id":5711,"date":"2016-10-09T09:31:16","date_gmt":"2016-10-09T09:31:16","guid":{"rendered":"http:\/\/maderacat.cat\/produkt\/znameni-ryby-21-02-20-03-2"},"modified":"2016-10-09T09:31:16","modified_gmt":"2016-10-09T09:31:16","slug":"znameni-ryby-21-02-20-03","status":"publish","type":"product","link":"https:\/\/maderacat.cat\/?product=znameni-ryby-21-02-20-03","title":{"rendered":"Signo PISCIS 21.02. \u2013 20.03."},"content":{"rendered":"<p style=\"text-align: justify;\">El signo del agua, responde principalmente a las se\u00f1ales emocionales y se mueve sobre las olas del oc\u00e9ano de emociones al igual que un pez en el agua. Piscis es m\u00e1s sensible que cualquier otra persona a los estados de \u00e1nimo y sensaciones externas. Si el lugar es tranquilo y agradable, piscis es feliz. Pero si el el entorno esta un poco encendido de odio, su estado de \u00e1nimo es nervioso y se sale completamente fuera de control. Pero, sin embargo, dejando los malentendidos y desgracias, piscis tiene un deseo de ayudar. Los piscis en silencio siguen su propio camino y aunque no son apreciados por sus compa\u00f1eros tambi\u00e9n, porque los consideran a s\u00ed mismos como \u201cinapropiados\u201d. Los Piscis rara vez se atreven a vivir de la manera que se sienten. El piscis debe entregarse por completo a s\u00ed mismo y no a otro ser humano, s\u00f3lo entonces as\u00ed se encuentra a s\u00ed mismo. Por lo tanto, es importante para ellos reflexionar y evaluar con quienes se asocia.<\/p>\n","protected":false},"excerpt":{"rendered":"<p>El signo del agua, responde principalmente a las se\u00f1ales emocionales y se mueve sobre las olas del oc\u00e9ano de emociones al igual que un pez en el agua. Piscis es m\u00e1s sensible que cualquier otra persona a los estados de \u00e1nimo y sensaciones externas. Si el lugar es tranquilo y agradable, piscis es feliz. Pero<\/p>\n","protected":false},"featured_media":4965,"comment_status":"closed","ping_status":"closed","template":"","meta":[],"product_cat":[84],"product_tag":[],"yoast_head":"<!-- This site is optimized with the Yoast SEO plugin v20.12 - https:\/\/yoast.com\/wordpress\/plugins\/seo\/ -->\n<title>Signo PISCIS 21.02. \u2013 20.03. - Madera<\/title>\n<meta name=\"robots\" content=\"index, follow, max-snippet:-1, max-image-preview:large, max-video-preview:-1\" \/>\n<link rel=\"canonical\" href=\"https:\/\/maderacat.cat\/?product=znameni-ryby-21-02-20-03\" \/>\n<meta property=\"og:locale\" content=\"en_US\" \/>\n<meta property=\"og:type\" content=\"article\" \/>\n<meta property=\"og:title\" content=\"Signo PISCIS 21.02. \u2013 20.03. - Madera\" \/>\n<meta property=\"og:description\" content=\"El signo del agua, responde principalmente a las se\u00f1ales emocionales y se mueve sobre las olas del oc\u00e9ano de emociones al igual que un pez en el agua. Piscis es m\u00e1s sensible que cualquier otra persona a los estados de \u00e1nimo y sensaciones externas. Si el lugar es tranquilo y agradable, piscis es feliz. Pero\" \/>\n<meta property=\"og:url\" content=\"https:\/\/maderacat.cat\/?product=znameni-ryby-21-02-20-03\" \/>\n<meta property=\"og:site_name\" content=\"Madera\" \/>\n<meta property=\"og:image\" content=\"https:\/\/maderacat.cat\/wp-content\/uploads\/2016\/10\/405.jpeg\" \/>\n\t<meta property=\"og:image:width\" content=\"720\" \/>\n\t<meta property=\"og:image:height\" content=\"720\" \/>\n\t<meta property=\"og:image:type\" content=\"image\/jpeg\" \/>\n<meta name=\"twitter:card\" content=\"summary_large_image\" \/>\n<meta name=\"twitter:label1\" content=\"Est. reading time\" \/>\n\t<meta name=\"twitter:data1\" content=\"1 minute\" \/>\n<script type=\"application\/ld+json\" class=\"yoast-schema-graph\">{\"@context\":\"https:\/\/schema.org\",\"@graph\":[{\"@type\":\"WebPage\",\"@id\":\"https:\/\/maderacat.cat\/?product=znameni-ryby-21-02-20-03\",\"url\":\"https:\/\/maderacat.cat\/?product=znameni-ryby-21-02-20-03\",\"name\":\"Signo PISCIS 21.02. \u2013 20.03. - Madera\",\"isPartOf\":{\"@id\":\"https:\/\/maderacat.cat\/#website\"},\"datePublished\":\"2016-10-09T09:31:16+00:00\",\"dateModified\":\"2016-10-09T09:31:16+00:00\",\"breadcrumb\":{\"@id\":\"https:\/\/maderacat.cat\/?product=znameni-ryby-21-02-20-03#breadcrumb\"},\"inLanguage\":\"en-US\",\"potentialAction\":[{\"@type\":\"ReadAction\",\"target\":[\"https:\/\/maderacat.cat\/?product=znameni-ryby-21-02-20-03\"]}]},{\"@type\":\"BreadcrumbList\",\"@id\":\"https:\/\/maderacat.cat\/?product=znameni-ryby-21-02-20-03#breadcrumb\",\"itemListElement\":[{\"@type\":\"ListItem\",\"position\":1,\"name\":\"Dom\u016f\",\"item\":\"https:\/\/maderacat.cat\/\"},{\"@type\":\"ListItem\",\"position\":2,\"name\":\"Obchod\",\"item\":\"https:\/\/maderacat.cat\/?page_id=270\"},{\"@type\":\"ListItem\",\"position\":3,\"name\":\"Signo PISCIS 21.02. \u2013 20.03.\"}]},{\"@type\":\"WebSite\",\"@id\":\"https:\/\/maderacat.cat\/#website\",\"url\":\"https:\/\/maderacat.cat\/\",\"name\":\"Madera\",\"description\":\"Bienvenido a la p\u00e1gina web\",\"potentialAction\":[{\"@type\":\"SearchAction\",\"target\":{\"@type\":\"EntryPoint\",\"urlTemplate\":\"https:\/\/maderacat.cat\/?s={search_term_string}\"},\"query-input\":\"required name=search_term_string\"}],\"inLanguage\":\"en-US\"}]}<\/script>\n<!-- \/ Yoast SEO plugin. -->","yoast_head_json":{"title":"Signo PISCIS 21.02. \u2013 20.03. - Madera","robots":{"index":"index","follow":"follow","max-snippet":"max-snippet:-1","max-image-preview":"max-image-preview:large","max-video-preview":"max-video-preview:-1"},"canonical":"https:\/\/maderacat.cat\/?product=znameni-ryby-21-02-20-03","og_locale":"en_US","og_type":"article","og_title":"Signo PISCIS 21.02. \u2013 20.03. - Madera","og_description":"El signo del agua, responde principalmente a las se\u00f1ales emocionales y se mueve sobre las olas del oc\u00e9ano de emociones al igual que un pez en el agua. Piscis es m\u00e1s sensible que cualquier otra persona a los estados de \u00e1nimo y sensaciones externas. Si el lugar es tranquilo y agradable, piscis es feliz. Pero","og_url":"https:\/\/maderacat.cat\/?product=znameni-ryby-21-02-20-03","og_site_name":"Madera","og_image":[{"width":720,"height":720,"url":"https:\/\/maderacat.cat\/wp-content\/uploads\/2016\/10\/405.jpeg","type":"image\/jpeg"}],"twitter_card":"summary_large_image","twitter_misc":{"Est. reading time":"1 minute"},"schema":{"@context":"https:\/\/schema.org","@graph":[{"@type":"WebPage","@id":"https:\/\/maderacat.cat\/?product=znameni-ryby-21-02-20-03","url":"https:\/\/maderacat.cat\/?product=znameni-ryby-21-02-20-03","name":"Signo PISCIS 21.02. \u2013 20.03. - Madera","isPartOf":{"@id":"https:\/\/maderacat.cat\/#website"},"datePublished":"2016-10-09T09:31:16+00:00","dateModified":"2016-10-09T09:31:16+00:00","breadcrumb":{"@id":"https:\/\/maderacat.cat\/?product=znameni-ryby-21-02-20-03#breadcrumb"},"inLanguage":"en-US","potentialAction":[{"@type":"ReadAction","target":["https:\/\/maderacat.cat\/?product=znameni-ryby-21-02-20-03"]}]},{"@type":"BreadcrumbList","@id":"https:\/\/maderacat.cat\/?product=znameni-ryby-21-02-20-03#breadcrumb","itemListElement":[{"@type":"ListItem","position":1,"name":"Dom\u016f","item":"https:\/\/maderacat.cat\/"},{"@type":"ListItem","position":2,"name":"Obchod","item":"https:\/\/maderacat.cat\/?page_id=270"},{"@type":"ListItem","position":3,"name":"Signo PISCIS 21.02. \u2013 20.03."}]},{"@type":"WebSite","@id":"https:\/\/maderacat.cat\/#website","url":"https:\/\/maderacat.cat\/","name":"Madera","description":"Bienvenido a la p\u00e1gina web","potentialAction":[{"@type":"SearchAction","target":{"@type":"EntryPoint","urlTemplate":"https:\/\/maderacat.cat\/?s={search_term_string}"},"query-input":"required name=search_term_string"}],"inLanguage":"en-US"}]}},"_links":{"self":[{"href":"https:\/\/maderacat.cat\/index.php?rest_route=\/wp\/v2\/product\/5711"}],"collection":[{"href":"https:\/\/maderacat.cat\/index.php?rest_route=\/wp\/v2\/product"}],"about":[{"href":"https:\/\/maderacat.cat\/index.php?rest_route=\/wp\/v2\/types\/product"}],"replies":[{"embeddable":true,"href":"https:\/\/maderacat.cat\/index.php?rest_route=%2Fwp%2Fv2%2Fcomments&post=5711"}],"wp:featuredmedia":[{"embeddable":true,"href":"https:\/\/maderacat.cat\/index.php?rest_route=\/wp\/v2\/media\/4965"}],"wp:attachment":[{"href":"https:\/\/maderacat.cat\/index.php?rest_route=%2Fwp%2Fv2%2Fmedia&parent=5711"}],"wp:term":[{"taxonomy":"product_cat","embeddable":true,"href":"https:\/\/maderacat.cat\/index.php?rest_route=%2Fwp%2Fv2%2Fproduct_cat&post=5711"},{"taxonomy":"product_tag","embeddable":true,"href":"https:\/\/maderacat.cat\/index.php?rest_route=%2Fwp%2Fv2%2Fproduct_tag&post=5711"}],"curies":[{"name":"wp","href":"https:\/\/api.w.org\/{rel}","templated":true}]}}