{"id":4954,"date":"2016-10-09T09:31:16","date_gmt":"2016-10-09T09:31:16","guid":{"rendered":"http:\/\/maderacat.cat\/produkt\/znameni-rak-22-06-22-07\/"},"modified":"2016-11-25T13:38:22","modified_gmt":"2016-11-25T13:38:22","slug":"znameni-rak-22-06-22-07","status":"publish","type":"product","link":"https:\/\/maderacat.cat\/?product=znameni-rak-22-06-22-07","title":{"rendered":"Signo de CANCER 22.06. \u2013 22.07."},"content":{"rendered":"<p style=\"text-align: justify;\">El signo de c\u00e1ncer es un signo contradictorio, llenos de emoci\u00f3n, combinados con un enfoque pr\u00e1ctico para la vida y la familia. Es sobre todo un signo de una madre cuya atenci\u00f3n se dirige principalmente a la educaci\u00f3n y el cuidado de sus hijos. Si no es as\u00ed, entonces muy a menudo con los parientes m\u00e1s cercanos. El exceso o la falta de afecto por \u00e9l, sin embargo, a menudo lo conducen a cambios de humor e irritabilidad. C\u00e1ncer siempre est\u00e1 tratando de llegar a alguien a trav\u00e9s de la emoci\u00f3n, y por lo tanto tiene mas \u00e9xito con los ni\u00f1os y las personas sensibles. Siempre trata de actuar feliz, pero por otro lado, con\u00a0un poco de obstaculos. Permite que vean su coraz\u00f3n s\u00f3lo sus amigos cercanos o un c\u00edrculo familiar \u00edntimo, porque sabe que su coraz\u00f3n y las emociones son los m\u00e1s vulnerables que tiene. A c\u00e1ncer no le gusta la injusticia, \u00a0no persigue a malos, debido a que su buen car\u00e1cter no lo permite. Los Cancer son atraidos por las \u201cm\u00e1s altas esferas de la m\u00fasica,\u201d la medicina, hogar y vida familiar. A menudo, tambi\u00e9n, aunque no es convencional no le gustan a los subordinados.<\/p>\n","protected":false},"excerpt":{"rendered":"<p>El signo de c\u00e1ncer es un signo contradictorio, llenos de emoci\u00f3n, combinados con un enfoque pr\u00e1ctico para la vida y la familia. Es sobre todo un signo de una madre cuya atenci\u00f3n se dirige principalmente a la educaci\u00f3n y el cuidado de sus hijos. Si no es as\u00ed, entonces muy a menudo con los parientes<\/p>\n","protected":false},"featured_media":4955,"comment_status":"closed","ping_status":"closed","template":"","meta":[],"product_cat":[38],"product_tag":[],"yoast_head":"<!-- This site is optimized with the Yoast SEO plugin v20.12 - https:\/\/yoast.com\/wordpress\/plugins\/seo\/ -->\n<title>Signo de CANCER 22.06. \u2013 22.07. - Madera<\/title>\n<meta name=\"robots\" content=\"index, follow, max-snippet:-1, max-image-preview:large, max-video-preview:-1\" \/>\n<link rel=\"canonical\" href=\"https:\/\/maderacat.cat\/?product=znameni-rak-22-06-22-07\" \/>\n<meta property=\"og:locale\" content=\"en_US\" \/>\n<meta property=\"og:type\" content=\"article\" \/>\n<meta property=\"og:title\" content=\"Signo de CANCER 22.06. \u2013 22.07. - Madera\" \/>\n<meta property=\"og:description\" content=\"El signo de c\u00e1ncer es un signo contradictorio, llenos de emoci\u00f3n, combinados con un enfoque pr\u00e1ctico para la vida y la familia. Es sobre todo un signo de una madre cuya atenci\u00f3n se dirige principalmente a la educaci\u00f3n y el cuidado de sus hijos. Si no es as\u00ed, entonces muy a menudo con los parientes\" \/>\n<meta property=\"og:url\" content=\"https:\/\/maderacat.cat\/?product=znameni-rak-22-06-22-07\" \/>\n<meta property=\"og:site_name\" content=\"Madera\" \/>\n<meta property=\"article:modified_time\" content=\"2016-11-25T13:38:22+00:00\" \/>\n<meta property=\"og:image\" content=\"https:\/\/maderacat.cat\/wp-content\/uploads\/2016\/10\/400.jpeg\" \/>\n\t<meta property=\"og:image:width\" content=\"718\" \/>\n\t<meta property=\"og:image:height\" content=\"720\" \/>\n\t<meta property=\"og:image:type\" content=\"image\/jpeg\" \/>\n<meta name=\"twitter:card\" content=\"summary_large_image\" \/>\n<meta name=\"twitter:label1\" content=\"Est. reading time\" \/>\n\t<meta name=\"twitter:data1\" content=\"1 minute\" \/>\n<script type=\"application\/ld+json\" class=\"yoast-schema-graph\">{\"@context\":\"https:\/\/schema.org\",\"@graph\":[{\"@type\":\"WebPage\",\"@id\":\"https:\/\/maderacat.cat\/?product=znameni-rak-22-06-22-07\",\"url\":\"https:\/\/maderacat.cat\/?product=znameni-rak-22-06-22-07\",\"name\":\"Signo de CANCER 22.06. \u2013 22.07. - Madera\",\"isPartOf\":{\"@id\":\"https:\/\/maderacat.cat\/#website\"},\"datePublished\":\"2016-10-09T09:31:16+00:00\",\"dateModified\":\"2016-11-25T13:38:22+00:00\",\"breadcrumb\":{\"@id\":\"https:\/\/maderacat.cat\/?product=znameni-rak-22-06-22-07#breadcrumb\"},\"inLanguage\":\"en-US\",\"potentialAction\":[{\"@type\":\"ReadAction\",\"target\":[\"https:\/\/maderacat.cat\/?product=znameni-rak-22-06-22-07\"]}]},{\"@type\":\"BreadcrumbList\",\"@id\":\"https:\/\/maderacat.cat\/?product=znameni-rak-22-06-22-07#breadcrumb\",\"itemListElement\":[{\"@type\":\"ListItem\",\"position\":1,\"name\":\"Dom\u016f\",\"item\":\"https:\/\/maderacat.cat\/\"},{\"@type\":\"ListItem\",\"position\":2,\"name\":\"Obchod\",\"item\":\"https:\/\/maderacat.cat\/?page_id=270\"},{\"@type\":\"ListItem\",\"position\":3,\"name\":\"Signo de CANCER 22.06. \u2013 22.07.\"}]},{\"@type\":\"WebSite\",\"@id\":\"https:\/\/maderacat.cat\/#website\",\"url\":\"https:\/\/maderacat.cat\/\",\"name\":\"Madera\",\"description\":\"Bienvenido a la p\u00e1gina web\",\"potentialAction\":[{\"@type\":\"SearchAction\",\"target\":{\"@type\":\"EntryPoint\",\"urlTemplate\":\"https:\/\/maderacat.cat\/?s={search_term_string}\"},\"query-input\":\"required name=search_term_string\"}],\"inLanguage\":\"en-US\"}]}<\/script>\n<!-- \/ Yoast SEO plugin. -->","yoast_head_json":{"title":"Signo de CANCER 22.06. \u2013 22.07. - Madera","robots":{"index":"index","follow":"follow","max-snippet":"max-snippet:-1","max-image-preview":"max-image-preview:large","max-video-preview":"max-video-preview:-1"},"canonical":"https:\/\/maderacat.cat\/?product=znameni-rak-22-06-22-07","og_locale":"en_US","og_type":"article","og_title":"Signo de CANCER 22.06. \u2013 22.07. - Madera","og_description":"El signo de c\u00e1ncer es un signo contradictorio, llenos de emoci\u00f3n, combinados con un enfoque pr\u00e1ctico para la vida y la familia. Es sobre todo un signo de una madre cuya atenci\u00f3n se dirige principalmente a la educaci\u00f3n y el cuidado de sus hijos. Si no es as\u00ed, entonces muy a menudo con los parientes","og_url":"https:\/\/maderacat.cat\/?product=znameni-rak-22-06-22-07","og_site_name":"Madera","article_modified_time":"2016-11-25T13:38:22+00:00","og_image":[{"width":718,"height":720,"url":"https:\/\/maderacat.cat\/wp-content\/uploads\/2016\/10\/400.jpeg","type":"image\/jpeg"}],"twitter_card":"summary_large_image","twitter_misc":{"Est. reading time":"1 minute"},"schema":{"@context":"https:\/\/schema.org","@graph":[{"@type":"WebPage","@id":"https:\/\/maderacat.cat\/?product=znameni-rak-22-06-22-07","url":"https:\/\/maderacat.cat\/?product=znameni-rak-22-06-22-07","name":"Signo de CANCER 22.06. \u2013 22.07. - Madera","isPartOf":{"@id":"https:\/\/maderacat.cat\/#website"},"datePublished":"2016-10-09T09:31:16+00:00","dateModified":"2016-11-25T13:38:22+00:00","breadcrumb":{"@id":"https:\/\/maderacat.cat\/?product=znameni-rak-22-06-22-07#breadcrumb"},"inLanguage":"en-US","potentialAction":[{"@type":"ReadAction","target":["https:\/\/maderacat.cat\/?product=znameni-rak-22-06-22-07"]}]},{"@type":"BreadcrumbList","@id":"https:\/\/maderacat.cat\/?product=znameni-rak-22-06-22-07#breadcrumb","itemListElement":[{"@type":"ListItem","position":1,"name":"Dom\u016f","item":"https:\/\/maderacat.cat\/"},{"@type":"ListItem","position":2,"name":"Obchod","item":"https:\/\/maderacat.cat\/?page_id=270"},{"@type":"ListItem","position":3,"name":"Signo de CANCER 22.06. \u2013 22.07."}]},{"@type":"WebSite","@id":"https:\/\/maderacat.cat\/#website","url":"https:\/\/maderacat.cat\/","name":"Madera","description":"Bienvenido a la p\u00e1gina web","potentialAction":[{"@type":"SearchAction","target":{"@type":"EntryPoint","urlTemplate":"https:\/\/maderacat.cat\/?s={search_term_string}"},"query-input":"required name=search_term_string"}],"inLanguage":"en-US"}]}},"_links":{"self":[{"href":"https:\/\/maderacat.cat\/index.php?rest_route=\/wp\/v2\/product\/4954"}],"collection":[{"href":"https:\/\/maderacat.cat\/index.php?rest_route=\/wp\/v2\/product"}],"about":[{"href":"https:\/\/maderacat.cat\/index.php?rest_route=\/wp\/v2\/types\/product"}],"replies":[{"embeddable":true,"href":"https:\/\/maderacat.cat\/index.php?rest_route=%2Fwp%2Fv2%2Fcomments&post=4954"}],"wp:featuredmedia":[{"embeddable":true,"href":"https:\/\/maderacat.cat\/index.php?rest_route=\/wp\/v2\/media\/4955"}],"wp:attachment":[{"href":"https:\/\/maderacat.cat\/index.php?rest_route=%2Fwp%2Fv2%2Fmedia&parent=4954"}],"wp:term":[{"taxonomy":"product_cat","embeddable":true,"href":"https:\/\/maderacat.cat\/index.php?rest_route=%2Fwp%2Fv2%2Fproduct_cat&post=4954"},{"taxonomy":"product_tag","embeddable":true,"href":"https:\/\/maderacat.cat\/index.php?rest_route=%2Fwp%2Fv2%2Fproduct_tag&post=4954"}],"curies":[{"name":"wp","href":"https:\/\/api.w.org\/{rel}","templated":true}]}}