{"id":4576,"date":"2016-10-09T08:11:28","date_gmt":"2016-10-09T08:11:28","guid":{"rendered":"http:\/\/maderacat.cat\/produkt\/postel-ergonomicka-80x200cm-masiv-smrk\/"},"modified":"2016-10-09T08:11:28","modified_gmt":"2016-10-09T08:11:28","slug":"postel-ergonomicka-80x200cm-masiv-smrk","status":"publish","type":"product","link":"https:\/\/maderacat.cat\/?product=postel-ergonomicka-80x200cm-masiv-smrk","title":{"rendered":"Postel ergonomick\u00e1, 80x200cm, masiv smrk"},"content":{"rendered":"<p>Materi\u00e1l: masiv smrk?, tlou\u0161\u0165ka \u010deln\u00edch ploch 1.8cm.<br \/>\nCena je v\u010detn\u011b la\u0165kov\u00e9ho ro\u0161tu. ?<br \/>\n Rozm\u011br: v: 80, \u0161: 92, d: 208cm.<br \/>\n Regulovateln\u00e1 v\u00fd\u0161ka le\u017een\u00ed 22-48cm (kroky po 3.2cm).<br \/>\nRozm\u011br od ro\u0161tu k vrchn\u00ed hran\u011b bo\u010dnice je 11,5cm<\/p>\n","protected":false},"excerpt":{"rendered":"<p>Materi\u00e1l: masiv smrk?, tlou\u0161\u0165ka \u010deln\u00edch ploch 1.8cm. Cena je v\u010detn\u011b la\u0165kov\u00e9ho ro\u0161tu. ? Rozm\u011br: v: 80, \u0161: 92, d: 208cm. Regulovateln\u00e1 v\u00fd\u0161ka le\u017een\u00ed 22-48cm (kroky po 3.2cm). Rozm\u011br od ro\u0161tu k vrchn\u00ed hran\u011b bo\u010dnice je 11,5cm<\/p>\n","protected":false},"featured_media":4577,"comment_status":"closed","ping_status":"closed","template":"","meta":[],"product_cat":[12],"product_tag":[],"yoast_head":"<!-- This site is optimized with the Yoast SEO plugin v20.12 - https:\/\/yoast.com\/wordpress\/plugins\/seo\/ -->\n<title>Postel ergonomick\u00e1, 80x200cm, masiv smrk - Madera<\/title>\n<meta name=\"robots\" content=\"index, follow, max-snippet:-1, max-image-preview:large, max-video-preview:-1\" \/>\n<link rel=\"canonical\" href=\"https:\/\/maderacat.cat\/?product=postel-ergonomicka-80x200cm-masiv-smrk\" \/>\n<meta property=\"og:locale\" content=\"en_US\" \/>\n<meta property=\"og:type\" content=\"article\" \/>\n<meta property=\"og:title\" content=\"Postel ergonomick\u00e1, 80x200cm, masiv smrk - Madera\" \/>\n<meta property=\"og:description\" content=\"Materi\u00e1l: masiv smrk?, tlou\u0161\u0165ka \u010deln\u00edch ploch 1.8cm. Cena je v\u010detn\u011b la\u0165kov\u00e9ho ro\u0161tu. ? Rozm\u011br: v: 80, \u0161: 92, d: 208cm. Regulovateln\u00e1 v\u00fd\u0161ka le\u017een\u00ed 22-48cm (kroky po 3.2cm). Rozm\u011br od ro\u0161tu k vrchn\u00ed hran\u011b bo\u010dnice je 11,5cm\" \/>\n<meta property=\"og:url\" content=\"https:\/\/maderacat.cat\/?product=postel-ergonomicka-80x200cm-masiv-smrk\" \/>\n<meta property=\"og:site_name\" content=\"Madera\" \/>\n<meta property=\"og:image\" content=\"https:\/\/maderacat.cat\/wp-content\/uploads\/2016\/10\/1240-24591.jpg\" \/>\n\t<meta property=\"og:image:width\" content=\"900\" \/>\n\t<meta property=\"og:image:height\" content=\"600\" \/>\n\t<meta property=\"og:image:type\" content=\"image\/jpeg\" \/>\n<meta name=\"twitter:card\" content=\"summary_large_image\" \/>\n<script type=\"application\/ld+json\" class=\"yoast-schema-graph\">{\"@context\":\"https:\/\/schema.org\",\"@graph\":[{\"@type\":\"WebPage\",\"@id\":\"https:\/\/maderacat.cat\/?product=postel-ergonomicka-80x200cm-masiv-smrk\",\"url\":\"https:\/\/maderacat.cat\/?product=postel-ergonomicka-80x200cm-masiv-smrk\",\"name\":\"Postel ergonomick\u00e1, 80x200cm, masiv smrk - Madera\",\"isPartOf\":{\"@id\":\"https:\/\/maderacat.cat\/#website\"},\"datePublished\":\"2016-10-09T08:11:28+00:00\",\"dateModified\":\"2016-10-09T08:11:28+00:00\",\"breadcrumb\":{\"@id\":\"https:\/\/maderacat.cat\/?product=postel-ergonomicka-80x200cm-masiv-smrk#breadcrumb\"},\"inLanguage\":\"en-US\",\"potentialAction\":[{\"@type\":\"ReadAction\",\"target\":[\"https:\/\/maderacat.cat\/?product=postel-ergonomicka-80x200cm-masiv-smrk\"]}]},{\"@type\":\"BreadcrumbList\",\"@id\":\"https:\/\/maderacat.cat\/?product=postel-ergonomicka-80x200cm-masiv-smrk#breadcrumb\",\"itemListElement\":[{\"@type\":\"ListItem\",\"position\":1,\"name\":\"Dom\u016f\",\"item\":\"https:\/\/maderacat.cat\/\"},{\"@type\":\"ListItem\",\"position\":2,\"name\":\"Obchod\",\"item\":\"https:\/\/maderacat.cat\/?page_id=270\"},{\"@type\":\"ListItem\",\"position\":3,\"name\":\"Postel ergonomick\u00e1, 80x200cm, masiv smrk\"}]},{\"@type\":\"WebSite\",\"@id\":\"https:\/\/maderacat.cat\/#website\",\"url\":\"https:\/\/maderacat.cat\/\",\"name\":\"Madera\",\"description\":\"Bienvenido a la p\u00e1gina web\",\"potentialAction\":[{\"@type\":\"SearchAction\",\"target\":{\"@type\":\"EntryPoint\",\"urlTemplate\":\"https:\/\/maderacat.cat\/?s={search_term_string}\"},\"query-input\":\"required name=search_term_string\"}],\"inLanguage\":\"en-US\"}]}<\/script>\n<!-- \/ Yoast SEO plugin. -->","yoast_head_json":{"title":"Postel ergonomick\u00e1, 80x200cm, masiv smrk - Madera","robots":{"index":"index","follow":"follow","max-snippet":"max-snippet:-1","max-image-preview":"max-image-preview:large","max-video-preview":"max-video-preview:-1"},"canonical":"https:\/\/maderacat.cat\/?product=postel-ergonomicka-80x200cm-masiv-smrk","og_locale":"en_US","og_type":"article","og_title":"Postel ergonomick\u00e1, 80x200cm, masiv smrk - Madera","og_description":"Materi\u00e1l: masiv smrk?, tlou\u0161\u0165ka \u010deln\u00edch ploch 1.8cm. Cena je v\u010detn\u011b la\u0165kov\u00e9ho ro\u0161tu. ? Rozm\u011br: v: 80, \u0161: 92, d: 208cm. Regulovateln\u00e1 v\u00fd\u0161ka le\u017een\u00ed 22-48cm (kroky po 3.2cm). Rozm\u011br od ro\u0161tu k vrchn\u00ed hran\u011b bo\u010dnice je 11,5cm","og_url":"https:\/\/maderacat.cat\/?product=postel-ergonomicka-80x200cm-masiv-smrk","og_site_name":"Madera","og_image":[{"width":900,"height":600,"url":"https:\/\/maderacat.cat\/wp-content\/uploads\/2016\/10\/1240-24591.jpg","type":"image\/jpeg"}],"twitter_card":"summary_large_image","schema":{"@context":"https:\/\/schema.org","@graph":[{"@type":"WebPage","@id":"https:\/\/maderacat.cat\/?product=postel-ergonomicka-80x200cm-masiv-smrk","url":"https:\/\/maderacat.cat\/?product=postel-ergonomicka-80x200cm-masiv-smrk","name":"Postel ergonomick\u00e1, 80x200cm, masiv smrk - Madera","isPartOf":{"@id":"https:\/\/maderacat.cat\/#website"},"datePublished":"2016-10-09T08:11:28+00:00","dateModified":"2016-10-09T08:11:28+00:00","breadcrumb":{"@id":"https:\/\/maderacat.cat\/?product=postel-ergonomicka-80x200cm-masiv-smrk#breadcrumb"},"inLanguage":"en-US","potentialAction":[{"@type":"ReadAction","target":["https:\/\/maderacat.cat\/?product=postel-ergonomicka-80x200cm-masiv-smrk"]}]},{"@type":"BreadcrumbList","@id":"https:\/\/maderacat.cat\/?product=postel-ergonomicka-80x200cm-masiv-smrk#breadcrumb","itemListElement":[{"@type":"ListItem","position":1,"name":"Dom\u016f","item":"https:\/\/maderacat.cat\/"},{"@type":"ListItem","position":2,"name":"Obchod","item":"https:\/\/maderacat.cat\/?page_id=270"},{"@type":"ListItem","position":3,"name":"Postel ergonomick\u00e1, 80x200cm, masiv smrk"}]},{"@type":"WebSite","@id":"https:\/\/maderacat.cat\/#website","url":"https:\/\/maderacat.cat\/","name":"Madera","description":"Bienvenido a la p\u00e1gina web","potentialAction":[{"@type":"SearchAction","target":{"@type":"EntryPoint","urlTemplate":"https:\/\/maderacat.cat\/?s={search_term_string}"},"query-input":"required name=search_term_string"}],"inLanguage":"en-US"}]}},"_links":{"self":[{"href":"https:\/\/maderacat.cat\/index.php?rest_route=\/wp\/v2\/product\/4576"}],"collection":[{"href":"https:\/\/maderacat.cat\/index.php?rest_route=\/wp\/v2\/product"}],"about":[{"href":"https:\/\/maderacat.cat\/index.php?rest_route=\/wp\/v2\/types\/product"}],"replies":[{"embeddable":true,"href":"https:\/\/maderacat.cat\/index.php?rest_route=%2Fwp%2Fv2%2Fcomments&post=4576"}],"wp:featuredmedia":[{"embeddable":true,"href":"https:\/\/maderacat.cat\/index.php?rest_route=\/wp\/v2\/media\/4577"}],"wp:attachment":[{"href":"https:\/\/maderacat.cat\/index.php?rest_route=%2Fwp%2Fv2%2Fmedia&parent=4576"}],"wp:term":[{"taxonomy":"product_cat","embeddable":true,"href":"https:\/\/maderacat.cat\/index.php?rest_route=%2Fwp%2Fv2%2Fproduct_cat&post=4576"},{"taxonomy":"product_tag","embeddable":true,"href":"https:\/\/maderacat.cat\/index.php?rest_route=%2Fwp%2Fv2%2Fproduct_tag&post=4576"}],"curies":[{"name":"wp","href":"https:\/\/api.w.org\/{rel}","templated":true}]}}