{"id":4497,"date":"2016-10-09T08:10:48","date_gmt":"2016-10-09T08:10:48","guid":{"rendered":"http:\/\/maderacat.cat\/produkt\/predsinova-stena-2\/"},"modified":"2016-10-09T08:10:48","modified_gmt":"2016-10-09T08:10:48","slug":"predsinova-stena-2","status":"publish","type":"product","link":"https:\/\/maderacat.cat\/?product=predsinova-stena-2","title":{"rendered":"P\u0159eds\u00ed\u0148ov\u00e1 st\u011bna"},"content":{"rendered":"<p>Materi\u00e1l: vo\u0161tina, lamino, ABS v d\u0159evodez\u00e9nu, variabiln\u00ed police, zrcadlo, NK z\u00e1v\u011bs s integrovan\u00fdm tlumen\u00edm.<br \/>\n\u00a0Pouze v tomto proveden\u00ed, merano.<\/p>\n","protected":false},"excerpt":{"rendered":"<p>Materi\u00e1l: vo\u0161tina, lamino, ABS v d\u0159evodez\u00e9nu, variabiln\u00ed police, zrcadlo, NK z\u00e1v\u011bs s integrovan\u00fdm tlumen\u00edm. \u00a0Pouze v tomto proveden\u00ed, merano.<\/p>\n","protected":false},"featured_media":4498,"comment_status":"closed","ping_status":"closed","template":"","meta":[],"product_cat":[22],"product_tag":[],"yoast_head":"<!-- This site is optimized with the Yoast SEO plugin v20.12 - https:\/\/yoast.com\/wordpress\/plugins\/seo\/ -->\n<title>P\u0159eds\u00ed\u0148ov\u00e1 st\u011bna - Madera<\/title>\n<meta name=\"robots\" content=\"index, follow, max-snippet:-1, max-image-preview:large, max-video-preview:-1\" \/>\n<link rel=\"canonical\" href=\"https:\/\/maderacat.cat\/?product=predsinova-stena-2\" \/>\n<meta property=\"og:locale\" content=\"en_US\" \/>\n<meta property=\"og:type\" content=\"article\" \/>\n<meta property=\"og:title\" content=\"P\u0159eds\u00ed\u0148ov\u00e1 st\u011bna - Madera\" \/>\n<meta property=\"og:description\" content=\"Materi\u00e1l: vo\u0161tina, lamino, ABS v d\u0159evodez\u00e9nu, variabiln\u00ed police, zrcadlo, NK z\u00e1v\u011bs s integrovan\u00fdm tlumen\u00edm. \u00a0Pouze v tomto proveden\u00ed, merano.\" \/>\n<meta property=\"og:url\" content=\"https:\/\/maderacat.cat\/?product=predsinova-stena-2\" \/>\n<meta property=\"og:site_name\" content=\"Madera\" \/>\n<meta property=\"og:image\" content=\"https:\/\/maderacat.cat\/wp-content\/uploads\/2016\/10\/1401-9430.jpg\" \/>\n\t<meta property=\"og:image:width\" content=\"600\" \/>\n\t<meta property=\"og:image:height\" content=\"900\" \/>\n\t<meta property=\"og:image:type\" content=\"image\/jpeg\" \/>\n<meta name=\"twitter:card\" content=\"summary_large_image\" \/>\n<script type=\"application\/ld+json\" class=\"yoast-schema-graph\">{\"@context\":\"https:\/\/schema.org\",\"@graph\":[{\"@type\":\"WebPage\",\"@id\":\"https:\/\/maderacat.cat\/?product=predsinova-stena-2\",\"url\":\"https:\/\/maderacat.cat\/?product=predsinova-stena-2\",\"name\":\"P\u0159eds\u00ed\u0148ov\u00e1 st\u011bna - Madera\",\"isPartOf\":{\"@id\":\"https:\/\/maderacat.cat\/#website\"},\"datePublished\":\"2016-10-09T08:10:48+00:00\",\"dateModified\":\"2016-10-09T08:10:48+00:00\",\"breadcrumb\":{\"@id\":\"https:\/\/maderacat.cat\/?product=predsinova-stena-2#breadcrumb\"},\"inLanguage\":\"en-US\",\"potentialAction\":[{\"@type\":\"ReadAction\",\"target\":[\"https:\/\/maderacat.cat\/?product=predsinova-stena-2\"]}]},{\"@type\":\"BreadcrumbList\",\"@id\":\"https:\/\/maderacat.cat\/?product=predsinova-stena-2#breadcrumb\",\"itemListElement\":[{\"@type\":\"ListItem\",\"position\":1,\"name\":\"Dom\u016f\",\"item\":\"https:\/\/maderacat.cat\/\"},{\"@type\":\"ListItem\",\"position\":2,\"name\":\"Obchod\",\"item\":\"https:\/\/maderacat.cat\/?page_id=270\"},{\"@type\":\"ListItem\",\"position\":3,\"name\":\"P\u0159eds\u00ed\u0148ov\u00e1 st\u011bna\"}]},{\"@type\":\"WebSite\",\"@id\":\"https:\/\/maderacat.cat\/#website\",\"url\":\"https:\/\/maderacat.cat\/\",\"name\":\"Madera\",\"description\":\"Bienvenido a la p\u00e1gina web\",\"potentialAction\":[{\"@type\":\"SearchAction\",\"target\":{\"@type\":\"EntryPoint\",\"urlTemplate\":\"https:\/\/maderacat.cat\/?s={search_term_string}\"},\"query-input\":\"required name=search_term_string\"}],\"inLanguage\":\"en-US\"}]}<\/script>\n<!-- \/ Yoast SEO plugin. -->","yoast_head_json":{"title":"P\u0159eds\u00ed\u0148ov\u00e1 st\u011bna - Madera","robots":{"index":"index","follow":"follow","max-snippet":"max-snippet:-1","max-image-preview":"max-image-preview:large","max-video-preview":"max-video-preview:-1"},"canonical":"https:\/\/maderacat.cat\/?product=predsinova-stena-2","og_locale":"en_US","og_type":"article","og_title":"P\u0159eds\u00ed\u0148ov\u00e1 st\u011bna - Madera","og_description":"Materi\u00e1l: vo\u0161tina, lamino, ABS v d\u0159evodez\u00e9nu, variabiln\u00ed police, zrcadlo, NK z\u00e1v\u011bs s integrovan\u00fdm tlumen\u00edm. \u00a0Pouze v tomto proveden\u00ed, merano.","og_url":"https:\/\/maderacat.cat\/?product=predsinova-stena-2","og_site_name":"Madera","og_image":[{"width":600,"height":900,"url":"https:\/\/maderacat.cat\/wp-content\/uploads\/2016\/10\/1401-9430.jpg","type":"image\/jpeg"}],"twitter_card":"summary_large_image","schema":{"@context":"https:\/\/schema.org","@graph":[{"@type":"WebPage","@id":"https:\/\/maderacat.cat\/?product=predsinova-stena-2","url":"https:\/\/maderacat.cat\/?product=predsinova-stena-2","name":"P\u0159eds\u00ed\u0148ov\u00e1 st\u011bna - Madera","isPartOf":{"@id":"https:\/\/maderacat.cat\/#website"},"datePublished":"2016-10-09T08:10:48+00:00","dateModified":"2016-10-09T08:10:48+00:00","breadcrumb":{"@id":"https:\/\/maderacat.cat\/?product=predsinova-stena-2#breadcrumb"},"inLanguage":"en-US","potentialAction":[{"@type":"ReadAction","target":["https:\/\/maderacat.cat\/?product=predsinova-stena-2"]}]},{"@type":"BreadcrumbList","@id":"https:\/\/maderacat.cat\/?product=predsinova-stena-2#breadcrumb","itemListElement":[{"@type":"ListItem","position":1,"name":"Dom\u016f","item":"https:\/\/maderacat.cat\/"},{"@type":"ListItem","position":2,"name":"Obchod","item":"https:\/\/maderacat.cat\/?page_id=270"},{"@type":"ListItem","position":3,"name":"P\u0159eds\u00ed\u0148ov\u00e1 st\u011bna"}]},{"@type":"WebSite","@id":"https:\/\/maderacat.cat\/#website","url":"https:\/\/maderacat.cat\/","name":"Madera","description":"Bienvenido a la p\u00e1gina web","potentialAction":[{"@type":"SearchAction","target":{"@type":"EntryPoint","urlTemplate":"https:\/\/maderacat.cat\/?s={search_term_string}"},"query-input":"required name=search_term_string"}],"inLanguage":"en-US"}]}},"_links":{"self":[{"href":"https:\/\/maderacat.cat\/index.php?rest_route=\/wp\/v2\/product\/4497"}],"collection":[{"href":"https:\/\/maderacat.cat\/index.php?rest_route=\/wp\/v2\/product"}],"about":[{"href":"https:\/\/maderacat.cat\/index.php?rest_route=\/wp\/v2\/types\/product"}],"replies":[{"embeddable":true,"href":"https:\/\/maderacat.cat\/index.php?rest_route=%2Fwp%2Fv2%2Fcomments&post=4497"}],"wp:featuredmedia":[{"embeddable":true,"href":"https:\/\/maderacat.cat\/index.php?rest_route=\/wp\/v2\/media\/4498"}],"wp:attachment":[{"href":"https:\/\/maderacat.cat\/index.php?rest_route=%2Fwp%2Fv2%2Fmedia&parent=4497"}],"wp:term":[{"taxonomy":"product_cat","embeddable":true,"href":"https:\/\/maderacat.cat\/index.php?rest_route=%2Fwp%2Fv2%2Fproduct_cat&post=4497"},{"taxonomy":"product_tag","embeddable":true,"href":"https:\/\/maderacat.cat\/index.php?rest_route=%2Fwp%2Fv2%2Fproduct_tag&post=4497"}],"curies":[{"name":"wp","href":"https:\/\/api.w.org\/{rel}","templated":true}]}}