{"id":4427,"date":"2016-10-09T08:10:29","date_gmt":"2016-10-09T08:10:29","guid":{"rendered":"http:\/\/maderacat.cat\/produkt\/pohovka-parma-4\/"},"modified":"2016-10-09T08:10:29","modified_gmt":"2016-10-09T08:10:29","slug":"pohovka-parma-4","status":"publish","type":"product","link":"https:\/\/maderacat.cat\/?product=pohovka-parma-4","title":{"rendered":"Pohovka PARMA"},"content":{"rendered":"<p>Pohovka PARMA dvojm\u00edstn\u00e1.<br \/>\nVlnit\u00e1 pru\u017eina, pur p\u011bna.<br \/>\nRozm\u011br: d\u00e9lka 150cm, hloubka 80cm, v\u00fd\u0161ka 87cm<br \/>\n\u00a0<br \/>\n\u00a0<\/p>\n","protected":false},"excerpt":{"rendered":"<p>Pohovka PARMA dvojm\u00edstn\u00e1. Vlnit\u00e1 pru\u017eina, pur p\u011bna. Rozm\u011br: d\u00e9lka 150cm, hloubka 80cm, v\u00fd\u0161ka 87cm \u00a0 \u00a0<\/p>\n","protected":false},"featured_media":4428,"comment_status":"closed","ping_status":"closed","template":"","meta":[],"product_cat":[23],"product_tag":[],"yoast_head":"<!-- This site is optimized with the Yoast SEO plugin v20.12 - https:\/\/yoast.com\/wordpress\/plugins\/seo\/ -->\n<title>Pohovka PARMA - Madera<\/title>\n<meta name=\"robots\" content=\"index, follow, max-snippet:-1, max-image-preview:large, max-video-preview:-1\" \/>\n<link rel=\"canonical\" href=\"https:\/\/maderacat.cat\/?product=pohovka-parma-4\" \/>\n<meta property=\"og:locale\" content=\"en_US\" \/>\n<meta property=\"og:type\" content=\"article\" \/>\n<meta property=\"og:title\" content=\"Pohovka PARMA - Madera\" \/>\n<meta property=\"og:description\" content=\"Pohovka PARMA dvojm\u00edstn\u00e1. Vlnit\u00e1 pru\u017eina, pur p\u011bna. Rozm\u011br: d\u00e9lka 150cm, hloubka 80cm, v\u00fd\u0161ka 87cm \u00a0 \u00a0\" \/>\n<meta property=\"og:url\" content=\"https:\/\/maderacat.cat\/?product=pohovka-parma-4\" \/>\n<meta property=\"og:site_name\" content=\"Madera\" \/>\n<meta property=\"og:image\" content=\"https:\/\/maderacat.cat\/wp-content\/uploads\/2016\/10\/1517-18391.jpg\" \/>\n\t<meta property=\"og:image:width\" content=\"900\" \/>\n\t<meta property=\"og:image:height\" content=\"600\" \/>\n\t<meta property=\"og:image:type\" content=\"image\/jpeg\" \/>\n<meta name=\"twitter:card\" content=\"summary_large_image\" \/>\n<script type=\"application\/ld+json\" class=\"yoast-schema-graph\">{\"@context\":\"https:\/\/schema.org\",\"@graph\":[{\"@type\":\"WebPage\",\"@id\":\"https:\/\/maderacat.cat\/?product=pohovka-parma-4\",\"url\":\"https:\/\/maderacat.cat\/?product=pohovka-parma-4\",\"name\":\"Pohovka PARMA - Madera\",\"isPartOf\":{\"@id\":\"https:\/\/maderacat.cat\/#website\"},\"datePublished\":\"2016-10-09T08:10:29+00:00\",\"dateModified\":\"2016-10-09T08:10:29+00:00\",\"breadcrumb\":{\"@id\":\"https:\/\/maderacat.cat\/?product=pohovka-parma-4#breadcrumb\"},\"inLanguage\":\"en-US\",\"potentialAction\":[{\"@type\":\"ReadAction\",\"target\":[\"https:\/\/maderacat.cat\/?product=pohovka-parma-4\"]}]},{\"@type\":\"BreadcrumbList\",\"@id\":\"https:\/\/maderacat.cat\/?product=pohovka-parma-4#breadcrumb\",\"itemListElement\":[{\"@type\":\"ListItem\",\"position\":1,\"name\":\"Dom\u016f\",\"item\":\"https:\/\/maderacat.cat\/\"},{\"@type\":\"ListItem\",\"position\":2,\"name\":\"Obchod\",\"item\":\"https:\/\/maderacat.cat\/?page_id=270\"},{\"@type\":\"ListItem\",\"position\":3,\"name\":\"Pohovka PARMA\"}]},{\"@type\":\"WebSite\",\"@id\":\"https:\/\/maderacat.cat\/#website\",\"url\":\"https:\/\/maderacat.cat\/\",\"name\":\"Madera\",\"description\":\"Bienvenido a la p\u00e1gina web\",\"potentialAction\":[{\"@type\":\"SearchAction\",\"target\":{\"@type\":\"EntryPoint\",\"urlTemplate\":\"https:\/\/maderacat.cat\/?s={search_term_string}\"},\"query-input\":\"required name=search_term_string\"}],\"inLanguage\":\"en-US\"}]}<\/script>\n<!-- \/ Yoast SEO plugin. -->","yoast_head_json":{"title":"Pohovka PARMA - Madera","robots":{"index":"index","follow":"follow","max-snippet":"max-snippet:-1","max-image-preview":"max-image-preview:large","max-video-preview":"max-video-preview:-1"},"canonical":"https:\/\/maderacat.cat\/?product=pohovka-parma-4","og_locale":"en_US","og_type":"article","og_title":"Pohovka PARMA - Madera","og_description":"Pohovka PARMA dvojm\u00edstn\u00e1. Vlnit\u00e1 pru\u017eina, pur p\u011bna. Rozm\u011br: d\u00e9lka 150cm, hloubka 80cm, v\u00fd\u0161ka 87cm \u00a0 \u00a0","og_url":"https:\/\/maderacat.cat\/?product=pohovka-parma-4","og_site_name":"Madera","og_image":[{"width":900,"height":600,"url":"https:\/\/maderacat.cat\/wp-content\/uploads\/2016\/10\/1517-18391.jpg","type":"image\/jpeg"}],"twitter_card":"summary_large_image","schema":{"@context":"https:\/\/schema.org","@graph":[{"@type":"WebPage","@id":"https:\/\/maderacat.cat\/?product=pohovka-parma-4","url":"https:\/\/maderacat.cat\/?product=pohovka-parma-4","name":"Pohovka PARMA - Madera","isPartOf":{"@id":"https:\/\/maderacat.cat\/#website"},"datePublished":"2016-10-09T08:10:29+00:00","dateModified":"2016-10-09T08:10:29+00:00","breadcrumb":{"@id":"https:\/\/maderacat.cat\/?product=pohovka-parma-4#breadcrumb"},"inLanguage":"en-US","potentialAction":[{"@type":"ReadAction","target":["https:\/\/maderacat.cat\/?product=pohovka-parma-4"]}]},{"@type":"BreadcrumbList","@id":"https:\/\/maderacat.cat\/?product=pohovka-parma-4#breadcrumb","itemListElement":[{"@type":"ListItem","position":1,"name":"Dom\u016f","item":"https:\/\/maderacat.cat\/"},{"@type":"ListItem","position":2,"name":"Obchod","item":"https:\/\/maderacat.cat\/?page_id=270"},{"@type":"ListItem","position":3,"name":"Pohovka PARMA"}]},{"@type":"WebSite","@id":"https:\/\/maderacat.cat\/#website","url":"https:\/\/maderacat.cat\/","name":"Madera","description":"Bienvenido a la p\u00e1gina web","potentialAction":[{"@type":"SearchAction","target":{"@type":"EntryPoint","urlTemplate":"https:\/\/maderacat.cat\/?s={search_term_string}"},"query-input":"required name=search_term_string"}],"inLanguage":"en-US"}]}},"_links":{"self":[{"href":"https:\/\/maderacat.cat\/index.php?rest_route=\/wp\/v2\/product\/4427"}],"collection":[{"href":"https:\/\/maderacat.cat\/index.php?rest_route=\/wp\/v2\/product"}],"about":[{"href":"https:\/\/maderacat.cat\/index.php?rest_route=\/wp\/v2\/types\/product"}],"replies":[{"embeddable":true,"href":"https:\/\/maderacat.cat\/index.php?rest_route=%2Fwp%2Fv2%2Fcomments&post=4427"}],"wp:featuredmedia":[{"embeddable":true,"href":"https:\/\/maderacat.cat\/index.php?rest_route=\/wp\/v2\/media\/4428"}],"wp:attachment":[{"href":"https:\/\/maderacat.cat\/index.php?rest_route=%2Fwp%2Fv2%2Fmedia&parent=4427"}],"wp:term":[{"taxonomy":"product_cat","embeddable":true,"href":"https:\/\/maderacat.cat\/index.php?rest_route=%2Fwp%2Fv2%2Fproduct_cat&post=4427"},{"taxonomy":"product_tag","embeddable":true,"href":"https:\/\/maderacat.cat\/index.php?rest_route=%2Fwp%2Fv2%2Fproduct_tag&post=4427"}],"curies":[{"name":"wp","href":"https:\/\/api.w.org\/{rel}","templated":true}]}}