{"id":4213,"date":"2016-10-09T08:08:40","date_gmt":"2016-10-09T08:08:40","guid":{"rendered":"http:\/\/maderacat.cat\/produkt\/tv-stolek-lcd-sklo-kourove-2ks-bal-2\/"},"modified":"2016-10-09T08:08:40","modified_gmt":"2016-10-09T08:08:40","slug":"tv-stolek-lcd-sklo-kourove-2ks-bal-2","status":"publish","type":"product","link":"https:\/\/maderacat.cat\/?product=tv-stolek-lcd-sklo-kourove-2ks-bal-2","title":{"rendered":"TV stolek LCD, sklo kou\u0159ov\u00e9 \/2ks bal.\/"},"content":{"rendered":"<p>Televizn\u00ed stolek T82<br \/>\nMateri\u00e1l: kou\u0159ov\u00e9 sklo, kov<br \/>\nRozm\u011br: 130x53x59.5cm Nosnost 40kg<\/p>\n","protected":false},"excerpt":{"rendered":"<p>Televizn\u00ed stolek T82 Materi\u00e1l: kou\u0159ov\u00e9 sklo, kov Rozm\u011br: 130x53x59.5cm Nosnost 40kg<\/p>\n","protected":false},"featured_media":4214,"comment_status":"closed","ping_status":"closed","template":"","meta":[],"product_cat":[19],"product_tag":[],"yoast_head":"<!-- This site is optimized with the Yoast SEO plugin v20.12 - https:\/\/yoast.com\/wordpress\/plugins\/seo\/ -->\n<title>TV stolek LCD, sklo kou\u0159ov\u00e9 \/2ks bal.\/ - Madera<\/title>\n<meta name=\"robots\" content=\"index, follow, max-snippet:-1, max-image-preview:large, max-video-preview:-1\" \/>\n<link rel=\"canonical\" href=\"https:\/\/maderacat.cat\/?product=tv-stolek-lcd-sklo-kourove-2ks-bal-2\" \/>\n<meta property=\"og:locale\" content=\"en_US\" \/>\n<meta property=\"og:type\" content=\"article\" \/>\n<meta property=\"og:title\" content=\"TV stolek LCD, sklo kou\u0159ov\u00e9 \/2ks bal.\/ - Madera\" \/>\n<meta property=\"og:description\" content=\"Televizn\u00ed stolek T82 Materi\u00e1l: kou\u0159ov\u00e9 sklo, kov Rozm\u011br: 130x53x59.5cm Nosnost 40kg\" \/>\n<meta property=\"og:url\" content=\"https:\/\/maderacat.cat\/?product=tv-stolek-lcd-sklo-kourove-2ks-bal-2\" \/>\n<meta property=\"og:site_name\" content=\"Madera\" \/>\n<meta property=\"og:image\" content=\"https:\/\/maderacat.cat\/wp-content\/uploads\/2016\/10\/1880-13198.jpg\" \/>\n\t<meta property=\"og:image:width\" content=\"900\" \/>\n\t<meta property=\"og:image:height\" content=\"600\" \/>\n\t<meta property=\"og:image:type\" content=\"image\/jpeg\" \/>\n<meta name=\"twitter:card\" content=\"summary_large_image\" \/>\n<script type=\"application\/ld+json\" class=\"yoast-schema-graph\">{\"@context\":\"https:\/\/schema.org\",\"@graph\":[{\"@type\":\"WebPage\",\"@id\":\"https:\/\/maderacat.cat\/?product=tv-stolek-lcd-sklo-kourove-2ks-bal-2\",\"url\":\"https:\/\/maderacat.cat\/?product=tv-stolek-lcd-sklo-kourove-2ks-bal-2\",\"name\":\"TV stolek LCD, sklo kou\u0159ov\u00e9 \/2ks bal.\/ - Madera\",\"isPartOf\":{\"@id\":\"https:\/\/maderacat.cat\/#website\"},\"datePublished\":\"2016-10-09T08:08:40+00:00\",\"dateModified\":\"2016-10-09T08:08:40+00:00\",\"breadcrumb\":{\"@id\":\"https:\/\/maderacat.cat\/?product=tv-stolek-lcd-sklo-kourove-2ks-bal-2#breadcrumb\"},\"inLanguage\":\"en-US\",\"potentialAction\":[{\"@type\":\"ReadAction\",\"target\":[\"https:\/\/maderacat.cat\/?product=tv-stolek-lcd-sklo-kourove-2ks-bal-2\"]}]},{\"@type\":\"BreadcrumbList\",\"@id\":\"https:\/\/maderacat.cat\/?product=tv-stolek-lcd-sklo-kourove-2ks-bal-2#breadcrumb\",\"itemListElement\":[{\"@type\":\"ListItem\",\"position\":1,\"name\":\"Dom\u016f\",\"item\":\"https:\/\/maderacat.cat\/\"},{\"@type\":\"ListItem\",\"position\":2,\"name\":\"Obchod\",\"item\":\"https:\/\/maderacat.cat\/?page_id=270\"},{\"@type\":\"ListItem\",\"position\":3,\"name\":\"TV stolek LCD, sklo kou\u0159ov\u00e9 \/2ks bal.\/\"}]},{\"@type\":\"WebSite\",\"@id\":\"https:\/\/maderacat.cat\/#website\",\"url\":\"https:\/\/maderacat.cat\/\",\"name\":\"Madera\",\"description\":\"Bienvenido a la p\u00e1gina web\",\"potentialAction\":[{\"@type\":\"SearchAction\",\"target\":{\"@type\":\"EntryPoint\",\"urlTemplate\":\"https:\/\/maderacat.cat\/?s={search_term_string}\"},\"query-input\":\"required name=search_term_string\"}],\"inLanguage\":\"en-US\"}]}<\/script>\n<!-- \/ Yoast SEO plugin. -->","yoast_head_json":{"title":"TV stolek LCD, sklo kou\u0159ov\u00e9 \/2ks bal.\/ - Madera","robots":{"index":"index","follow":"follow","max-snippet":"max-snippet:-1","max-image-preview":"max-image-preview:large","max-video-preview":"max-video-preview:-1"},"canonical":"https:\/\/maderacat.cat\/?product=tv-stolek-lcd-sklo-kourove-2ks-bal-2","og_locale":"en_US","og_type":"article","og_title":"TV stolek LCD, sklo kou\u0159ov\u00e9 \/2ks bal.\/ - Madera","og_description":"Televizn\u00ed stolek T82 Materi\u00e1l: kou\u0159ov\u00e9 sklo, kov Rozm\u011br: 130x53x59.5cm Nosnost 40kg","og_url":"https:\/\/maderacat.cat\/?product=tv-stolek-lcd-sklo-kourove-2ks-bal-2","og_site_name":"Madera","og_image":[{"width":900,"height":600,"url":"https:\/\/maderacat.cat\/wp-content\/uploads\/2016\/10\/1880-13198.jpg","type":"image\/jpeg"}],"twitter_card":"summary_large_image","schema":{"@context":"https:\/\/schema.org","@graph":[{"@type":"WebPage","@id":"https:\/\/maderacat.cat\/?product=tv-stolek-lcd-sklo-kourove-2ks-bal-2","url":"https:\/\/maderacat.cat\/?product=tv-stolek-lcd-sklo-kourove-2ks-bal-2","name":"TV stolek LCD, sklo kou\u0159ov\u00e9 \/2ks bal.\/ - Madera","isPartOf":{"@id":"https:\/\/maderacat.cat\/#website"},"datePublished":"2016-10-09T08:08:40+00:00","dateModified":"2016-10-09T08:08:40+00:00","breadcrumb":{"@id":"https:\/\/maderacat.cat\/?product=tv-stolek-lcd-sklo-kourove-2ks-bal-2#breadcrumb"},"inLanguage":"en-US","potentialAction":[{"@type":"ReadAction","target":["https:\/\/maderacat.cat\/?product=tv-stolek-lcd-sklo-kourove-2ks-bal-2"]}]},{"@type":"BreadcrumbList","@id":"https:\/\/maderacat.cat\/?product=tv-stolek-lcd-sklo-kourove-2ks-bal-2#breadcrumb","itemListElement":[{"@type":"ListItem","position":1,"name":"Dom\u016f","item":"https:\/\/maderacat.cat\/"},{"@type":"ListItem","position":2,"name":"Obchod","item":"https:\/\/maderacat.cat\/?page_id=270"},{"@type":"ListItem","position":3,"name":"TV stolek LCD, sklo kou\u0159ov\u00e9 \/2ks bal.\/"}]},{"@type":"WebSite","@id":"https:\/\/maderacat.cat\/#website","url":"https:\/\/maderacat.cat\/","name":"Madera","description":"Bienvenido a la p\u00e1gina web","potentialAction":[{"@type":"SearchAction","target":{"@type":"EntryPoint","urlTemplate":"https:\/\/maderacat.cat\/?s={search_term_string}"},"query-input":"required name=search_term_string"}],"inLanguage":"en-US"}]}},"_links":{"self":[{"href":"https:\/\/maderacat.cat\/index.php?rest_route=\/wp\/v2\/product\/4213"}],"collection":[{"href":"https:\/\/maderacat.cat\/index.php?rest_route=\/wp\/v2\/product"}],"about":[{"href":"https:\/\/maderacat.cat\/index.php?rest_route=\/wp\/v2\/types\/product"}],"replies":[{"embeddable":true,"href":"https:\/\/maderacat.cat\/index.php?rest_route=%2Fwp%2Fv2%2Fcomments&post=4213"}],"wp:featuredmedia":[{"embeddable":true,"href":"https:\/\/maderacat.cat\/index.php?rest_route=\/wp\/v2\/media\/4214"}],"wp:attachment":[{"href":"https:\/\/maderacat.cat\/index.php?rest_route=%2Fwp%2Fv2%2Fmedia&parent=4213"}],"wp:term":[{"taxonomy":"product_cat","embeddable":true,"href":"https:\/\/maderacat.cat\/index.php?rest_route=%2Fwp%2Fv2%2Fproduct_cat&post=4213"},{"taxonomy":"product_tag","embeddable":true,"href":"https:\/\/maderacat.cat\/index.php?rest_route=%2Fwp%2Fv2%2Fproduct_tag&post=4213"}],"curies":[{"name":"wp","href":"https:\/\/api.w.org\/{rel}","templated":true}]}}