{"id":3991,"date":"2016-10-09T08:07:06","date_gmt":"2016-10-09T08:07:06","guid":{"rendered":"http:\/\/maderacat.cat\/produkt\/matrace-vysoka\/"},"modified":"2016-10-09T08:07:06","modified_gmt":"2016-10-09T08:07:06","slug":"matrace-vysoka","status":"publish","type":"product","link":"https:\/\/maderacat.cat\/?product=matrace-vysoka","title":{"rendered":"Matrace VYSOK\u00c1"},"content":{"rendered":"<p>VZHLEDEM K P\u0158\u00cdTOMNOSTI L\u00cdN\u00c9 P\u011aNY NEN\u00cd MATRACE VHODN\u00c1 PRO D\u011aTI, JELIKO\u017d JE P\u0158\u00cdLI\u0160 M\u011aKK\u00c1 A \u00a0HROZ\u00cd NEBEZPE\u010c\u00cd UDU\u0160EN\u00cd (V P\u0158\u00cdPAD\u011a, \u017dE BY D\u00cdT\u011a LE\u017dELO NA B\u0158I\u0160E)!!!??<br \/>\nVRCHN\u00cd VRSTVA:potah z aloe vera pro\u0161it\u00fd s 2cm pam\u011b\u0165ov\u00e9 vrstvy (HR p\u011bna, hustota 50D)ALOE VERA<br \/>\n\u00a0<br \/>\nSpeci\u00e1ln\u00ed p\u0159\u00edrodn\u00ed enzymatick\u00fd deodorant z\u00edskan\u00fd z Aloe Vera barbaensis dok\u00e1\u017ee\u00a0 zajistit sv\u011b\u017eest ka\u017ed\u00e9 matrace s t\u00edmto potahem. P\u0159\u00edjemn\u00e9 aroma zabra\u0148uje<br \/>\n\u00a0<br \/>\nnahromad\u011bn\u00ed t\u011blesn\u00e9ho pachu do matrace, p\u016fsob\u00ed antibakteri\u00e1ln\u011b a t\u00edm celkov\u011b\u00a0 pozitivn\u011b na dobr\u00fd zdravotn\u00ed stav.\u00a0<br \/>\n\u00a0<br \/>\nJ\u00c1DRO:6cm pam\u011b\u0165ov\u00e1 p\u011bna (HR p\u011bna, hustota? 50D)? 5cm pam\u011b\u0165ov\u00e1 p\u011bna (90D)??\u00a0<br \/>\n\u00a0<br \/>\nD\u011aL\u00cdC\u00cd VRSTVA:filc odd\u011bluj\u00edc\u00ed pru\u017einu od p\u011bny zvy\u0161uje pevnost a odolnost matrace?<br \/>\n\u00a0<br \/>\nJ\u00c1DRO:ta\u0161ti\u010dkov\u00e9 pru\u017einy &#8211; syst\u00e9m pru\u017ein (6 z\u00e1vit\u016f) samostatn\u011b za\u0161it\u00fdch v textiln\u00edch\u00a0 s\u00e1\u010dc\u00edch(700ks u rozm\u011bru 200 \u00d7 180 cm)- individu\u00e1ln\u00ed reakce ka\u017ed\u00e9 ta\u0161ti\u010dky: dynamick\u00e9 p\u0159izp\u016fsoben\u00ed tvaru i z\u00e1t\u011b\u017ei jednotliv\u00fdch t\u011blesn\u00fdch parti\u00ed (tzv. bodov\u00e1 elasticita), optim\u00e1ln\u00ed rozlo\u017een\u00ed hmotnosti lidsk\u00e9ho t\u011bla<br \/>\n\u00a0<br \/>\nD\u011aL\u00cdC\u00cd VRSTVA:filc odd\u011bluj\u00edc\u00ed pru\u017einu od p\u011bny zvy\u0161uje pevnost a odolnost matrace??\u00a0<br \/>\n\u00a0<br \/>\nJ\u00c1DRO:9cm PUR p\u011bna?<br \/>\n\u00a0<br \/>\nPAM\u011a\u0164OV\u00c1 P\u011aNA:Viskoelastick\u00e1 pam\u011b\u0165ov\u00e1 p\u011bna se skl\u00e1d\u00e1 z mili\u00f3n\u016f otev\u0159en\u00fdch kuli\u010dkov\u00fdch bun\u011bk.Ty jsou navr\u017eeny tak, aby reagovaly na teplotu t\u011bla a tlakov\u00e9 body. P\u0159i tlaku bu\u0148ky zm\u011bn\u00ed formu, uprav\u00ed se podle obrys\u016f Va\u0161eho t\u011bla a dod\u00e1vaj\u00ed podporu tam, kde je to nejv\u00edc pot\u0159eba.<br \/>\n?<\/p>\n","protected":false},"excerpt":{"rendered":"<p>VZHLEDEM K P\u0158\u00cdTOMNOSTI L\u00cdN\u00c9 P\u011aNY NEN\u00cd MATRACE VHODN\u00c1 PRO D\u011aTI, JELIKO\u017d JE P\u0158\u00cdLI\u0160 M\u011aKK\u00c1 A \u00a0HROZ\u00cd NEBEZPE\u010c\u00cd UDU\u0160EN\u00cd (V P\u0158\u00cdPAD\u011a, \u017dE BY D\u00cdT\u011a LE\u017dELO NA B\u0158I\u0160E)!!!?? VRCHN\u00cd VRSTVA:potah z aloe vera pro\u0161it\u00fd s 2cm pam\u011b\u0165ov\u00e9 vrstvy (HR p\u011bna, hustota 50D)ALOE VERA \u00a0 Speci\u00e1ln\u00ed p\u0159\u00edrodn\u00ed enzymatick\u00fd deodorant z\u00edskan\u00fd z Aloe Vera barbaensis dok\u00e1\u017ee\u00a0 zajistit sv\u011b\u017eest ka\u017ed\u00e9<\/p>\n","protected":false},"featured_media":3992,"comment_status":"closed","ping_status":"closed","template":"","meta":[],"product_cat":[12],"product_tag":[],"yoast_head":"<!-- This site is optimized with the Yoast SEO plugin v20.12 - https:\/\/yoast.com\/wordpress\/plugins\/seo\/ -->\n<title>Matrace VYSOK\u00c1 - Madera<\/title>\n<meta name=\"robots\" content=\"index, follow, max-snippet:-1, max-image-preview:large, max-video-preview:-1\" \/>\n<link rel=\"canonical\" href=\"https:\/\/maderacat.cat\/?product=matrace-vysoka\" \/>\n<meta property=\"og:locale\" content=\"en_US\" \/>\n<meta property=\"og:type\" content=\"article\" \/>\n<meta property=\"og:title\" content=\"Matrace VYSOK\u00c1 - Madera\" \/>\n<meta property=\"og:description\" content=\"VZHLEDEM K P\u0158\u00cdTOMNOSTI L\u00cdN\u00c9 P\u011aNY NEN\u00cd MATRACE VHODN\u00c1 PRO D\u011aTI, JELIKO\u017d JE P\u0158\u00cdLI\u0160 M\u011aKK\u00c1 A \u00a0HROZ\u00cd NEBEZPE\u010c\u00cd UDU\u0160EN\u00cd (V P\u0158\u00cdPAD\u011a, \u017dE BY D\u00cdT\u011a LE\u017dELO NA B\u0158I\u0160E)!!!?? VRCHN\u00cd VRSTVA:potah z aloe vera pro\u0161it\u00fd s 2cm pam\u011b\u0165ov\u00e9 vrstvy (HR p\u011bna, hustota 50D)ALOE VERA \u00a0 Speci\u00e1ln\u00ed p\u0159\u00edrodn\u00ed enzymatick\u00fd deodorant z\u00edskan\u00fd z Aloe Vera barbaensis dok\u00e1\u017ee\u00a0 zajistit sv\u011b\u017eest ka\u017ed\u00e9\" \/>\n<meta property=\"og:url\" content=\"https:\/\/maderacat.cat\/?product=matrace-vysoka\" \/>\n<meta property=\"og:site_name\" content=\"Madera\" \/>\n<meta property=\"og:image\" content=\"https:\/\/maderacat.cat\/wp-content\/uploads\/2016\/10\/2270-14896.jpg\" \/>\n\t<meta property=\"og:image:width\" content=\"900\" \/>\n\t<meta property=\"og:image:height\" content=\"600\" \/>\n\t<meta property=\"og:image:type\" content=\"image\/jpeg\" \/>\n<meta name=\"twitter:card\" content=\"summary_large_image\" \/>\n<meta name=\"twitter:label1\" content=\"Est. reading time\" \/>\n\t<meta name=\"twitter:data1\" content=\"2 minutes\" \/>\n<script type=\"application\/ld+json\" class=\"yoast-schema-graph\">{\"@context\":\"https:\/\/schema.org\",\"@graph\":[{\"@type\":\"WebPage\",\"@id\":\"https:\/\/maderacat.cat\/?product=matrace-vysoka\",\"url\":\"https:\/\/maderacat.cat\/?product=matrace-vysoka\",\"name\":\"Matrace VYSOK\u00c1 - Madera\",\"isPartOf\":{\"@id\":\"https:\/\/maderacat.cat\/#website\"},\"datePublished\":\"2016-10-09T08:07:06+00:00\",\"dateModified\":\"2016-10-09T08:07:06+00:00\",\"breadcrumb\":{\"@id\":\"https:\/\/maderacat.cat\/?product=matrace-vysoka#breadcrumb\"},\"inLanguage\":\"en-US\",\"potentialAction\":[{\"@type\":\"ReadAction\",\"target\":[\"https:\/\/maderacat.cat\/?product=matrace-vysoka\"]}]},{\"@type\":\"BreadcrumbList\",\"@id\":\"https:\/\/maderacat.cat\/?product=matrace-vysoka#breadcrumb\",\"itemListElement\":[{\"@type\":\"ListItem\",\"position\":1,\"name\":\"Dom\u016f\",\"item\":\"https:\/\/maderacat.cat\/\"},{\"@type\":\"ListItem\",\"position\":2,\"name\":\"Obchod\",\"item\":\"https:\/\/maderacat.cat\/?page_id=270\"},{\"@type\":\"ListItem\",\"position\":3,\"name\":\"Matrace VYSOK\u00c1\"}]},{\"@type\":\"WebSite\",\"@id\":\"https:\/\/maderacat.cat\/#website\",\"url\":\"https:\/\/maderacat.cat\/\",\"name\":\"Madera\",\"description\":\"Bienvenido a la p\u00e1gina web\",\"potentialAction\":[{\"@type\":\"SearchAction\",\"target\":{\"@type\":\"EntryPoint\",\"urlTemplate\":\"https:\/\/maderacat.cat\/?s={search_term_string}\"},\"query-input\":\"required name=search_term_string\"}],\"inLanguage\":\"en-US\"}]}<\/script>\n<!-- \/ Yoast SEO plugin. -->","yoast_head_json":{"title":"Matrace VYSOK\u00c1 - Madera","robots":{"index":"index","follow":"follow","max-snippet":"max-snippet:-1","max-image-preview":"max-image-preview:large","max-video-preview":"max-video-preview:-1"},"canonical":"https:\/\/maderacat.cat\/?product=matrace-vysoka","og_locale":"en_US","og_type":"article","og_title":"Matrace VYSOK\u00c1 - Madera","og_description":"VZHLEDEM K P\u0158\u00cdTOMNOSTI L\u00cdN\u00c9 P\u011aNY NEN\u00cd MATRACE VHODN\u00c1 PRO D\u011aTI, JELIKO\u017d JE P\u0158\u00cdLI\u0160 M\u011aKK\u00c1 A \u00a0HROZ\u00cd NEBEZPE\u010c\u00cd UDU\u0160EN\u00cd (V P\u0158\u00cdPAD\u011a, \u017dE BY D\u00cdT\u011a LE\u017dELO NA B\u0158I\u0160E)!!!?? VRCHN\u00cd VRSTVA:potah z aloe vera pro\u0161it\u00fd s 2cm pam\u011b\u0165ov\u00e9 vrstvy (HR p\u011bna, hustota 50D)ALOE VERA \u00a0 Speci\u00e1ln\u00ed p\u0159\u00edrodn\u00ed enzymatick\u00fd deodorant z\u00edskan\u00fd z Aloe Vera barbaensis dok\u00e1\u017ee\u00a0 zajistit sv\u011b\u017eest ka\u017ed\u00e9","og_url":"https:\/\/maderacat.cat\/?product=matrace-vysoka","og_site_name":"Madera","og_image":[{"width":900,"height":600,"url":"https:\/\/maderacat.cat\/wp-content\/uploads\/2016\/10\/2270-14896.jpg","type":"image\/jpeg"}],"twitter_card":"summary_large_image","twitter_misc":{"Est. reading time":"2 minutes"},"schema":{"@context":"https:\/\/schema.org","@graph":[{"@type":"WebPage","@id":"https:\/\/maderacat.cat\/?product=matrace-vysoka","url":"https:\/\/maderacat.cat\/?product=matrace-vysoka","name":"Matrace VYSOK\u00c1 - Madera","isPartOf":{"@id":"https:\/\/maderacat.cat\/#website"},"datePublished":"2016-10-09T08:07:06+00:00","dateModified":"2016-10-09T08:07:06+00:00","breadcrumb":{"@id":"https:\/\/maderacat.cat\/?product=matrace-vysoka#breadcrumb"},"inLanguage":"en-US","potentialAction":[{"@type":"ReadAction","target":["https:\/\/maderacat.cat\/?product=matrace-vysoka"]}]},{"@type":"BreadcrumbList","@id":"https:\/\/maderacat.cat\/?product=matrace-vysoka#breadcrumb","itemListElement":[{"@type":"ListItem","position":1,"name":"Dom\u016f","item":"https:\/\/maderacat.cat\/"},{"@type":"ListItem","position":2,"name":"Obchod","item":"https:\/\/maderacat.cat\/?page_id=270"},{"@type":"ListItem","position":3,"name":"Matrace VYSOK\u00c1"}]},{"@type":"WebSite","@id":"https:\/\/maderacat.cat\/#website","url":"https:\/\/maderacat.cat\/","name":"Madera","description":"Bienvenido a la p\u00e1gina web","potentialAction":[{"@type":"SearchAction","target":{"@type":"EntryPoint","urlTemplate":"https:\/\/maderacat.cat\/?s={search_term_string}"},"query-input":"required name=search_term_string"}],"inLanguage":"en-US"}]}},"_links":{"self":[{"href":"https:\/\/maderacat.cat\/index.php?rest_route=\/wp\/v2\/product\/3991"}],"collection":[{"href":"https:\/\/maderacat.cat\/index.php?rest_route=\/wp\/v2\/product"}],"about":[{"href":"https:\/\/maderacat.cat\/index.php?rest_route=\/wp\/v2\/types\/product"}],"replies":[{"embeddable":true,"href":"https:\/\/maderacat.cat\/index.php?rest_route=%2Fwp%2Fv2%2Fcomments&post=3991"}],"wp:featuredmedia":[{"embeddable":true,"href":"https:\/\/maderacat.cat\/index.php?rest_route=\/wp\/v2\/media\/3992"}],"wp:attachment":[{"href":"https:\/\/maderacat.cat\/index.php?rest_route=%2Fwp%2Fv2%2Fmedia&parent=3991"}],"wp:term":[{"taxonomy":"product_cat","embeddable":true,"href":"https:\/\/maderacat.cat\/index.php?rest_route=%2Fwp%2Fv2%2Fproduct_cat&post=3991"},{"taxonomy":"product_tag","embeddable":true,"href":"https:\/\/maderacat.cat\/index.php?rest_route=%2Fwp%2Fv2%2Fproduct_tag&post=3991"}],"curies":[{"name":"wp","href":"https:\/\/api.w.org\/{rel}","templated":true}]}}

Matrace VYSOKÁ

<p>VZHLEDEM K PŘÍTOMNOSTI LÍNÉ PĚNY NENÍ MATRACE VHODNÁ PRO DĚTI, JELIKOŽ JE PŘÍLIŠ MĚKKÁ A  HROZÍ NEBEZPEČÍ UDUŠENÍ (V PŘÍPADĚ, ŽE BY DÍTĚ LEŽELO NA BŘIŠE)!!!??<br />
VRCHNÍ VRSTVA:potah z aloe vera prošitý s 2cm paměťové vrstvy (HR pěna, hustota 50D)ALOE VERA<br />
 <br />
Speciální přírodní enzymatický deodorant získaný z Aloe Vera barbaensis dokáže  zajistit svěžest každé matrace s tímto potahem. Příjemné aroma zabraňuje<br />
 <br />
nahromadění tělesného pachu do matrace, působí antibakteriálně a tím celkově  pozitivně na dobrý zdravotní stav. <br />
 <br />
JÁDRO:6cm paměťová pěna (HR pěna, hustota? 50D)? 5cm paměťová pěna (90D)?? <br />
 <br />
DĚLÍCÍ VRSTVA:filc oddělující pružinu od pěny zvyšuje pevnost a odolnost matrace?<br />
 <br />
JÁDRO:taštičkové pružiny &#8211; systém pružin (6 závitů) samostatně zašitých v textilních  sáčcích(700ks u rozměru 200 × 180 cm)- individuální reakce každé taštičky: dynamické přizpůsobení tvaru i zátěži jednotlivých tělesných partií (tzv. bodová elasticita), optimální rozložení hmotnosti lidského těla<br />
 <br />
DĚLÍCÍ VRSTVA:filc oddělující pružinu od pěny zvyšuje pevnost a odolnost matrace?? <br />
 <br />
JÁDRO:9cm PUR pěna?<br />
 <br />
PAMĚŤOVÁ PĚNA:Viskoelastická paměťová pěna se skládá z miliónů otevřených kuličkových buněk.Ty jsou navrženy tak, aby reagovaly na teplotu těla a tlakové body. Při tlaku buňky změní formu, upraví se podle obrysů Vašeho těla a dodávají podporu tam, kde je to nejvíc potřeba.<br />
?</p>

<p>VZHLEDEM K PŘÍTOMNOSTI LÍNÉ PĚNY NENÍ MATRACE VHODNÁ PRO DĚTI, JELIKOŽ JE PŘÍLIŠ MĚKKÁ A  HROZÍ NEBEZPEČÍ UDUŠENÍ (V PŘÍPADĚ, ŽE BY DÍTĚ LEŽELO NA BŘIŠE)!!!?? VRCHNÍ VRSTVA:potah z aloe vera prošitý s 2cm paměťové vrstvy (HR pěna, hustota 50D)ALOE VERA   Speciální přírodní enzymatický deodorant získaný z Aloe Vera barbaensis dokáže  zajistit svěžest každé</p>

<!-- This site is optimized with the Yoast SEO plugin v20.12 - https://yoast.com/wordpress/plugins/seo/ -->
<title>Matrace VYSOKÁ - Madera</title>
<meta name="robots" content="index, follow, max-snippet:-1, max-image-preview:large, max-video-preview:-1" />
<link rel="canonical" href="https://maderacat.cat/?product=matrace-vysoka" />
<meta property="og:locale" content="en_US" />
<meta property="og:type" content="article" />
<meta property="og:title" content="Matrace VYSOKÁ - Madera" />
<meta property="og:description" content="VZHLEDEM K PŘÍTOMNOSTI LÍNÉ PĚNY NENÍ MATRACE VHODNÁ PRO DĚTI, JELIKOŽ JE PŘÍLIŠ MĚKKÁ A  HROZÍ NEBEZPEČÍ UDUŠENÍ (V PŘÍPADĚ, ŽE BY DÍTĚ LEŽELO NA BŘIŠE)!!!?? VRCHNÍ VRSTVA:potah z aloe vera prošitý s 2cm paměťové vrstvy (HR pěna, hustota 50D)ALOE VERA   Speciální přírodní enzymatický deodorant získaný z Aloe Vera barbaensis dokáže  zajistit svěžest každé" />
<meta property="og:url" content="https://maderacat.cat/?product=matrace-vysoka" />
<meta property="og:site_name" content="Madera" />
<meta property="og:image" content="https://maderacat.cat/wp-content/uploads/2016/10/2270-14896.jpg" />
	<meta property="og:image:width" content="900" />
	<meta property="og:image:height" content="600" />
	<meta property="og:image:type" content="image/jpeg" />
<meta name="twitter:card" content="summary_large_image" />
<meta name="twitter:label1" content="Est. reading time" />
	<meta name="twitter:data1" content="2 minutes" />
<script type="application/ld+json" class="yoast-schema-graph">{"@context":"https://schema.org","@graph":[{"@type":"WebPage","@id":"https://maderacat.cat/?product=matrace-vysoka","url":"https://maderacat.cat/?product=matrace-vysoka","name":"Matrace VYSOKÁ - Madera","isPartOf":{"@id":"https://maderacat.cat/#website"},"datePublished":"2016-10-09T08:07:06+00:00","dateModified":"2016-10-09T08:07:06+00:00","breadcrumb":{"@id":"https://maderacat.cat/?product=matrace-vysoka#breadcrumb"},"inLanguage":"en-US","potentialAction":[{"@type":"ReadAction","target":["https://maderacat.cat/?product=matrace-vysoka"]}]},{"@type":"BreadcrumbList","@id":"https://maderacat.cat/?product=matrace-vysoka#breadcrumb","itemListElement":[{"@type":"ListItem","position":1,"name":"Domů","item":"https://maderacat.cat/"},{"@type":"ListItem","position":2,"name":"Obchod","item":"https://maderacat.cat/?page_id=270"},{"@type":"ListItem","position":3,"name":"Matrace VYSOKÁ"}]},{"@type":"WebSite","@id":"https://maderacat.cat/#website","url":"https://maderacat.cat/","name":"Madera","description":"Bienvenido a la página web","potentialAction":[{"@type":"SearchAction","target":{"@type":"EntryPoint","urlTemplate":"https://maderacat.cat/?s={search_term_string}"},"query-input":"required name=search_term_string"}],"inLanguage":"en-US"}]}</script>
<!-- / Yoast SEO plugin. -->

Matrace VYSOKÁ - Madera

VZHLEDEM K PŘÍTOMNOSTI LÍNÉ PĚNY NENÍ MATRACE VHODNÁ PRO DĚTI, JELIKOŽ JE PŘÍLIŠ MĚKKÁ A  HROZÍ NEBEZPEČÍ UDUŠENÍ (V PŘÍPADĚ, ŽE BY DÍTĚ LEŽELO NA BŘIŠE)!!!?? VRCHNÍ VRSTVA:potah z aloe vera prošitý s 2cm paměťové vrstvy (HR pěna, hustota 50D)ALOE VERA   Speciální přírodní enzymatický deodorant získaný z Aloe Vera barbaensis dokáže  zajistit svěžest každé

Domů

Bienvenido a la página web
