{"id":3529,"date":"2016-10-09T08:03:17","date_gmt":"2016-10-09T08:03:17","guid":{"rendered":"http:\/\/maderacat.cat\/produkt\/panel-cube\/"},"modified":"2016-10-09T08:03:17","modified_gmt":"2016-10-09T08:03:17","slug":"panel-cube","status":"publish","type":"product","link":"https:\/\/maderacat.cat\/?product=panel-cube","title":{"rendered":"Panel CUBE"},"content":{"rendered":"<p>Panel CUBE D301<br \/>\n Materi\u00e1l: lamino, ABS hrana v d\u0159evodez\u00e9nu, MDF<br \/>\nRozm\u011br: v\u00fd\u0161ka 60cm, \u0161\u00ed\u0159ka 60cm, hloubka 1,8cm<br \/>\nPanel CUBE D301 je jednou z \u010d\u00e1st\u00ed sestavy CUBE, kter\u00e1 je d\u00edky sv\u00fdm rozm\u011br\u016fm velmi variabiln\u00ed a praktick\u00e1.<br \/>\nUmo\u017e\u0148uje snadn\u00e9 vytvo\u0159en\u00ed p\u0159eds\u00ed\u0148ov\u00e9 sestavy dle individu\u00e1ln\u00edch p\u0159\u00e1n\u00ed z\u00e1kazn\u00edk\u016f.<br \/>\nSestava je z\u00e1v\u011bsn\u00e1 (montuje se na ze\u010f) a je tvo\u0159ena prvky rozm\u011br\u016f 60x60cm.<\/p>\n","protected":false},"excerpt":{"rendered":"<p>Panel CUBE D301 Materi\u00e1l: lamino, ABS hrana v d\u0159evodez\u00e9nu, MDF Rozm\u011br: v\u00fd\u0161ka 60cm, \u0161\u00ed\u0159ka 60cm, hloubka 1,8cm Panel CUBE D301 je jednou z \u010d\u00e1st\u00ed sestavy CUBE, kter\u00e1 je d\u00edky sv\u00fdm rozm\u011br\u016fm velmi variabiln\u00ed a praktick\u00e1. Umo\u017e\u0148uje snadn\u00e9 vytvo\u0159en\u00ed p\u0159eds\u00ed\u0148ov\u00e9 sestavy dle individu\u00e1ln\u00edch p\u0159\u00e1n\u00ed z\u00e1kazn\u00edk\u016f. Sestava je z\u00e1v\u011bsn\u00e1 (montuje se na ze\u010f) a je tvo\u0159ena prvky<\/p>\n","protected":false},"featured_media":3530,"comment_status":"closed","ping_status":"closed","template":"","meta":[],"product_cat":[22],"product_tag":[],"yoast_head":"<!-- This site is optimized with the Yoast SEO plugin v20.12 - https:\/\/yoast.com\/wordpress\/plugins\/seo\/ -->\n<title>Panel CUBE - Madera<\/title>\n<meta name=\"robots\" content=\"index, follow, max-snippet:-1, max-image-preview:large, max-video-preview:-1\" \/>\n<link rel=\"canonical\" href=\"https:\/\/maderacat.cat\/?product=panel-cube\" \/>\n<meta property=\"og:locale\" content=\"en_US\" \/>\n<meta property=\"og:type\" content=\"article\" \/>\n<meta property=\"og:title\" content=\"Panel CUBE - Madera\" \/>\n<meta property=\"og:description\" content=\"Panel CUBE D301 Materi\u00e1l: lamino, ABS hrana v d\u0159evodez\u00e9nu, MDF Rozm\u011br: v\u00fd\u0161ka 60cm, \u0161\u00ed\u0159ka 60cm, hloubka 1,8cm Panel CUBE D301 je jednou z \u010d\u00e1st\u00ed sestavy CUBE, kter\u00e1 je d\u00edky sv\u00fdm rozm\u011br\u016fm velmi variabiln\u00ed a praktick\u00e1. Umo\u017e\u0148uje snadn\u00e9 vytvo\u0159en\u00ed p\u0159eds\u00ed\u0148ov\u00e9 sestavy dle individu\u00e1ln\u00edch p\u0159\u00e1n\u00ed z\u00e1kazn\u00edk\u016f. Sestava je z\u00e1v\u011bsn\u00e1 (montuje se na ze\u010f) a je tvo\u0159ena prvky\" \/>\n<meta property=\"og:url\" content=\"https:\/\/maderacat.cat\/?product=panel-cube\" \/>\n<meta property=\"og:site_name\" content=\"Madera\" \/>\n<meta property=\"og:image\" content=\"https:\/\/maderacat.cat\/wp-content\/uploads\/2016\/10\/2828-16541.jpg\" \/>\n\t<meta property=\"og:image:width\" content=\"400\" \/>\n\t<meta property=\"og:image:height\" content=\"600\" \/>\n\t<meta property=\"og:image:type\" content=\"image\/jpeg\" \/>\n<meta name=\"twitter:card\" content=\"summary_large_image\" \/>\n<script type=\"application\/ld+json\" class=\"yoast-schema-graph\">{\"@context\":\"https:\/\/schema.org\",\"@graph\":[{\"@type\":\"WebPage\",\"@id\":\"https:\/\/maderacat.cat\/?product=panel-cube\",\"url\":\"https:\/\/maderacat.cat\/?product=panel-cube\",\"name\":\"Panel CUBE - Madera\",\"isPartOf\":{\"@id\":\"https:\/\/maderacat.cat\/#website\"},\"datePublished\":\"2016-10-09T08:03:17+00:00\",\"dateModified\":\"2016-10-09T08:03:17+00:00\",\"breadcrumb\":{\"@id\":\"https:\/\/maderacat.cat\/?product=panel-cube#breadcrumb\"},\"inLanguage\":\"en-US\",\"potentialAction\":[{\"@type\":\"ReadAction\",\"target\":[\"https:\/\/maderacat.cat\/?product=panel-cube\"]}]},{\"@type\":\"BreadcrumbList\",\"@id\":\"https:\/\/maderacat.cat\/?product=panel-cube#breadcrumb\",\"itemListElement\":[{\"@type\":\"ListItem\",\"position\":1,\"name\":\"Dom\u016f\",\"item\":\"https:\/\/maderacat.cat\/\"},{\"@type\":\"ListItem\",\"position\":2,\"name\":\"Obchod\",\"item\":\"https:\/\/maderacat.cat\/?page_id=270\"},{\"@type\":\"ListItem\",\"position\":3,\"name\":\"Panel CUBE\"}]},{\"@type\":\"WebSite\",\"@id\":\"https:\/\/maderacat.cat\/#website\",\"url\":\"https:\/\/maderacat.cat\/\",\"name\":\"Madera\",\"description\":\"Bienvenido a la p\u00e1gina web\",\"potentialAction\":[{\"@type\":\"SearchAction\",\"target\":{\"@type\":\"EntryPoint\",\"urlTemplate\":\"https:\/\/maderacat.cat\/?s={search_term_string}\"},\"query-input\":\"required name=search_term_string\"}],\"inLanguage\":\"en-US\"}]}<\/script>\n<!-- \/ Yoast SEO plugin. -->","yoast_head_json":{"title":"Panel CUBE - Madera","robots":{"index":"index","follow":"follow","max-snippet":"max-snippet:-1","max-image-preview":"max-image-preview:large","max-video-preview":"max-video-preview:-1"},"canonical":"https:\/\/maderacat.cat\/?product=panel-cube","og_locale":"en_US","og_type":"article","og_title":"Panel CUBE - Madera","og_description":"Panel CUBE D301 Materi\u00e1l: lamino, ABS hrana v d\u0159evodez\u00e9nu, MDF Rozm\u011br: v\u00fd\u0161ka 60cm, \u0161\u00ed\u0159ka 60cm, hloubka 1,8cm Panel CUBE D301 je jednou z \u010d\u00e1st\u00ed sestavy CUBE, kter\u00e1 je d\u00edky sv\u00fdm rozm\u011br\u016fm velmi variabiln\u00ed a praktick\u00e1. Umo\u017e\u0148uje snadn\u00e9 vytvo\u0159en\u00ed p\u0159eds\u00ed\u0148ov\u00e9 sestavy dle individu\u00e1ln\u00edch p\u0159\u00e1n\u00ed z\u00e1kazn\u00edk\u016f. Sestava je z\u00e1v\u011bsn\u00e1 (montuje se na ze\u010f) a je tvo\u0159ena prvky","og_url":"https:\/\/maderacat.cat\/?product=panel-cube","og_site_name":"Madera","og_image":[{"width":400,"height":600,"url":"https:\/\/maderacat.cat\/wp-content\/uploads\/2016\/10\/2828-16541.jpg","type":"image\/jpeg"}],"twitter_card":"summary_large_image","schema":{"@context":"https:\/\/schema.org","@graph":[{"@type":"WebPage","@id":"https:\/\/maderacat.cat\/?product=panel-cube","url":"https:\/\/maderacat.cat\/?product=panel-cube","name":"Panel CUBE - Madera","isPartOf":{"@id":"https:\/\/maderacat.cat\/#website"},"datePublished":"2016-10-09T08:03:17+00:00","dateModified":"2016-10-09T08:03:17+00:00","breadcrumb":{"@id":"https:\/\/maderacat.cat\/?product=panel-cube#breadcrumb"},"inLanguage":"en-US","potentialAction":[{"@type":"ReadAction","target":["https:\/\/maderacat.cat\/?product=panel-cube"]}]},{"@type":"BreadcrumbList","@id":"https:\/\/maderacat.cat\/?product=panel-cube#breadcrumb","itemListElement":[{"@type":"ListItem","position":1,"name":"Dom\u016f","item":"https:\/\/maderacat.cat\/"},{"@type":"ListItem","position":2,"name":"Obchod","item":"https:\/\/maderacat.cat\/?page_id=270"},{"@type":"ListItem","position":3,"name":"Panel CUBE"}]},{"@type":"WebSite","@id":"https:\/\/maderacat.cat\/#website","url":"https:\/\/maderacat.cat\/","name":"Madera","description":"Bienvenido a la p\u00e1gina web","potentialAction":[{"@type":"SearchAction","target":{"@type":"EntryPoint","urlTemplate":"https:\/\/maderacat.cat\/?s={search_term_string}"},"query-input":"required name=search_term_string"}],"inLanguage":"en-US"}]}},"_links":{"self":[{"href":"https:\/\/maderacat.cat\/index.php?rest_route=\/wp\/v2\/product\/3529"}],"collection":[{"href":"https:\/\/maderacat.cat\/index.php?rest_route=\/wp\/v2\/product"}],"about":[{"href":"https:\/\/maderacat.cat\/index.php?rest_route=\/wp\/v2\/types\/product"}],"replies":[{"embeddable":true,"href":"https:\/\/maderacat.cat\/index.php?rest_route=%2Fwp%2Fv2%2Fcomments&post=3529"}],"wp:featuredmedia":[{"embeddable":true,"href":"https:\/\/maderacat.cat\/index.php?rest_route=\/wp\/v2\/media\/3530"}],"wp:attachment":[{"href":"https:\/\/maderacat.cat\/index.php?rest_route=%2Fwp%2Fv2%2Fmedia&parent=3529"}],"wp:term":[{"taxonomy":"product_cat","embeddable":true,"href":"https:\/\/maderacat.cat\/index.php?rest_route=%2Fwp%2Fv2%2Fproduct_cat&post=3529"},{"taxonomy":"product_tag","embeddable":true,"href":"https:\/\/maderacat.cat\/index.php?rest_route=%2Fwp%2Fv2%2Fproduct_tag&post=3529"}],"curies":[{"name":"wp","href":"https:\/\/api.w.org\/{rel}","templated":true}]}}

<p>Panel CUBE D301<br />
 Materiál: lamino, ABS hrana v dřevodezénu, MDF<br />
Rozměr: výška 60cm, šířka 60cm, hloubka 1,8cm<br />
Panel CUBE D301 je jednou z částí sestavy CUBE, která je díky svým rozměrům velmi variabilní a praktická.<br />
Umožňuje snadné vytvoření předsíňové sestavy dle individuálních přání zákazníků.<br />
Sestava je závěsná (montuje se na zeď) a je tvořena prvky rozměrů 60x60cm.</p>

<p>Panel CUBE D301 Materiál: lamino, ABS hrana v dřevodezénu, MDF Rozměr: výška 60cm, šířka 60cm, hloubka 1,8cm Panel CUBE D301 je jednou z částí sestavy CUBE, která je díky svým rozměrům velmi variabilní a praktická. Umožňuje snadné vytvoření předsíňové sestavy dle individuálních přání zákazníků. Sestava je závěsná (montuje se na zeď) a je tvořena prvky</p>

<!-- This site is optimized with the Yoast SEO plugin v20.12 - https://yoast.com/wordpress/plugins/seo/ -->
<title>Panel CUBE - Madera</title>
<meta name="robots" content="index, follow, max-snippet:-1, max-image-preview:large, max-video-preview:-1" />
<link rel="canonical" href="https://maderacat.cat/?product=panel-cube" />
<meta property="og:locale" content="en_US" />
<meta property="og:type" content="article" />
<meta property="og:title" content="Panel CUBE - Madera" />
<meta property="og:description" content="Panel CUBE D301 Materiál: lamino, ABS hrana v dřevodezénu, MDF Rozměr: výška 60cm, šířka 60cm, hloubka 1,8cm Panel CUBE D301 je jednou z částí sestavy CUBE, která je díky svým rozměrům velmi variabilní a praktická. Umožňuje snadné vytvoření předsíňové sestavy dle individuálních přání zákazníků. Sestava je závěsná (montuje se na zeď) a je tvořena prvky" />
<meta property="og:url" content="https://maderacat.cat/?product=panel-cube" />
<meta property="og:site_name" content="Madera" />
<meta property="og:image" content="https://maderacat.cat/wp-content/uploads/2016/10/2828-16541.jpg" />
	<meta property="og:image:width" content="400" />
	<meta property="og:image:height" content="600" />
	<meta property="og:image:type" content="image/jpeg" />
<meta name="twitter:card" content="summary_large_image" />
<script type="application/ld+json" class="yoast-schema-graph">{"@context":"https://schema.org","@graph":[{"@type":"WebPage","@id":"https://maderacat.cat/?product=panel-cube","url":"https://maderacat.cat/?product=panel-cube","name":"Panel CUBE - Madera","isPartOf":{"@id":"https://maderacat.cat/#website"},"datePublished":"2016-10-09T08:03:17+00:00","dateModified":"2016-10-09T08:03:17+00:00","breadcrumb":{"@id":"https://maderacat.cat/?product=panel-cube#breadcrumb"},"inLanguage":"en-US","potentialAction":[{"@type":"ReadAction","target":["https://maderacat.cat/?product=panel-cube"]}]},{"@type":"BreadcrumbList","@id":"https://maderacat.cat/?product=panel-cube#breadcrumb","itemListElement":[{"@type":"ListItem","position":1,"name":"Domů","item":"https://maderacat.cat/"},{"@type":"ListItem","position":2,"name":"Obchod","item":"https://maderacat.cat/?page_id=270"},{"@type":"ListItem","position":3,"name":"Panel CUBE"}]},{"@type":"WebSite","@id":"https://maderacat.cat/#website","url":"https://maderacat.cat/","name":"Madera","description":"Bienvenido a la página web","potentialAction":[{"@type":"SearchAction","target":{"@type":"EntryPoint","urlTemplate":"https://maderacat.cat/?s={search_term_string}"},"query-input":"required name=search_term_string"}],"inLanguage":"en-US"}]}</script>
<!-- / Yoast SEO plugin. -->

Panel CUBE D301 Materiál: lamino, ABS hrana v dřevodezénu, MDF Rozměr: výška 60cm, šířka 60cm, hloubka 1,8cm Panel CUBE D301 je jednou z částí sestavy CUBE, která je díky svým rozměrům velmi variabilní a praktická. Umožňuje snadné vytvoření předsíňové sestavy dle individuálních přání zákazníků. Sestava je závěsná (montuje se na zeď) a je tvořena prvky

Domů

Bienvenido a la página web
