{"id":3275,"date":"2016-10-09T08:01:21","date_gmt":"2016-10-09T08:01:21","guid":{"rendered":"http:\/\/maderacat.cat\/produkt\/lozni-souprava-puntik\/"},"modified":"2016-10-09T08:01:21","modified_gmt":"2016-10-09T08:01:21","slug":"lozni-souprava-puntik","status":"publish","type":"product","link":"https:\/\/maderacat.cat\/?product=lozni-souprava-puntik","title":{"rendered":"Lo\u017en\u00ed souprava PUNT\u00cdK"},"content":{"rendered":"<p>Lo\u017en\u00ed souprava PUNT\u00cdK<br \/>\nSouprava obsahuje 1x povlak na pol\u0161t\u00e1\u0159 70x90cm, 1x povlak na p\u0159ikr\u00fdvku 140x200cm (klasick\u00e9 rozm\u011bry). Lo\u017en\u00ed povle\u010den\u00ed je opat\u0159eno praktick\u00fdmi zipy.\u00a0?<br \/>\nMateri\u00e1l 100% polyester &#8211; MIKROFLANEL (velice p\u0159\u00edjemn\u00fd materi\u00e1l &#8211; hebk\u00fd, jemn\u00fd).\u00a0<br \/>\nP\u0159esto, \u017ee je materi\u00e1l velice h\u0159ejiv\u00fd, je povle\u010den\u00ed vhodn\u00e9 na celoro\u010dn\u00ed pou\u017e\u00edv\u00e1n\u00ed &#8211; v letn\u00edm obdob\u00ed vyu\u017eit\u00ed jako deka.<br \/>\nDoporu\u010dujeme pr\u00e1t na 30-40 \u00b0C a pou\u017e\u00edvat ke spr\u00e1vn\u00e9mu o\u0161et\u0159en\u00ed antistatickou aviv\u00e1\u017e?.<br \/>\nPovle\u010den\u00ed dod\u00e1v\u00e1me v PVC ta\u0161ce s\u00a0uchem.??????<\/p>\n","protected":false},"excerpt":{"rendered":"<p>Lo\u017en\u00ed souprava PUNT\u00cdK Souprava obsahuje 1x povlak na pol\u0161t\u00e1\u0159 70x90cm, 1x povlak na p\u0159ikr\u00fdvku 140x200cm (klasick\u00e9 rozm\u011bry). Lo\u017en\u00ed povle\u010den\u00ed je opat\u0159eno praktick\u00fdmi zipy.\u00a0? Materi\u00e1l 100% polyester &#8211; MIKROFLANEL (velice p\u0159\u00edjemn\u00fd materi\u00e1l &#8211; hebk\u00fd, jemn\u00fd).\u00a0 P\u0159esto, \u017ee je materi\u00e1l velice h\u0159ejiv\u00fd, je povle\u010den\u00ed vhodn\u00e9 na celoro\u010dn\u00ed pou\u017e\u00edv\u00e1n\u00ed &#8211; v letn\u00edm obdob\u00ed vyu\u017eit\u00ed jako deka. Doporu\u010dujeme pr\u00e1t<\/p>\n","protected":false},"featured_media":2836,"comment_status":"closed","ping_status":"closed","template":"","meta":[],"product_cat":[30],"product_tag":[],"yoast_head":"<!-- This site is optimized with the Yoast SEO plugin v20.12 - https:\/\/yoast.com\/wordpress\/plugins\/seo\/ -->\n<title>Lo\u017en\u00ed souprava PUNT\u00cdK - Madera<\/title>\n<meta name=\"robots\" content=\"index, follow, max-snippet:-1, max-image-preview:large, max-video-preview:-1\" \/>\n<link rel=\"canonical\" href=\"https:\/\/maderacat.cat\/?product=lozni-souprava-puntik\" \/>\n<meta property=\"og:locale\" content=\"en_US\" \/>\n<meta property=\"og:type\" content=\"article\" \/>\n<meta property=\"og:title\" content=\"Lo\u017en\u00ed souprava PUNT\u00cdK - Madera\" \/>\n<meta property=\"og:description\" content=\"Lo\u017en\u00ed souprava PUNT\u00cdK Souprava obsahuje 1x povlak na pol\u0161t\u00e1\u0159 70x90cm, 1x povlak na p\u0159ikr\u00fdvku 140x200cm (klasick\u00e9 rozm\u011bry). Lo\u017en\u00ed povle\u010den\u00ed je opat\u0159eno praktick\u00fdmi zipy.\u00a0? Materi\u00e1l 100% polyester &#8211; MIKROFLANEL (velice p\u0159\u00edjemn\u00fd materi\u00e1l &#8211; hebk\u00fd, jemn\u00fd).\u00a0 P\u0159esto, \u017ee je materi\u00e1l velice h\u0159ejiv\u00fd, je povle\u010den\u00ed vhodn\u00e9 na celoro\u010dn\u00ed pou\u017e\u00edv\u00e1n\u00ed &#8211; v letn\u00edm obdob\u00ed vyu\u017eit\u00ed jako deka. Doporu\u010dujeme pr\u00e1t\" \/>\n<meta property=\"og:url\" content=\"https:\/\/maderacat.cat\/?product=lozni-souprava-puntik\" \/>\n<meta property=\"og:site_name\" content=\"Madera\" \/>\n<meta property=\"og:image\" content=\"https:\/\/maderacat.cat\/wp-content\/uploads\/2016\/10\/4012-23133.jpg\" \/>\n\t<meta property=\"og:image:width\" content=\"900\" \/>\n\t<meta property=\"og:image:height\" content=\"600\" \/>\n\t<meta property=\"og:image:type\" content=\"image\/jpeg\" \/>\n<meta name=\"twitter:card\" content=\"summary_large_image\" \/>\n<meta name=\"twitter:label1\" content=\"Est. reading time\" \/>\n\t<meta name=\"twitter:data1\" content=\"1 minute\" \/>\n<script type=\"application\/ld+json\" class=\"yoast-schema-graph\">{\"@context\":\"https:\/\/schema.org\",\"@graph\":[{\"@type\":\"WebPage\",\"@id\":\"https:\/\/maderacat.cat\/?product=lozni-souprava-puntik\",\"url\":\"https:\/\/maderacat.cat\/?product=lozni-souprava-puntik\",\"name\":\"Lo\u017en\u00ed souprava PUNT\u00cdK - Madera\",\"isPartOf\":{\"@id\":\"https:\/\/maderacat.cat\/#website\"},\"datePublished\":\"2016-10-09T08:01:21+00:00\",\"dateModified\":\"2016-10-09T08:01:21+00:00\",\"breadcrumb\":{\"@id\":\"https:\/\/maderacat.cat\/?product=lozni-souprava-puntik#breadcrumb\"},\"inLanguage\":\"en-US\",\"potentialAction\":[{\"@type\":\"ReadAction\",\"target\":[\"https:\/\/maderacat.cat\/?product=lozni-souprava-puntik\"]}]},{\"@type\":\"BreadcrumbList\",\"@id\":\"https:\/\/maderacat.cat\/?product=lozni-souprava-puntik#breadcrumb\",\"itemListElement\":[{\"@type\":\"ListItem\",\"position\":1,\"name\":\"Dom\u016f\",\"item\":\"https:\/\/maderacat.cat\/\"},{\"@type\":\"ListItem\",\"position\":2,\"name\":\"Obchod\",\"item\":\"https:\/\/maderacat.cat\/?page_id=270\"},{\"@type\":\"ListItem\",\"position\":3,\"name\":\"Lo\u017en\u00ed souprava PUNT\u00cdK\"}]},{\"@type\":\"WebSite\",\"@id\":\"https:\/\/maderacat.cat\/#website\",\"url\":\"https:\/\/maderacat.cat\/\",\"name\":\"Madera\",\"description\":\"Bienvenido a la p\u00e1gina web\",\"potentialAction\":[{\"@type\":\"SearchAction\",\"target\":{\"@type\":\"EntryPoint\",\"urlTemplate\":\"https:\/\/maderacat.cat\/?s={search_term_string}\"},\"query-input\":\"required name=search_term_string\"}],\"inLanguage\":\"en-US\"}]}<\/script>\n<!-- \/ Yoast SEO plugin. -->","yoast_head_json":{"title":"Lo\u017en\u00ed souprava PUNT\u00cdK - Madera","robots":{"index":"index","follow":"follow","max-snippet":"max-snippet:-1","max-image-preview":"max-image-preview:large","max-video-preview":"max-video-preview:-1"},"canonical":"https:\/\/maderacat.cat\/?product=lozni-souprava-puntik","og_locale":"en_US","og_type":"article","og_title":"Lo\u017en\u00ed souprava PUNT\u00cdK - Madera","og_description":"Lo\u017en\u00ed souprava PUNT\u00cdK Souprava obsahuje 1x povlak na pol\u0161t\u00e1\u0159 70x90cm, 1x povlak na p\u0159ikr\u00fdvku 140x200cm (klasick\u00e9 rozm\u011bry). Lo\u017en\u00ed povle\u010den\u00ed je opat\u0159eno praktick\u00fdmi zipy.\u00a0? Materi\u00e1l 100% polyester &#8211; MIKROFLANEL (velice p\u0159\u00edjemn\u00fd materi\u00e1l &#8211; hebk\u00fd, jemn\u00fd).\u00a0 P\u0159esto, \u017ee je materi\u00e1l velice h\u0159ejiv\u00fd, je povle\u010den\u00ed vhodn\u00e9 na celoro\u010dn\u00ed pou\u017e\u00edv\u00e1n\u00ed &#8211; v letn\u00edm obdob\u00ed vyu\u017eit\u00ed jako deka. Doporu\u010dujeme pr\u00e1t","og_url":"https:\/\/maderacat.cat\/?product=lozni-souprava-puntik","og_site_name":"Madera","og_image":[{"width":900,"height":600,"url":"https:\/\/maderacat.cat\/wp-content\/uploads\/2016\/10\/4012-23133.jpg","type":"image\/jpeg"}],"twitter_card":"summary_large_image","twitter_misc":{"Est. reading time":"1 minute"},"schema":{"@context":"https:\/\/schema.org","@graph":[{"@type":"WebPage","@id":"https:\/\/maderacat.cat\/?product=lozni-souprava-puntik","url":"https:\/\/maderacat.cat\/?product=lozni-souprava-puntik","name":"Lo\u017en\u00ed souprava PUNT\u00cdK - Madera","isPartOf":{"@id":"https:\/\/maderacat.cat\/#website"},"datePublished":"2016-10-09T08:01:21+00:00","dateModified":"2016-10-09T08:01:21+00:00","breadcrumb":{"@id":"https:\/\/maderacat.cat\/?product=lozni-souprava-puntik#breadcrumb"},"inLanguage":"en-US","potentialAction":[{"@type":"ReadAction","target":["https:\/\/maderacat.cat\/?product=lozni-souprava-puntik"]}]},{"@type":"BreadcrumbList","@id":"https:\/\/maderacat.cat\/?product=lozni-souprava-puntik#breadcrumb","itemListElement":[{"@type":"ListItem","position":1,"name":"Dom\u016f","item":"https:\/\/maderacat.cat\/"},{"@type":"ListItem","position":2,"name":"Obchod","item":"https:\/\/maderacat.cat\/?page_id=270"},{"@type":"ListItem","position":3,"name":"Lo\u017en\u00ed souprava PUNT\u00cdK"}]},{"@type":"WebSite","@id":"https:\/\/maderacat.cat\/#website","url":"https:\/\/maderacat.cat\/","name":"Madera","description":"Bienvenido a la p\u00e1gina web","potentialAction":[{"@type":"SearchAction","target":{"@type":"EntryPoint","urlTemplate":"https:\/\/maderacat.cat\/?s={search_term_string}"},"query-input":"required name=search_term_string"}],"inLanguage":"en-US"}]}},"_links":{"self":[{"href":"https:\/\/maderacat.cat\/index.php?rest_route=\/wp\/v2\/product\/3275"}],"collection":[{"href":"https:\/\/maderacat.cat\/index.php?rest_route=\/wp\/v2\/product"}],"about":[{"href":"https:\/\/maderacat.cat\/index.php?rest_route=\/wp\/v2\/types\/product"}],"replies":[{"embeddable":true,"href":"https:\/\/maderacat.cat\/index.php?rest_route=%2Fwp%2Fv2%2Fcomments&post=3275"}],"wp:featuredmedia":[{"embeddable":true,"href":"https:\/\/maderacat.cat\/index.php?rest_route=\/wp\/v2\/media\/2836"}],"wp:attachment":[{"href":"https:\/\/maderacat.cat\/index.php?rest_route=%2Fwp%2Fv2%2Fmedia&parent=3275"}],"wp:term":[{"taxonomy":"product_cat","embeddable":true,"href":"https:\/\/maderacat.cat\/index.php?rest_route=%2Fwp%2Fv2%2Fproduct_cat&post=3275"},{"taxonomy":"product_tag","embeddable":true,"href":"https:\/\/maderacat.cat\/index.php?rest_route=%2Fwp%2Fv2%2Fproduct_tag&post=3275"}],"curies":[{"name":"wp","href":"https:\/\/api.w.org\/{rel}","templated":true}]}}