{"id":3263,"date":"2016-10-09T08:01:11","date_gmt":"2016-10-09T08:01:11","guid":{"rendered":"http:\/\/maderacat.cat\/produkt\/zavesna-vitrina-nancy\/"},"modified":"2016-10-09T08:01:11","modified_gmt":"2016-10-09T08:01:11","slug":"zavesna-vitrina-nancy","status":"publish","type":"product","link":"https:\/\/maderacat.cat\/?product=zavesna-vitrina-nancy","title":{"rendered":"Z\u00e1v\u011bsn\u00e1 vitr\u00edna NANCY"},"content":{"rendered":"<p>OS232\u00a0 Z\u00e1v\u011bsn\u00e1 vitr\u00edna<br \/>\nMateri\u00e1l: lamino 1,8cm, ABS hrana v d\u0159evodez\u00e9nu, MDF, dv\u00ed\u0159ka jsou opat\u0159ena kvalitn\u00edmi NK z\u00e1v\u011bsy, sklo 4mm v kvalitn\u00edm nerezov\u00e9m r\u00e1mu, LED osv\u011btlen\u00ed, kvalitn\u00ed designov\u00e1 \u00fachytka<br \/>\n\u00a0<br \/>\nProveden\u00ed DB &#8211; dub bordeaux m\u00e1 MDF z\u00e1da v barevn\u00e9m proveden\u00ed wenge<\/p>\n<p>Proveden\u00ed BB &#8211; borovice b\u00edl\u00e1 m\u00e1 MDF z\u00e1da v barevn\u00e9m proveden\u00ed chrom?<\/p>\n<p>Rozm\u011br: v\u00fd\u0161ka 78cm, \u0161\u00ed\u0159ka 35cm, hloubka 29cm<\/p>\n","protected":false},"excerpt":{"rendered":"<p>OS232\u00a0 Z\u00e1v\u011bsn\u00e1 vitr\u00edna Materi\u00e1l: lamino 1,8cm, ABS hrana v d\u0159evodez\u00e9nu, MDF, dv\u00ed\u0159ka jsou opat\u0159ena kvalitn\u00edmi NK z\u00e1v\u011bsy, sklo 4mm v kvalitn\u00edm nerezov\u00e9m r\u00e1mu, LED osv\u011btlen\u00ed, kvalitn\u00ed designov\u00e1 \u00fachytka \u00a0 Proveden\u00ed DB &#8211; dub bordeaux m\u00e1 MDF z\u00e1da v barevn\u00e9m proveden\u00ed wenge Proveden\u00ed BB &#8211; borovice b\u00edl\u00e1 m\u00e1 MDF z\u00e1da v barevn\u00e9m proveden\u00ed chrom? Rozm\u011br: v\u00fd\u0161ka<\/p>\n","protected":false},"featured_media":2824,"comment_status":"closed","ping_status":"closed","template":"","meta":[],"product_cat":[19],"product_tag":[],"yoast_head":"<!-- This site is optimized with the Yoast SEO plugin v20.12 - https:\/\/yoast.com\/wordpress\/plugins\/seo\/ -->\n<title>Z\u00e1v\u011bsn\u00e1 vitr\u00edna NANCY - Madera<\/title>\n<meta name=\"robots\" content=\"index, follow, max-snippet:-1, max-image-preview:large, max-video-preview:-1\" \/>\n<link rel=\"canonical\" href=\"https:\/\/maderacat.cat\/?product=zavesna-vitrina-nancy\" \/>\n<meta property=\"og:locale\" content=\"en_US\" \/>\n<meta property=\"og:type\" content=\"article\" \/>\n<meta property=\"og:title\" content=\"Z\u00e1v\u011bsn\u00e1 vitr\u00edna NANCY - Madera\" \/>\n<meta property=\"og:description\" content=\"OS232\u00a0 Z\u00e1v\u011bsn\u00e1 vitr\u00edna Materi\u00e1l: lamino 1,8cm, ABS hrana v d\u0159evodez\u00e9nu, MDF, dv\u00ed\u0159ka jsou opat\u0159ena kvalitn\u00edmi NK z\u00e1v\u011bsy, sklo 4mm v kvalitn\u00edm nerezov\u00e9m r\u00e1mu, LED osv\u011btlen\u00ed, kvalitn\u00ed designov\u00e1 \u00fachytka \u00a0 Proveden\u00ed DB &#8211; dub bordeaux m\u00e1 MDF z\u00e1da v barevn\u00e9m proveden\u00ed wenge Proveden\u00ed BB &#8211; borovice b\u00edl\u00e1 m\u00e1 MDF z\u00e1da v barevn\u00e9m proveden\u00ed chrom? Rozm\u011br: v\u00fd\u0161ka\" \/>\n<meta property=\"og:url\" content=\"https:\/\/maderacat.cat\/?product=zavesna-vitrina-nancy\" \/>\n<meta property=\"og:site_name\" content=\"Madera\" \/>\n<meta property=\"og:image\" content=\"https:\/\/maderacat.cat\/wp-content\/uploads\/2016\/10\/4032-23238.jpg\" \/>\n\t<meta property=\"og:image:width\" content=\"637\" \/>\n\t<meta property=\"og:image:height\" content=\"1000\" \/>\n\t<meta property=\"og:image:type\" content=\"image\/jpeg\" \/>\n<meta name=\"twitter:card\" content=\"summary_large_image\" \/>\n<script type=\"application\/ld+json\" class=\"yoast-schema-graph\">{\"@context\":\"https:\/\/schema.org\",\"@graph\":[{\"@type\":\"WebPage\",\"@id\":\"https:\/\/maderacat.cat\/?product=zavesna-vitrina-nancy\",\"url\":\"https:\/\/maderacat.cat\/?product=zavesna-vitrina-nancy\",\"name\":\"Z\u00e1v\u011bsn\u00e1 vitr\u00edna NANCY - Madera\",\"isPartOf\":{\"@id\":\"https:\/\/maderacat.cat\/#website\"},\"datePublished\":\"2016-10-09T08:01:11+00:00\",\"dateModified\":\"2016-10-09T08:01:11+00:00\",\"breadcrumb\":{\"@id\":\"https:\/\/maderacat.cat\/?product=zavesna-vitrina-nancy#breadcrumb\"},\"inLanguage\":\"en-US\",\"potentialAction\":[{\"@type\":\"ReadAction\",\"target\":[\"https:\/\/maderacat.cat\/?product=zavesna-vitrina-nancy\"]}]},{\"@type\":\"BreadcrumbList\",\"@id\":\"https:\/\/maderacat.cat\/?product=zavesna-vitrina-nancy#breadcrumb\",\"itemListElement\":[{\"@type\":\"ListItem\",\"position\":1,\"name\":\"Dom\u016f\",\"item\":\"https:\/\/maderacat.cat\/\"},{\"@type\":\"ListItem\",\"position\":2,\"name\":\"Obchod\",\"item\":\"https:\/\/maderacat.cat\/?page_id=270\"},{\"@type\":\"ListItem\",\"position\":3,\"name\":\"Z\u00e1v\u011bsn\u00e1 vitr\u00edna NANCY\"}]},{\"@type\":\"WebSite\",\"@id\":\"https:\/\/maderacat.cat\/#website\",\"url\":\"https:\/\/maderacat.cat\/\",\"name\":\"Madera\",\"description\":\"Bienvenido a la p\u00e1gina web\",\"potentialAction\":[{\"@type\":\"SearchAction\",\"target\":{\"@type\":\"EntryPoint\",\"urlTemplate\":\"https:\/\/maderacat.cat\/?s={search_term_string}\"},\"query-input\":\"required name=search_term_string\"}],\"inLanguage\":\"en-US\"}]}<\/script>\n<!-- \/ Yoast SEO plugin. -->","yoast_head_json":{"title":"Z\u00e1v\u011bsn\u00e1 vitr\u00edna NANCY - Madera","robots":{"index":"index","follow":"follow","max-snippet":"max-snippet:-1","max-image-preview":"max-image-preview:large","max-video-preview":"max-video-preview:-1"},"canonical":"https:\/\/maderacat.cat\/?product=zavesna-vitrina-nancy","og_locale":"en_US","og_type":"article","og_title":"Z\u00e1v\u011bsn\u00e1 vitr\u00edna NANCY - Madera","og_description":"OS232\u00a0 Z\u00e1v\u011bsn\u00e1 vitr\u00edna Materi\u00e1l: lamino 1,8cm, ABS hrana v d\u0159evodez\u00e9nu, MDF, dv\u00ed\u0159ka jsou opat\u0159ena kvalitn\u00edmi NK z\u00e1v\u011bsy, sklo 4mm v kvalitn\u00edm nerezov\u00e9m r\u00e1mu, LED osv\u011btlen\u00ed, kvalitn\u00ed designov\u00e1 \u00fachytka \u00a0 Proveden\u00ed DB &#8211; dub bordeaux m\u00e1 MDF z\u00e1da v barevn\u00e9m proveden\u00ed wenge Proveden\u00ed BB &#8211; borovice b\u00edl\u00e1 m\u00e1 MDF z\u00e1da v barevn\u00e9m proveden\u00ed chrom? Rozm\u011br: v\u00fd\u0161ka","og_url":"https:\/\/maderacat.cat\/?product=zavesna-vitrina-nancy","og_site_name":"Madera","og_image":[{"width":637,"height":1000,"url":"https:\/\/maderacat.cat\/wp-content\/uploads\/2016\/10\/4032-23238.jpg","type":"image\/jpeg"}],"twitter_card":"summary_large_image","schema":{"@context":"https:\/\/schema.org","@graph":[{"@type":"WebPage","@id":"https:\/\/maderacat.cat\/?product=zavesna-vitrina-nancy","url":"https:\/\/maderacat.cat\/?product=zavesna-vitrina-nancy","name":"Z\u00e1v\u011bsn\u00e1 vitr\u00edna NANCY - Madera","isPartOf":{"@id":"https:\/\/maderacat.cat\/#website"},"datePublished":"2016-10-09T08:01:11+00:00","dateModified":"2016-10-09T08:01:11+00:00","breadcrumb":{"@id":"https:\/\/maderacat.cat\/?product=zavesna-vitrina-nancy#breadcrumb"},"inLanguage":"en-US","potentialAction":[{"@type":"ReadAction","target":["https:\/\/maderacat.cat\/?product=zavesna-vitrina-nancy"]}]},{"@type":"BreadcrumbList","@id":"https:\/\/maderacat.cat\/?product=zavesna-vitrina-nancy#breadcrumb","itemListElement":[{"@type":"ListItem","position":1,"name":"Dom\u016f","item":"https:\/\/maderacat.cat\/"},{"@type":"ListItem","position":2,"name":"Obchod","item":"https:\/\/maderacat.cat\/?page_id=270"},{"@type":"ListItem","position":3,"name":"Z\u00e1v\u011bsn\u00e1 vitr\u00edna NANCY"}]},{"@type":"WebSite","@id":"https:\/\/maderacat.cat\/#website","url":"https:\/\/maderacat.cat\/","name":"Madera","description":"Bienvenido a la p\u00e1gina web","potentialAction":[{"@type":"SearchAction","target":{"@type":"EntryPoint","urlTemplate":"https:\/\/maderacat.cat\/?s={search_term_string}"},"query-input":"required name=search_term_string"}],"inLanguage":"en-US"}]}},"_links":{"self":[{"href":"https:\/\/maderacat.cat\/index.php?rest_route=\/wp\/v2\/product\/3263"}],"collection":[{"href":"https:\/\/maderacat.cat\/index.php?rest_route=\/wp\/v2\/product"}],"about":[{"href":"https:\/\/maderacat.cat\/index.php?rest_route=\/wp\/v2\/types\/product"}],"replies":[{"embeddable":true,"href":"https:\/\/maderacat.cat\/index.php?rest_route=%2Fwp%2Fv2%2Fcomments&post=3263"}],"wp:featuredmedia":[{"embeddable":true,"href":"https:\/\/maderacat.cat\/index.php?rest_route=\/wp\/v2\/media\/2824"}],"wp:attachment":[{"href":"https:\/\/maderacat.cat\/index.php?rest_route=%2Fwp%2Fv2%2Fmedia&parent=3263"}],"wp:term":[{"taxonomy":"product_cat","embeddable":true,"href":"https:\/\/maderacat.cat\/index.php?rest_route=%2Fwp%2Fv2%2Fproduct_cat&post=3263"},{"taxonomy":"product_tag","embeddable":true,"href":"https:\/\/maderacat.cat\/index.php?rest_route=%2Fwp%2Fv2%2Fproduct_tag&post=3263"}],"curies":[{"name":"wp","href":"https:\/\/api.w.org\/{rel}","templated":true}]}}

Závěsná vitrína NANCY

<p>OS232  Závěsná vitrína<br />
Materiál: lamino 1,8cm, ABS hrana v dřevodezénu, MDF, dvířka jsou opatřena kvalitními NK závěsy, sklo 4mm v kvalitním nerezovém rámu, LED osvětlení, kvalitní designová úchytka<br />
 <br />
Provedení DB &#8211; dub bordeaux má MDF záda v barevném provedení wenge</p>
<p>Provedení BB &#8211; borovice bílá má MDF záda v barevném provedení chrom?</p>
<p>Rozměr: výška 78cm, šířka 35cm, hloubka 29cm</p>

<p>OS232  Závěsná vitrína Materiál: lamino 1,8cm, ABS hrana v dřevodezénu, MDF, dvířka jsou opatřena kvalitními NK závěsy, sklo 4mm v kvalitním nerezovém rámu, LED osvětlení, kvalitní designová úchytka   Provedení DB &#8211; dub bordeaux má MDF záda v barevném provedení wenge Provedení BB &#8211; borovice bílá má MDF záda v barevném provedení chrom? Rozměr: výška</p>

<!-- This site is optimized with the Yoast SEO plugin v20.12 - https://yoast.com/wordpress/plugins/seo/ -->
<title>Závěsná vitrína NANCY - Madera</title>
<meta name="robots" content="index, follow, max-snippet:-1, max-image-preview:large, max-video-preview:-1" />
<link rel="canonical" href="https://maderacat.cat/?product=zavesna-vitrina-nancy" />
<meta property="og:locale" content="en_US" />
<meta property="og:type" content="article" />
<meta property="og:title" content="Závěsná vitrína NANCY - Madera" />
<meta property="og:description" content="OS232  Závěsná vitrína Materiál: lamino 1,8cm, ABS hrana v dřevodezénu, MDF, dvířka jsou opatřena kvalitními NK závěsy, sklo 4mm v kvalitním nerezovém rámu, LED osvětlení, kvalitní designová úchytka   Provedení DB &#8211; dub bordeaux má MDF záda v barevném provedení wenge Provedení BB &#8211; borovice bílá má MDF záda v barevném provedení chrom? Rozměr: výška" />
<meta property="og:url" content="https://maderacat.cat/?product=zavesna-vitrina-nancy" />
<meta property="og:site_name" content="Madera" />
<meta property="og:image" content="https://maderacat.cat/wp-content/uploads/2016/10/4032-23238.jpg" />
	<meta property="og:image:width" content="637" />
	<meta property="og:image:height" content="1000" />
	<meta property="og:image:type" content="image/jpeg" />
<meta name="twitter:card" content="summary_large_image" />
<script type="application/ld+json" class="yoast-schema-graph">{"@context":"https://schema.org","@graph":[{"@type":"WebPage","@id":"https://maderacat.cat/?product=zavesna-vitrina-nancy","url":"https://maderacat.cat/?product=zavesna-vitrina-nancy","name":"Závěsná vitrína NANCY - Madera","isPartOf":{"@id":"https://maderacat.cat/#website"},"datePublished":"2016-10-09T08:01:11+00:00","dateModified":"2016-10-09T08:01:11+00:00","breadcrumb":{"@id":"https://maderacat.cat/?product=zavesna-vitrina-nancy#breadcrumb"},"inLanguage":"en-US","potentialAction":[{"@type":"ReadAction","target":["https://maderacat.cat/?product=zavesna-vitrina-nancy"]}]},{"@type":"BreadcrumbList","@id":"https://maderacat.cat/?product=zavesna-vitrina-nancy#breadcrumb","itemListElement":[{"@type":"ListItem","position":1,"name":"Domů","item":"https://maderacat.cat/"},{"@type":"ListItem","position":2,"name":"Obchod","item":"https://maderacat.cat/?page_id=270"},{"@type":"ListItem","position":3,"name":"Závěsná vitrína NANCY"}]},{"@type":"WebSite","@id":"https://maderacat.cat/#website","url":"https://maderacat.cat/","name":"Madera","description":"Bienvenido a la página web","potentialAction":[{"@type":"SearchAction","target":{"@type":"EntryPoint","urlTemplate":"https://maderacat.cat/?s={search_term_string}"},"query-input":"required name=search_term_string"}],"inLanguage":"en-US"}]}</script>
<!-- / Yoast SEO plugin. -->

Závěsná vitrína NANCY - Madera

OS232  Závěsná vitrína Materiál: lamino 1,8cm, ABS hrana v dřevodezénu, MDF, dvířka jsou opatřena kvalitními NK závěsy, sklo 4mm v kvalitním nerezovém rámu, LED osvětlení, kvalitní designová úchytka   Provedení DB &#8211; dub bordeaux má MDF záda v barevném provedení wenge Provedení BB &#8211; borovice bílá má MDF záda v barevném provedení chrom? Rozměr: výška

Domů

Bienvenido a la página web
