{"id":3203,"date":"2016-10-09T08:00:43","date_gmt":"2016-10-09T08:00:43","guid":{"rendered":"http:\/\/maderacat.cat\/produkt\/matrace-biobavlna\/"},"modified":"2016-10-09T08:00:43","modified_gmt":"2016-10-09T08:00:43","slug":"matrace-biobavlna","status":"publish","type":"product","link":"https:\/\/maderacat.cat\/?product=matrace-biobavlna","title":{"rendered":"Matrace BIOBAVLNA"},"content":{"rendered":"<p>Matrace m\u00e1 rozm\u011br 200x90cm, v\u00fd\u0161ka 16cm<br \/>\nSlo\u017een\u00ed: matrace\u00a0 (95%polyester, 5%bavlna BIO)<br \/>\n Biobavlnov\u00fd potah na t\u00e9to matraci je modern\u00ed a st\u00e1le \u017e\u00e1dan\u011bj\u0161\u00edm materi\u00e1lem, proto\u017ee se vyzna\u010duje svou jemnost\u00ed.<br \/>\n100% p\u0159\u00edrodn\u00ed produkt vhodn\u00fd\u00a0 pro alergiky?<br \/>\na osoby se zdravotn\u00edmi probl\u00e9my<br \/>\n\u00a0<br \/>\nMatrace jednostrann\u00e1?<\/p>\n","protected":false},"excerpt":{"rendered":"<p>Matrace m\u00e1 rozm\u011br 200x90cm, v\u00fd\u0161ka 16cm Slo\u017een\u00ed: matrace\u00a0 (95%polyester, 5%bavlna BIO) Biobavlnov\u00fd potah na t\u00e9to matraci je modern\u00ed a st\u00e1le \u017e\u00e1dan\u011bj\u0161\u00edm materi\u00e1lem, proto\u017ee se vyzna\u010duje svou jemnost\u00ed. 100% p\u0159\u00edrodn\u00ed produkt vhodn\u00fd\u00a0 pro alergiky? a osoby se zdravotn\u00edmi probl\u00e9my \u00a0 Matrace jednostrann\u00e1?<\/p>\n","protected":false},"featured_media":2763,"comment_status":"closed","ping_status":"closed","template":"","meta":[],"product_cat":[26],"product_tag":[],"yoast_head":"<!-- This site is optimized with the Yoast SEO plugin v20.12 - https:\/\/yoast.com\/wordpress\/plugins\/seo\/ -->\n<title>Matrace BIOBAVLNA - Madera<\/title>\n<meta name=\"robots\" content=\"index, follow, max-snippet:-1, max-image-preview:large, max-video-preview:-1\" \/>\n<link rel=\"canonical\" href=\"https:\/\/maderacat.cat\/?product=matrace-biobavlna\" \/>\n<meta property=\"og:locale\" content=\"en_US\" \/>\n<meta property=\"og:type\" content=\"article\" \/>\n<meta property=\"og:title\" content=\"Matrace BIOBAVLNA - Madera\" \/>\n<meta property=\"og:description\" content=\"Matrace m\u00e1 rozm\u011br 200x90cm, v\u00fd\u0161ka 16cm Slo\u017een\u00ed: matrace\u00a0 (95%polyester, 5%bavlna BIO) Biobavlnov\u00fd potah na t\u00e9to matraci je modern\u00ed a st\u00e1le \u017e\u00e1dan\u011bj\u0161\u00edm materi\u00e1lem, proto\u017ee se vyzna\u010duje svou jemnost\u00ed. 100% p\u0159\u00edrodn\u00ed produkt vhodn\u00fd\u00a0 pro alergiky? a osoby se zdravotn\u00edmi probl\u00e9my \u00a0 Matrace jednostrann\u00e1?\" \/>\n<meta property=\"og:url\" content=\"https:\/\/maderacat.cat\/?product=matrace-biobavlna\" \/>\n<meta property=\"og:site_name\" content=\"Madera\" \/>\n<meta property=\"og:image\" content=\"https:\/\/maderacat.cat\/wp-content\/uploads\/2016\/10\/4305-24649.jpg\" \/>\n\t<meta property=\"og:image:width\" content=\"900\" \/>\n\t<meta property=\"og:image:height\" content=\"600\" \/>\n\t<meta property=\"og:image:type\" content=\"image\/jpeg\" \/>\n<meta name=\"twitter:card\" content=\"summary_large_image\" \/>\n<script type=\"application\/ld+json\" class=\"yoast-schema-graph\">{\"@context\":\"https:\/\/schema.org\",\"@graph\":[{\"@type\":\"WebPage\",\"@id\":\"https:\/\/maderacat.cat\/?product=matrace-biobavlna\",\"url\":\"https:\/\/maderacat.cat\/?product=matrace-biobavlna\",\"name\":\"Matrace BIOBAVLNA - Madera\",\"isPartOf\":{\"@id\":\"https:\/\/maderacat.cat\/#website\"},\"datePublished\":\"2016-10-09T08:00:43+00:00\",\"dateModified\":\"2016-10-09T08:00:43+00:00\",\"breadcrumb\":{\"@id\":\"https:\/\/maderacat.cat\/?product=matrace-biobavlna#breadcrumb\"},\"inLanguage\":\"en-US\",\"potentialAction\":[{\"@type\":\"ReadAction\",\"target\":[\"https:\/\/maderacat.cat\/?product=matrace-biobavlna\"]}]},{\"@type\":\"BreadcrumbList\",\"@id\":\"https:\/\/maderacat.cat\/?product=matrace-biobavlna#breadcrumb\",\"itemListElement\":[{\"@type\":\"ListItem\",\"position\":1,\"name\":\"Dom\u016f\",\"item\":\"https:\/\/maderacat.cat\/\"},{\"@type\":\"ListItem\",\"position\":2,\"name\":\"Obchod\",\"item\":\"https:\/\/maderacat.cat\/?page_id=270\"},{\"@type\":\"ListItem\",\"position\":3,\"name\":\"Matrace BIOBAVLNA\"}]},{\"@type\":\"WebSite\",\"@id\":\"https:\/\/maderacat.cat\/#website\",\"url\":\"https:\/\/maderacat.cat\/\",\"name\":\"Madera\",\"description\":\"Bienvenido a la p\u00e1gina web\",\"potentialAction\":[{\"@type\":\"SearchAction\",\"target\":{\"@type\":\"EntryPoint\",\"urlTemplate\":\"https:\/\/maderacat.cat\/?s={search_term_string}\"},\"query-input\":\"required name=search_term_string\"}],\"inLanguage\":\"en-US\"}]}<\/script>\n<!-- \/ Yoast SEO plugin. -->","yoast_head_json":{"title":"Matrace BIOBAVLNA - Madera","robots":{"index":"index","follow":"follow","max-snippet":"max-snippet:-1","max-image-preview":"max-image-preview:large","max-video-preview":"max-video-preview:-1"},"canonical":"https:\/\/maderacat.cat\/?product=matrace-biobavlna","og_locale":"en_US","og_type":"article","og_title":"Matrace BIOBAVLNA - Madera","og_description":"Matrace m\u00e1 rozm\u011br 200x90cm, v\u00fd\u0161ka 16cm Slo\u017een\u00ed: matrace\u00a0 (95%polyester, 5%bavlna BIO) Biobavlnov\u00fd potah na t\u00e9to matraci je modern\u00ed a st\u00e1le \u017e\u00e1dan\u011bj\u0161\u00edm materi\u00e1lem, proto\u017ee se vyzna\u010duje svou jemnost\u00ed. 100% p\u0159\u00edrodn\u00ed produkt vhodn\u00fd\u00a0 pro alergiky? a osoby se zdravotn\u00edmi probl\u00e9my \u00a0 Matrace jednostrann\u00e1?","og_url":"https:\/\/maderacat.cat\/?product=matrace-biobavlna","og_site_name":"Madera","og_image":[{"width":900,"height":600,"url":"https:\/\/maderacat.cat\/wp-content\/uploads\/2016\/10\/4305-24649.jpg","type":"image\/jpeg"}],"twitter_card":"summary_large_image","schema":{"@context":"https:\/\/schema.org","@graph":[{"@type":"WebPage","@id":"https:\/\/maderacat.cat\/?product=matrace-biobavlna","url":"https:\/\/maderacat.cat\/?product=matrace-biobavlna","name":"Matrace BIOBAVLNA - Madera","isPartOf":{"@id":"https:\/\/maderacat.cat\/#website"},"datePublished":"2016-10-09T08:00:43+00:00","dateModified":"2016-10-09T08:00:43+00:00","breadcrumb":{"@id":"https:\/\/maderacat.cat\/?product=matrace-biobavlna#breadcrumb"},"inLanguage":"en-US","potentialAction":[{"@type":"ReadAction","target":["https:\/\/maderacat.cat\/?product=matrace-biobavlna"]}]},{"@type":"BreadcrumbList","@id":"https:\/\/maderacat.cat\/?product=matrace-biobavlna#breadcrumb","itemListElement":[{"@type":"ListItem","position":1,"name":"Dom\u016f","item":"https:\/\/maderacat.cat\/"},{"@type":"ListItem","position":2,"name":"Obchod","item":"https:\/\/maderacat.cat\/?page_id=270"},{"@type":"ListItem","position":3,"name":"Matrace BIOBAVLNA"}]},{"@type":"WebSite","@id":"https:\/\/maderacat.cat\/#website","url":"https:\/\/maderacat.cat\/","name":"Madera","description":"Bienvenido a la p\u00e1gina web","potentialAction":[{"@type":"SearchAction","target":{"@type":"EntryPoint","urlTemplate":"https:\/\/maderacat.cat\/?s={search_term_string}"},"query-input":"required name=search_term_string"}],"inLanguage":"en-US"}]}},"_links":{"self":[{"href":"https:\/\/maderacat.cat\/index.php?rest_route=\/wp\/v2\/product\/3203"}],"collection":[{"href":"https:\/\/maderacat.cat\/index.php?rest_route=\/wp\/v2\/product"}],"about":[{"href":"https:\/\/maderacat.cat\/index.php?rest_route=\/wp\/v2\/types\/product"}],"replies":[{"embeddable":true,"href":"https:\/\/maderacat.cat\/index.php?rest_route=%2Fwp%2Fv2%2Fcomments&post=3203"}],"wp:featuredmedia":[{"embeddable":true,"href":"https:\/\/maderacat.cat\/index.php?rest_route=\/wp\/v2\/media\/2763"}],"wp:attachment":[{"href":"https:\/\/maderacat.cat\/index.php?rest_route=%2Fwp%2Fv2%2Fmedia&parent=3203"}],"wp:term":[{"taxonomy":"product_cat","embeddable":true,"href":"https:\/\/maderacat.cat\/index.php?rest_route=%2Fwp%2Fv2%2Fproduct_cat&post=3203"},{"taxonomy":"product_tag","embeddable":true,"href":"https:\/\/maderacat.cat\/index.php?rest_route=%2Fwp%2Fv2%2Fproduct_tag&post=3203"}],"curies":[{"name":"wp","href":"https:\/\/api.w.org\/{rel}","templated":true}]}}