{"id":3202,"date":"2016-10-09T08:00:43","date_gmt":"2016-10-09T08:00:43","guid":{"rendered":"http:\/\/maderacat.cat\/produkt\/kreslo-pohupovaci-adrian\/"},"modified":"2016-10-09T08:00:43","modified_gmt":"2016-10-09T08:00:43","slug":"kreslo-pohupovaci-adrian","status":"publish","type":"product","link":"https:\/\/maderacat.cat\/?product=kreslo-pohupovaci-adrian","title":{"rendered":"K\u0159eslo pohupovac\u00ed Adrian"},"content":{"rendered":"<p>Materi\u00e1l: masiv b\u0159\u00edza s povrchovou \u00fapravou lak natur<br \/>\nMaxim\u00e1ln\u00ed nosnost 110kg<br \/>\nRozm\u011bry naleznete v p\u0159ilo\u017een\u00e9m obr\u00e1zku.<br \/>\n\u00a0<br \/>\nSn\u00edmateln\u00fd potah. Lze pr\u00e1t ru\u010dn\u011b na 30\u00b0C.?<\/p>\n<p>?<br \/>\n\u00a0<br \/>\nDostupnost barevn\u00e9ho proveden\u00ed 22, 24,25 pouze na dotaz!<\/p>\n<p>\u00a0<\/p>\n","protected":false},"excerpt":{"rendered":"<p>Materi\u00e1l: masiv b\u0159\u00edza s povrchovou \u00fapravou lak natur Maxim\u00e1ln\u00ed nosnost 110kg Rozm\u011bry naleznete v p\u0159ilo\u017een\u00e9m obr\u00e1zku. \u00a0 Sn\u00edmateln\u00fd potah. Lze pr\u00e1t ru\u010dn\u011b na 30\u00b0C.? ? \u00a0 Dostupnost barevn\u00e9ho proveden\u00ed 22, 24,25 pouze na dotaz! \u00a0<\/p>\n","protected":false},"featured_media":2762,"comment_status":"closed","ping_status":"closed","template":"","meta":[],"product_cat":[25],"product_tag":[],"yoast_head":"<!-- This site is optimized with the Yoast SEO plugin v20.12 - https:\/\/yoast.com\/wordpress\/plugins\/seo\/ -->\n<title>K\u0159eslo pohupovac\u00ed Adrian - Madera<\/title>\n<meta name=\"robots\" content=\"index, follow, max-snippet:-1, max-image-preview:large, max-video-preview:-1\" \/>\n<link rel=\"canonical\" href=\"https:\/\/maderacat.cat\/?product=kreslo-pohupovaci-adrian\" \/>\n<meta property=\"og:locale\" content=\"en_US\" \/>\n<meta property=\"og:type\" content=\"article\" \/>\n<meta property=\"og:title\" content=\"K\u0159eslo pohupovac\u00ed Adrian - Madera\" \/>\n<meta property=\"og:description\" content=\"Materi\u00e1l: masiv b\u0159\u00edza s povrchovou \u00fapravou lak natur Maxim\u00e1ln\u00ed nosnost 110kg Rozm\u011bry naleznete v p\u0159ilo\u017een\u00e9m obr\u00e1zku. \u00a0 Sn\u00edmateln\u00fd potah. Lze pr\u00e1t ru\u010dn\u011b na 30\u00b0C.? ? \u00a0 Dostupnost barevn\u00e9ho proveden\u00ed 22, 24,25 pouze na dotaz! \u00a0\" \/>\n<meta property=\"og:url\" content=\"https:\/\/maderacat.cat\/?product=kreslo-pohupovaci-adrian\" \/>\n<meta property=\"og:site_name\" content=\"Madera\" \/>\n<meta property=\"og:image\" content=\"https:\/\/maderacat.cat\/wp-content\/uploads\/2016\/10\/4315-24801.jpg\" \/>\n\t<meta property=\"og:image:width\" content=\"643\" \/>\n\t<meta property=\"og:image:height\" content=\"803\" \/>\n\t<meta property=\"og:image:type\" content=\"image\/jpeg\" \/>\n<meta name=\"twitter:card\" content=\"summary_large_image\" \/>\n<script type=\"application\/ld+json\" class=\"yoast-schema-graph\">{\"@context\":\"https:\/\/schema.org\",\"@graph\":[{\"@type\":\"WebPage\",\"@id\":\"https:\/\/maderacat.cat\/?product=kreslo-pohupovaci-adrian\",\"url\":\"https:\/\/maderacat.cat\/?product=kreslo-pohupovaci-adrian\",\"name\":\"K\u0159eslo pohupovac\u00ed Adrian - Madera\",\"isPartOf\":{\"@id\":\"https:\/\/maderacat.cat\/#website\"},\"datePublished\":\"2016-10-09T08:00:43+00:00\",\"dateModified\":\"2016-10-09T08:00:43+00:00\",\"breadcrumb\":{\"@id\":\"https:\/\/maderacat.cat\/?product=kreslo-pohupovaci-adrian#breadcrumb\"},\"inLanguage\":\"en-US\",\"potentialAction\":[{\"@type\":\"ReadAction\",\"target\":[\"https:\/\/maderacat.cat\/?product=kreslo-pohupovaci-adrian\"]}]},{\"@type\":\"BreadcrumbList\",\"@id\":\"https:\/\/maderacat.cat\/?product=kreslo-pohupovaci-adrian#breadcrumb\",\"itemListElement\":[{\"@type\":\"ListItem\",\"position\":1,\"name\":\"Dom\u016f\",\"item\":\"https:\/\/maderacat.cat\/\"},{\"@type\":\"ListItem\",\"position\":2,\"name\":\"Obchod\",\"item\":\"https:\/\/maderacat.cat\/?page_id=270\"},{\"@type\":\"ListItem\",\"position\":3,\"name\":\"K\u0159eslo pohupovac\u00ed Adrian\"}]},{\"@type\":\"WebSite\",\"@id\":\"https:\/\/maderacat.cat\/#website\",\"url\":\"https:\/\/maderacat.cat\/\",\"name\":\"Madera\",\"description\":\"Bienvenido a la p\u00e1gina web\",\"potentialAction\":[{\"@type\":\"SearchAction\",\"target\":{\"@type\":\"EntryPoint\",\"urlTemplate\":\"https:\/\/maderacat.cat\/?s={search_term_string}\"},\"query-input\":\"required name=search_term_string\"}],\"inLanguage\":\"en-US\"}]}<\/script>\n<!-- \/ Yoast SEO plugin. -->","yoast_head_json":{"title":"K\u0159eslo pohupovac\u00ed Adrian - Madera","robots":{"index":"index","follow":"follow","max-snippet":"max-snippet:-1","max-image-preview":"max-image-preview:large","max-video-preview":"max-video-preview:-1"},"canonical":"https:\/\/maderacat.cat\/?product=kreslo-pohupovaci-adrian","og_locale":"en_US","og_type":"article","og_title":"K\u0159eslo pohupovac\u00ed Adrian - Madera","og_description":"Materi\u00e1l: masiv b\u0159\u00edza s povrchovou \u00fapravou lak natur Maxim\u00e1ln\u00ed nosnost 110kg Rozm\u011bry naleznete v p\u0159ilo\u017een\u00e9m obr\u00e1zku. \u00a0 Sn\u00edmateln\u00fd potah. Lze pr\u00e1t ru\u010dn\u011b na 30\u00b0C.? ? \u00a0 Dostupnost barevn\u00e9ho proveden\u00ed 22, 24,25 pouze na dotaz! \u00a0","og_url":"https:\/\/maderacat.cat\/?product=kreslo-pohupovaci-adrian","og_site_name":"Madera","og_image":[{"width":643,"height":803,"url":"https:\/\/maderacat.cat\/wp-content\/uploads\/2016\/10\/4315-24801.jpg","type":"image\/jpeg"}],"twitter_card":"summary_large_image","schema":{"@context":"https:\/\/schema.org","@graph":[{"@type":"WebPage","@id":"https:\/\/maderacat.cat\/?product=kreslo-pohupovaci-adrian","url":"https:\/\/maderacat.cat\/?product=kreslo-pohupovaci-adrian","name":"K\u0159eslo pohupovac\u00ed Adrian - Madera","isPartOf":{"@id":"https:\/\/maderacat.cat\/#website"},"datePublished":"2016-10-09T08:00:43+00:00","dateModified":"2016-10-09T08:00:43+00:00","breadcrumb":{"@id":"https:\/\/maderacat.cat\/?product=kreslo-pohupovaci-adrian#breadcrumb"},"inLanguage":"en-US","potentialAction":[{"@type":"ReadAction","target":["https:\/\/maderacat.cat\/?product=kreslo-pohupovaci-adrian"]}]},{"@type":"BreadcrumbList","@id":"https:\/\/maderacat.cat\/?product=kreslo-pohupovaci-adrian#breadcrumb","itemListElement":[{"@type":"ListItem","position":1,"name":"Dom\u016f","item":"https:\/\/maderacat.cat\/"},{"@type":"ListItem","position":2,"name":"Obchod","item":"https:\/\/maderacat.cat\/?page_id=270"},{"@type":"ListItem","position":3,"name":"K\u0159eslo pohupovac\u00ed Adrian"}]},{"@type":"WebSite","@id":"https:\/\/maderacat.cat\/#website","url":"https:\/\/maderacat.cat\/","name":"Madera","description":"Bienvenido a la p\u00e1gina web","potentialAction":[{"@type":"SearchAction","target":{"@type":"EntryPoint","urlTemplate":"https:\/\/maderacat.cat\/?s={search_term_string}"},"query-input":"required name=search_term_string"}],"inLanguage":"en-US"}]}},"_links":{"self":[{"href":"https:\/\/maderacat.cat\/index.php?rest_route=\/wp\/v2\/product\/3202"}],"collection":[{"href":"https:\/\/maderacat.cat\/index.php?rest_route=\/wp\/v2\/product"}],"about":[{"href":"https:\/\/maderacat.cat\/index.php?rest_route=\/wp\/v2\/types\/product"}],"replies":[{"embeddable":true,"href":"https:\/\/maderacat.cat\/index.php?rest_route=%2Fwp%2Fv2%2Fcomments&post=3202"}],"wp:featuredmedia":[{"embeddable":true,"href":"https:\/\/maderacat.cat\/index.php?rest_route=\/wp\/v2\/media\/2762"}],"wp:attachment":[{"href":"https:\/\/maderacat.cat\/index.php?rest_route=%2Fwp%2Fv2%2Fmedia&parent=3202"}],"wp:term":[{"taxonomy":"product_cat","embeddable":true,"href":"https:\/\/maderacat.cat\/index.php?rest_route=%2Fwp%2Fv2%2Fproduct_cat&post=3202"},{"taxonomy":"product_tag","embeddable":true,"href":"https:\/\/maderacat.cat\/index.php?rest_route=%2Fwp%2Fv2%2Fproduct_tag&post=3202"}],"curies":[{"name":"wp","href":"https:\/\/api.w.org\/{rel}","templated":true}]}}