{"id":3161,"date":"2016-10-09T08:00:24","date_gmt":"2016-10-09T08:00:24","guid":{"rendered":"http:\/\/maderacat.cat\/produkt\/kreslo-genova-a36\/"},"modified":"2016-10-09T08:00:24","modified_gmt":"2016-10-09T08:00:24","slug":"kreslo-genova-a36","status":"publish","type":"product","link":"https:\/\/maderacat.cat\/?product=kreslo-genova-a36","title":{"rendered":"K\u0159eslo GENOVA A36"},"content":{"rendered":"<p>\u00a0<br \/>\nK\u0159eslo Genova A36<br \/>\n\u00a0<br \/>\n\u00a0<br \/>\n\u00a0<br \/>\nSlo\u017een\u00ed:vatel\u00edn, pur p\u011bna<br \/>\n\u00a0<br \/>\n\u00a0<br \/>\n\u00a0<br \/>\n Rozm\u011bry:d\u00e9lka 90cm, hloubka 85cm,\u00a0 v\u00fd\u0161ka 93cm?,<br \/>\n\u00a0<br \/>\n\u00a0hloubka sedu 53cm, v\u00fd\u0161ka sedu 43cm<br \/>\n\u00a0<br \/>\n\u00a0<br \/>\n\u00a0<br \/>\nTato ak\u010dn\u00ed cena plat\u00ed pouze u proveden\u00edch<br \/>\n\u00a0<br \/>\nA36-244-1341 a ?? A36-2059-139<br \/>\n\u00a0<br \/>\n\u00a0<br \/>\nOstatn\u00ed dekory l\u00e1tek jsou s 10% p\u0159\u00edplatkem??<\/p>\n","protected":false},"excerpt":{"rendered":"<p>\u00a0 K\u0159eslo Genova A36 \u00a0 \u00a0 \u00a0 Slo\u017een\u00ed:vatel\u00edn, pur p\u011bna \u00a0 \u00a0 \u00a0 Rozm\u011bry:d\u00e9lka 90cm, hloubka 85cm,\u00a0 v\u00fd\u0161ka 93cm?, \u00a0 \u00a0hloubka sedu 53cm, v\u00fd\u0161ka sedu 43cm \u00a0 \u00a0 \u00a0 Tato ak\u010dn\u00ed cena plat\u00ed pouze u proveden\u00edch \u00a0 A36-244-1341 a ?? A36-2059-139 \u00a0 \u00a0 Ostatn\u00ed dekory l\u00e1tek jsou s 10% p\u0159\u00edplatkem??<\/p>\n","protected":false},"featured_media":2721,"comment_status":"closed","ping_status":"closed","template":"","meta":[],"product_cat":[23],"product_tag":[],"yoast_head":"<!-- This site is optimized with the Yoast SEO plugin v20.12 - https:\/\/yoast.com\/wordpress\/plugins\/seo\/ -->\n<title>K\u0159eslo GENOVA A36 - Madera<\/title>\n<meta name=\"robots\" content=\"index, follow, max-snippet:-1, max-image-preview:large, max-video-preview:-1\" \/>\n<link rel=\"canonical\" href=\"https:\/\/maderacat.cat\/?product=kreslo-genova-a36\" \/>\n<meta property=\"og:locale\" content=\"en_US\" \/>\n<meta property=\"og:type\" content=\"article\" \/>\n<meta property=\"og:title\" content=\"K\u0159eslo GENOVA A36 - Madera\" \/>\n<meta property=\"og:description\" content=\"\u00a0 K\u0159eslo Genova A36 \u00a0 \u00a0 \u00a0 Slo\u017een\u00ed:vatel\u00edn, pur p\u011bna \u00a0 \u00a0 \u00a0 Rozm\u011bry:d\u00e9lka 90cm, hloubka 85cm,\u00a0 v\u00fd\u0161ka 93cm?, \u00a0 \u00a0hloubka sedu 53cm, v\u00fd\u0161ka sedu 43cm \u00a0 \u00a0 \u00a0 Tato ak\u010dn\u00ed cena plat\u00ed pouze u proveden\u00edch \u00a0 A36-244-1341 a ?? A36-2059-139 \u00a0 \u00a0 Ostatn\u00ed dekory l\u00e1tek jsou s 10% p\u0159\u00edplatkem??\" \/>\n<meta property=\"og:url\" content=\"https:\/\/maderacat.cat\/?product=kreslo-genova-a36\" \/>\n<meta property=\"og:site_name\" content=\"Madera\" \/>\n<meta property=\"og:image\" content=\"https:\/\/maderacat.cat\/wp-content\/uploads\/2016\/10\/4540-25749.jpg\" \/>\n\t<meta property=\"og:image:width\" content=\"900\" \/>\n\t<meta property=\"og:image:height\" content=\"600\" \/>\n\t<meta property=\"og:image:type\" content=\"image\/jpeg\" \/>\n<meta name=\"twitter:card\" content=\"summary_large_image\" \/>\n<script type=\"application\/ld+json\" class=\"yoast-schema-graph\">{\"@context\":\"https:\/\/schema.org\",\"@graph\":[{\"@type\":\"WebPage\",\"@id\":\"https:\/\/maderacat.cat\/?product=kreslo-genova-a36\",\"url\":\"https:\/\/maderacat.cat\/?product=kreslo-genova-a36\",\"name\":\"K\u0159eslo GENOVA A36 - Madera\",\"isPartOf\":{\"@id\":\"https:\/\/maderacat.cat\/#website\"},\"datePublished\":\"2016-10-09T08:00:24+00:00\",\"dateModified\":\"2016-10-09T08:00:24+00:00\",\"breadcrumb\":{\"@id\":\"https:\/\/maderacat.cat\/?product=kreslo-genova-a36#breadcrumb\"},\"inLanguage\":\"en-US\",\"potentialAction\":[{\"@type\":\"ReadAction\",\"target\":[\"https:\/\/maderacat.cat\/?product=kreslo-genova-a36\"]}]},{\"@type\":\"BreadcrumbList\",\"@id\":\"https:\/\/maderacat.cat\/?product=kreslo-genova-a36#breadcrumb\",\"itemListElement\":[{\"@type\":\"ListItem\",\"position\":1,\"name\":\"Dom\u016f\",\"item\":\"https:\/\/maderacat.cat\/\"},{\"@type\":\"ListItem\",\"position\":2,\"name\":\"Obchod\",\"item\":\"https:\/\/maderacat.cat\/?page_id=270\"},{\"@type\":\"ListItem\",\"position\":3,\"name\":\"K\u0159eslo GENOVA A36\"}]},{\"@type\":\"WebSite\",\"@id\":\"https:\/\/maderacat.cat\/#website\",\"url\":\"https:\/\/maderacat.cat\/\",\"name\":\"Madera\",\"description\":\"Bienvenido a la p\u00e1gina web\",\"potentialAction\":[{\"@type\":\"SearchAction\",\"target\":{\"@type\":\"EntryPoint\",\"urlTemplate\":\"https:\/\/maderacat.cat\/?s={search_term_string}\"},\"query-input\":\"required name=search_term_string\"}],\"inLanguage\":\"en-US\"}]}<\/script>\n<!-- \/ Yoast SEO plugin. -->","yoast_head_json":{"title":"K\u0159eslo GENOVA A36 - Madera","robots":{"index":"index","follow":"follow","max-snippet":"max-snippet:-1","max-image-preview":"max-image-preview:large","max-video-preview":"max-video-preview:-1"},"canonical":"https:\/\/maderacat.cat\/?product=kreslo-genova-a36","og_locale":"en_US","og_type":"article","og_title":"K\u0159eslo GENOVA A36 - Madera","og_description":"\u00a0 K\u0159eslo Genova A36 \u00a0 \u00a0 \u00a0 Slo\u017een\u00ed:vatel\u00edn, pur p\u011bna \u00a0 \u00a0 \u00a0 Rozm\u011bry:d\u00e9lka 90cm, hloubka 85cm,\u00a0 v\u00fd\u0161ka 93cm?, \u00a0 \u00a0hloubka sedu 53cm, v\u00fd\u0161ka sedu 43cm \u00a0 \u00a0 \u00a0 Tato ak\u010dn\u00ed cena plat\u00ed pouze u proveden\u00edch \u00a0 A36-244-1341 a ?? A36-2059-139 \u00a0 \u00a0 Ostatn\u00ed dekory l\u00e1tek jsou s 10% p\u0159\u00edplatkem??","og_url":"https:\/\/maderacat.cat\/?product=kreslo-genova-a36","og_site_name":"Madera","og_image":[{"width":900,"height":600,"url":"https:\/\/maderacat.cat\/wp-content\/uploads\/2016\/10\/4540-25749.jpg","type":"image\/jpeg"}],"twitter_card":"summary_large_image","schema":{"@context":"https:\/\/schema.org","@graph":[{"@type":"WebPage","@id":"https:\/\/maderacat.cat\/?product=kreslo-genova-a36","url":"https:\/\/maderacat.cat\/?product=kreslo-genova-a36","name":"K\u0159eslo GENOVA A36 - Madera","isPartOf":{"@id":"https:\/\/maderacat.cat\/#website"},"datePublished":"2016-10-09T08:00:24+00:00","dateModified":"2016-10-09T08:00:24+00:00","breadcrumb":{"@id":"https:\/\/maderacat.cat\/?product=kreslo-genova-a36#breadcrumb"},"inLanguage":"en-US","potentialAction":[{"@type":"ReadAction","target":["https:\/\/maderacat.cat\/?product=kreslo-genova-a36"]}]},{"@type":"BreadcrumbList","@id":"https:\/\/maderacat.cat\/?product=kreslo-genova-a36#breadcrumb","itemListElement":[{"@type":"ListItem","position":1,"name":"Dom\u016f","item":"https:\/\/maderacat.cat\/"},{"@type":"ListItem","position":2,"name":"Obchod","item":"https:\/\/maderacat.cat\/?page_id=270"},{"@type":"ListItem","position":3,"name":"K\u0159eslo GENOVA A36"}]},{"@type":"WebSite","@id":"https:\/\/maderacat.cat\/#website","url":"https:\/\/maderacat.cat\/","name":"Madera","description":"Bienvenido a la p\u00e1gina web","potentialAction":[{"@type":"SearchAction","target":{"@type":"EntryPoint","urlTemplate":"https:\/\/maderacat.cat\/?s={search_term_string}"},"query-input":"required name=search_term_string"}],"inLanguage":"en-US"}]}},"_links":{"self":[{"href":"https:\/\/maderacat.cat\/index.php?rest_route=\/wp\/v2\/product\/3161"}],"collection":[{"href":"https:\/\/maderacat.cat\/index.php?rest_route=\/wp\/v2\/product"}],"about":[{"href":"https:\/\/maderacat.cat\/index.php?rest_route=\/wp\/v2\/types\/product"}],"replies":[{"embeddable":true,"href":"https:\/\/maderacat.cat\/index.php?rest_route=%2Fwp%2Fv2%2Fcomments&post=3161"}],"wp:featuredmedia":[{"embeddable":true,"href":"https:\/\/maderacat.cat\/index.php?rest_route=\/wp\/v2\/media\/2721"}],"wp:attachment":[{"href":"https:\/\/maderacat.cat\/index.php?rest_route=%2Fwp%2Fv2%2Fmedia&parent=3161"}],"wp:term":[{"taxonomy":"product_cat","embeddable":true,"href":"https:\/\/maderacat.cat\/index.php?rest_route=%2Fwp%2Fv2%2Fproduct_cat&post=3161"},{"taxonomy":"product_tag","embeddable":true,"href":"https:\/\/maderacat.cat\/index.php?rest_route=%2Fwp%2Fv2%2Fproduct_tag&post=3161"}],"curies":[{"name":"wp","href":"https:\/\/api.w.org\/{rel}","templated":true}]}}