{"id":3154,"date":"2016-10-09T08:00:24","date_gmt":"2016-10-09T08:00:24","guid":{"rendered":"http:\/\/maderacat.cat\/produkt\/kreslo-venezia\/"},"modified":"2016-10-09T08:00:24","modified_gmt":"2016-10-09T08:00:24","slug":"kreslo-venezia","status":"publish","type":"product","link":"https:\/\/maderacat.cat\/?product=kreslo-venezia","title":{"rendered":"K\u0159eslo VENEZIA"},"content":{"rendered":"<p>K\u0159eslo k sedac\u00ed souprav\u011b A01.<br \/>\n Vlnit\u00e1 pru\u017eina, pur p\u011bna.<br \/>\n\u00a0<br \/>\nCelo\u010daloun\u011bn\u00c9<br \/>\n\u00a0<\/p>\n<p>\u00a0<br \/>\nRozm\u011bry: d\u00e9lka 103cm, hloubka 90cm, v\u00fd\u0161ka 88cm,<br \/>\n\u00a0<br \/>\nhloubka sedu 55cm, v\u00fd\u0161ka sedu45cm,<br \/>\n\u00a0<br \/>\n\u00a0<br \/>\n\u00a0<br \/>\nVhodn\u00e9 v kombinaci s A01<br \/>\n\u00a0<br \/>\n\u00a0<br \/>\n\u00a0<br \/>\n\u00a0Tato ak\u010dn\u00ed cena plat\u00ed pouze u proveden\u00edch<br \/>\n\u00a0<br \/>\nA21- 722-2309 a ??A21-2502-1344<br \/>\n\u00a0<br \/>\n\u00a0<br \/>\n\u00a0<br \/>\nOstatn\u00ed dekory l\u00e1tek jsou s 10% p\u0159\u00edplatkem??<br \/>\n\u00a0<br \/>\n?<br \/>\n?<\/p>\n","protected":false},"excerpt":{"rendered":"<p>K\u0159eslo k sedac\u00ed souprav\u011b A01. Vlnit\u00e1 pru\u017eina, pur p\u011bna. \u00a0 Celo\u010daloun\u011bn\u00c9 \u00a0 \u00a0 Rozm\u011bry: d\u00e9lka 103cm, hloubka 90cm, v\u00fd\u0161ka 88cm, \u00a0 hloubka sedu 55cm, v\u00fd\u0161ka sedu45cm, \u00a0 \u00a0 \u00a0 Vhodn\u00e9 v kombinaci s A01 \u00a0 \u00a0 \u00a0 \u00a0Tato ak\u010dn\u00ed cena plat\u00ed pouze u proveden\u00edch \u00a0 A21- 722-2309 a ??A21-2502-1344 \u00a0 \u00a0 \u00a0 Ostatn\u00ed dekory l\u00e1tek<\/p>\n","protected":false},"featured_media":2714,"comment_status":"closed","ping_status":"closed","template":"","meta":[],"product_cat":[23],"product_tag":[],"yoast_head":"<!-- This site is optimized with the Yoast SEO plugin v20.12 - https:\/\/yoast.com\/wordpress\/plugins\/seo\/ -->\n<title>K\u0159eslo VENEZIA - Madera<\/title>\n<meta name=\"robots\" content=\"index, follow, max-snippet:-1, max-image-preview:large, max-video-preview:-1\" \/>\n<link rel=\"canonical\" href=\"https:\/\/maderacat.cat\/?product=kreslo-venezia\" \/>\n<meta property=\"og:locale\" content=\"en_US\" \/>\n<meta property=\"og:type\" content=\"article\" \/>\n<meta property=\"og:title\" content=\"K\u0159eslo VENEZIA - Madera\" \/>\n<meta property=\"og:description\" content=\"K\u0159eslo k sedac\u00ed souprav\u011b A01. Vlnit\u00e1 pru\u017eina, pur p\u011bna. \u00a0 Celo\u010daloun\u011bn\u00c9 \u00a0 \u00a0 Rozm\u011bry: d\u00e9lka 103cm, hloubka 90cm, v\u00fd\u0161ka 88cm, \u00a0 hloubka sedu 55cm, v\u00fd\u0161ka sedu45cm, \u00a0 \u00a0 \u00a0 Vhodn\u00e9 v kombinaci s A01 \u00a0 \u00a0 \u00a0 \u00a0Tato ak\u010dn\u00ed cena plat\u00ed pouze u proveden\u00edch \u00a0 A21- 722-2309 a ??A21-2502-1344 \u00a0 \u00a0 \u00a0 Ostatn\u00ed dekory l\u00e1tek\" \/>\n<meta property=\"og:url\" content=\"https:\/\/maderacat.cat\/?product=kreslo-venezia\" \/>\n<meta property=\"og:site_name\" content=\"Madera\" \/>\n<meta property=\"og:image\" content=\"https:\/\/maderacat.cat\/wp-content\/uploads\/2016\/10\/4547-25792.jpg\" \/>\n\t<meta property=\"og:image:width\" content=\"595\" \/>\n\t<meta property=\"og:image:height\" content=\"420\" \/>\n\t<meta property=\"og:image:type\" content=\"image\/jpeg\" \/>\n<meta name=\"twitter:card\" content=\"summary_large_image\" \/>\n<script type=\"application\/ld+json\" class=\"yoast-schema-graph\">{\"@context\":\"https:\/\/schema.org\",\"@graph\":[{\"@type\":\"WebPage\",\"@id\":\"https:\/\/maderacat.cat\/?product=kreslo-venezia\",\"url\":\"https:\/\/maderacat.cat\/?product=kreslo-venezia\",\"name\":\"K\u0159eslo VENEZIA - Madera\",\"isPartOf\":{\"@id\":\"https:\/\/maderacat.cat\/#website\"},\"datePublished\":\"2016-10-09T08:00:24+00:00\",\"dateModified\":\"2016-10-09T08:00:24+00:00\",\"breadcrumb\":{\"@id\":\"https:\/\/maderacat.cat\/?product=kreslo-venezia#breadcrumb\"},\"inLanguage\":\"en-US\",\"potentialAction\":[{\"@type\":\"ReadAction\",\"target\":[\"https:\/\/maderacat.cat\/?product=kreslo-venezia\"]}]},{\"@type\":\"BreadcrumbList\",\"@id\":\"https:\/\/maderacat.cat\/?product=kreslo-venezia#breadcrumb\",\"itemListElement\":[{\"@type\":\"ListItem\",\"position\":1,\"name\":\"Dom\u016f\",\"item\":\"https:\/\/maderacat.cat\/\"},{\"@type\":\"ListItem\",\"position\":2,\"name\":\"Obchod\",\"item\":\"https:\/\/maderacat.cat\/?page_id=270\"},{\"@type\":\"ListItem\",\"position\":3,\"name\":\"K\u0159eslo VENEZIA\"}]},{\"@type\":\"WebSite\",\"@id\":\"https:\/\/maderacat.cat\/#website\",\"url\":\"https:\/\/maderacat.cat\/\",\"name\":\"Madera\",\"description\":\"Bienvenido a la p\u00e1gina web\",\"potentialAction\":[{\"@type\":\"SearchAction\",\"target\":{\"@type\":\"EntryPoint\",\"urlTemplate\":\"https:\/\/maderacat.cat\/?s={search_term_string}\"},\"query-input\":\"required name=search_term_string\"}],\"inLanguage\":\"en-US\"}]}<\/script>\n<!-- \/ Yoast SEO plugin. -->","yoast_head_json":{"title":"K\u0159eslo VENEZIA - Madera","robots":{"index":"index","follow":"follow","max-snippet":"max-snippet:-1","max-image-preview":"max-image-preview:large","max-video-preview":"max-video-preview:-1"},"canonical":"https:\/\/maderacat.cat\/?product=kreslo-venezia","og_locale":"en_US","og_type":"article","og_title":"K\u0159eslo VENEZIA - Madera","og_description":"K\u0159eslo k sedac\u00ed souprav\u011b A01. Vlnit\u00e1 pru\u017eina, pur p\u011bna. \u00a0 Celo\u010daloun\u011bn\u00c9 \u00a0 \u00a0 Rozm\u011bry: d\u00e9lka 103cm, hloubka 90cm, v\u00fd\u0161ka 88cm, \u00a0 hloubka sedu 55cm, v\u00fd\u0161ka sedu45cm, \u00a0 \u00a0 \u00a0 Vhodn\u00e9 v kombinaci s A01 \u00a0 \u00a0 \u00a0 \u00a0Tato ak\u010dn\u00ed cena plat\u00ed pouze u proveden\u00edch \u00a0 A21- 722-2309 a ??A21-2502-1344 \u00a0 \u00a0 \u00a0 Ostatn\u00ed dekory l\u00e1tek","og_url":"https:\/\/maderacat.cat\/?product=kreslo-venezia","og_site_name":"Madera","og_image":[{"width":595,"height":420,"url":"https:\/\/maderacat.cat\/wp-content\/uploads\/2016\/10\/4547-25792.jpg","type":"image\/jpeg"}],"twitter_card":"summary_large_image","schema":{"@context":"https:\/\/schema.org","@graph":[{"@type":"WebPage","@id":"https:\/\/maderacat.cat\/?product=kreslo-venezia","url":"https:\/\/maderacat.cat\/?product=kreslo-venezia","name":"K\u0159eslo VENEZIA - Madera","isPartOf":{"@id":"https:\/\/maderacat.cat\/#website"},"datePublished":"2016-10-09T08:00:24+00:00","dateModified":"2016-10-09T08:00:24+00:00","breadcrumb":{"@id":"https:\/\/maderacat.cat\/?product=kreslo-venezia#breadcrumb"},"inLanguage":"en-US","potentialAction":[{"@type":"ReadAction","target":["https:\/\/maderacat.cat\/?product=kreslo-venezia"]}]},{"@type":"BreadcrumbList","@id":"https:\/\/maderacat.cat\/?product=kreslo-venezia#breadcrumb","itemListElement":[{"@type":"ListItem","position":1,"name":"Dom\u016f","item":"https:\/\/maderacat.cat\/"},{"@type":"ListItem","position":2,"name":"Obchod","item":"https:\/\/maderacat.cat\/?page_id=270"},{"@type":"ListItem","position":3,"name":"K\u0159eslo VENEZIA"}]},{"@type":"WebSite","@id":"https:\/\/maderacat.cat\/#website","url":"https:\/\/maderacat.cat\/","name":"Madera","description":"Bienvenido a la p\u00e1gina web","potentialAction":[{"@type":"SearchAction","target":{"@type":"EntryPoint","urlTemplate":"https:\/\/maderacat.cat\/?s={search_term_string}"},"query-input":"required name=search_term_string"}],"inLanguage":"en-US"}]}},"_links":{"self":[{"href":"https:\/\/maderacat.cat\/index.php?rest_route=\/wp\/v2\/product\/3154"}],"collection":[{"href":"https:\/\/maderacat.cat\/index.php?rest_route=\/wp\/v2\/product"}],"about":[{"href":"https:\/\/maderacat.cat\/index.php?rest_route=\/wp\/v2\/types\/product"}],"replies":[{"embeddable":true,"href":"https:\/\/maderacat.cat\/index.php?rest_route=%2Fwp%2Fv2%2Fcomments&post=3154"}],"wp:featuredmedia":[{"embeddable":true,"href":"https:\/\/maderacat.cat\/index.php?rest_route=\/wp\/v2\/media\/2714"}],"wp:attachment":[{"href":"https:\/\/maderacat.cat\/index.php?rest_route=%2Fwp%2Fv2%2Fmedia&parent=3154"}],"wp:term":[{"taxonomy":"product_cat","embeddable":true,"href":"https:\/\/maderacat.cat\/index.php?rest_route=%2Fwp%2Fv2%2Fproduct_cat&post=3154"},{"taxonomy":"product_tag","embeddable":true,"href":"https:\/\/maderacat.cat\/index.php?rest_route=%2Fwp%2Fv2%2Fproduct_tag&post=3154"}],"curies":[{"name":"wp","href":"https:\/\/api.w.org\/{rel}","templated":true}]}}