{"id":3134,"date":"2016-10-09T08:00:14","date_gmt":"2016-10-09T08:00:14","guid":{"rendered":"http:\/\/maderacat.cat\/produkt\/dvojkreslo-rozkladaci-antony-p150\/"},"modified":"2016-10-09T08:00:14","modified_gmt":"2016-10-09T08:00:14","slug":"dvojkreslo-rozkladaci-antony-p150","status":"publish","type":"product","link":"https:\/\/maderacat.cat\/?product=dvojkreslo-rozkladaci-antony-p150","title":{"rendered":"Dvojk\u0159eslo rozkl\u00e1dac\u00ed ANTONY P150"},"content":{"rendered":"<p>Dvojk\u0159eslo ANTONY P150<br \/>\n&#8211; celou\u010daloun\u011bn\u00e9, rozkl\u00e1dac\u00ed<br \/>\n&#8211; rozm\u011bry: d\u00e9lka 162cm, hloubka 94cm, v\u00fd\u0161ka 95cm, hloubka sedu 54cm, v\u00fd\u0161ka sedu 46cm.<br \/>\n\u00a0&#8211; spac\u00ed plocha 190x110cm<br \/>\n&#8211; slo\u017een\u00ed: pur p\u011bna, vlnit\u00e1 a bonelov\u00e1 pru\u017eina, vatel\u00edn<br \/>\n&#8211; d\u0159ev\u011bn\u00e9 no\u017eky a zdoben\u00ed na boc\u00edch (masiv)<br \/>\nTato ak\u010dn\u00ed cena plat\u00ed pouze v proveden\u00ed P150-H-244 a P150-H-2302. Ostatn\u00ed dekory l\u00e1tek jsou s p\u0159\u00edplatkem 10%\u00a0??<br \/>\n\u00a0<br \/>\n\u00a0<\/p>\n","protected":false},"excerpt":{"rendered":"<p>Dvojk\u0159eslo ANTONY P150 &#8211; celou\u010daloun\u011bn\u00e9, rozkl\u00e1dac\u00ed &#8211; rozm\u011bry: d\u00e9lka 162cm, hloubka 94cm, v\u00fd\u0161ka 95cm, hloubka sedu 54cm, v\u00fd\u0161ka sedu 46cm. \u00a0&#8211; spac\u00ed plocha 190x110cm &#8211; slo\u017een\u00ed: pur p\u011bna, vlnit\u00e1 a bonelov\u00e1 pru\u017eina, vatel\u00edn &#8211; d\u0159ev\u011bn\u00e9 no\u017eky a zdoben\u00ed na boc\u00edch (masiv) Tato ak\u010dn\u00ed cena plat\u00ed pouze v proveden\u00ed P150-H-244 a P150-H-2302. Ostatn\u00ed dekory l\u00e1tek jsou<\/p>\n","protected":false},"featured_media":2694,"comment_status":"closed","ping_status":"closed","template":"","meta":[],"product_cat":[23],"product_tag":[],"yoast_head":"<!-- This site is optimized with the Yoast SEO plugin v20.12 - https:\/\/yoast.com\/wordpress\/plugins\/seo\/ -->\n<title>Dvojk\u0159eslo rozkl\u00e1dac\u00ed ANTONY P150 - Madera<\/title>\n<meta name=\"robots\" content=\"index, follow, max-snippet:-1, max-image-preview:large, max-video-preview:-1\" \/>\n<link rel=\"canonical\" href=\"https:\/\/maderacat.cat\/?product=dvojkreslo-rozkladaci-antony-p150\" \/>\n<meta property=\"og:locale\" content=\"en_US\" \/>\n<meta property=\"og:type\" content=\"article\" \/>\n<meta property=\"og:title\" content=\"Dvojk\u0159eslo rozkl\u00e1dac\u00ed ANTONY P150 - Madera\" \/>\n<meta property=\"og:description\" content=\"Dvojk\u0159eslo ANTONY P150 &#8211; celou\u010daloun\u011bn\u00e9, rozkl\u00e1dac\u00ed &#8211; rozm\u011bry: d\u00e9lka 162cm, hloubka 94cm, v\u00fd\u0161ka 95cm, hloubka sedu 54cm, v\u00fd\u0161ka sedu 46cm. \u00a0&#8211; spac\u00ed plocha 190x110cm &#8211; slo\u017een\u00ed: pur p\u011bna, vlnit\u00e1 a bonelov\u00e1 pru\u017eina, vatel\u00edn &#8211; d\u0159ev\u011bn\u00e9 no\u017eky a zdoben\u00ed na boc\u00edch (masiv) Tato ak\u010dn\u00ed cena plat\u00ed pouze v proveden\u00ed P150-H-244 a P150-H-2302. Ostatn\u00ed dekory l\u00e1tek jsou\" \/>\n<meta property=\"og:url\" content=\"https:\/\/maderacat.cat\/?product=dvojkreslo-rozkladaci-antony-p150\" \/>\n<meta property=\"og:site_name\" content=\"Madera\" \/>\n<meta property=\"og:image\" content=\"https:\/\/maderacat.cat\/wp-content\/uploads\/2016\/10\/4568-25962.jpg\" \/>\n\t<meta property=\"og:image:width\" content=\"900\" \/>\n\t<meta property=\"og:image:height\" content=\"600\" \/>\n\t<meta property=\"og:image:type\" content=\"image\/jpeg\" \/>\n<meta name=\"twitter:card\" content=\"summary_large_image\" \/>\n<script type=\"application\/ld+json\" class=\"yoast-schema-graph\">{\"@context\":\"https:\/\/schema.org\",\"@graph\":[{\"@type\":\"WebPage\",\"@id\":\"https:\/\/maderacat.cat\/?product=dvojkreslo-rozkladaci-antony-p150\",\"url\":\"https:\/\/maderacat.cat\/?product=dvojkreslo-rozkladaci-antony-p150\",\"name\":\"Dvojk\u0159eslo rozkl\u00e1dac\u00ed ANTONY P150 - Madera\",\"isPartOf\":{\"@id\":\"https:\/\/maderacat.cat\/#website\"},\"datePublished\":\"2016-10-09T08:00:14+00:00\",\"dateModified\":\"2016-10-09T08:00:14+00:00\",\"breadcrumb\":{\"@id\":\"https:\/\/maderacat.cat\/?product=dvojkreslo-rozkladaci-antony-p150#breadcrumb\"},\"inLanguage\":\"en-US\",\"potentialAction\":[{\"@type\":\"ReadAction\",\"target\":[\"https:\/\/maderacat.cat\/?product=dvojkreslo-rozkladaci-antony-p150\"]}]},{\"@type\":\"BreadcrumbList\",\"@id\":\"https:\/\/maderacat.cat\/?product=dvojkreslo-rozkladaci-antony-p150#breadcrumb\",\"itemListElement\":[{\"@type\":\"ListItem\",\"position\":1,\"name\":\"Dom\u016f\",\"item\":\"https:\/\/maderacat.cat\/\"},{\"@type\":\"ListItem\",\"position\":2,\"name\":\"Obchod\",\"item\":\"https:\/\/maderacat.cat\/?page_id=270\"},{\"@type\":\"ListItem\",\"position\":3,\"name\":\"Dvojk\u0159eslo rozkl\u00e1dac\u00ed ANTONY P150\"}]},{\"@type\":\"WebSite\",\"@id\":\"https:\/\/maderacat.cat\/#website\",\"url\":\"https:\/\/maderacat.cat\/\",\"name\":\"Madera\",\"description\":\"Bienvenido a la p\u00e1gina web\",\"potentialAction\":[{\"@type\":\"SearchAction\",\"target\":{\"@type\":\"EntryPoint\",\"urlTemplate\":\"https:\/\/maderacat.cat\/?s={search_term_string}\"},\"query-input\":\"required name=search_term_string\"}],\"inLanguage\":\"en-US\"}]}<\/script>\n<!-- \/ Yoast SEO plugin. -->","yoast_head_json":{"title":"Dvojk\u0159eslo rozkl\u00e1dac\u00ed ANTONY P150 - Madera","robots":{"index":"index","follow":"follow","max-snippet":"max-snippet:-1","max-image-preview":"max-image-preview:large","max-video-preview":"max-video-preview:-1"},"canonical":"https:\/\/maderacat.cat\/?product=dvojkreslo-rozkladaci-antony-p150","og_locale":"en_US","og_type":"article","og_title":"Dvojk\u0159eslo rozkl\u00e1dac\u00ed ANTONY P150 - Madera","og_description":"Dvojk\u0159eslo ANTONY P150 &#8211; celou\u010daloun\u011bn\u00e9, rozkl\u00e1dac\u00ed &#8211; rozm\u011bry: d\u00e9lka 162cm, hloubka 94cm, v\u00fd\u0161ka 95cm, hloubka sedu 54cm, v\u00fd\u0161ka sedu 46cm. \u00a0&#8211; spac\u00ed plocha 190x110cm &#8211; slo\u017een\u00ed: pur p\u011bna, vlnit\u00e1 a bonelov\u00e1 pru\u017eina, vatel\u00edn &#8211; d\u0159ev\u011bn\u00e9 no\u017eky a zdoben\u00ed na boc\u00edch (masiv) Tato ak\u010dn\u00ed cena plat\u00ed pouze v proveden\u00ed P150-H-244 a P150-H-2302. Ostatn\u00ed dekory l\u00e1tek jsou","og_url":"https:\/\/maderacat.cat\/?product=dvojkreslo-rozkladaci-antony-p150","og_site_name":"Madera","og_image":[{"width":900,"height":600,"url":"https:\/\/maderacat.cat\/wp-content\/uploads\/2016\/10\/4568-25962.jpg","type":"image\/jpeg"}],"twitter_card":"summary_large_image","schema":{"@context":"https:\/\/schema.org","@graph":[{"@type":"WebPage","@id":"https:\/\/maderacat.cat\/?product=dvojkreslo-rozkladaci-antony-p150","url":"https:\/\/maderacat.cat\/?product=dvojkreslo-rozkladaci-antony-p150","name":"Dvojk\u0159eslo rozkl\u00e1dac\u00ed ANTONY P150 - Madera","isPartOf":{"@id":"https:\/\/maderacat.cat\/#website"},"datePublished":"2016-10-09T08:00:14+00:00","dateModified":"2016-10-09T08:00:14+00:00","breadcrumb":{"@id":"https:\/\/maderacat.cat\/?product=dvojkreslo-rozkladaci-antony-p150#breadcrumb"},"inLanguage":"en-US","potentialAction":[{"@type":"ReadAction","target":["https:\/\/maderacat.cat\/?product=dvojkreslo-rozkladaci-antony-p150"]}]},{"@type":"BreadcrumbList","@id":"https:\/\/maderacat.cat\/?product=dvojkreslo-rozkladaci-antony-p150#breadcrumb","itemListElement":[{"@type":"ListItem","position":1,"name":"Dom\u016f","item":"https:\/\/maderacat.cat\/"},{"@type":"ListItem","position":2,"name":"Obchod","item":"https:\/\/maderacat.cat\/?page_id=270"},{"@type":"ListItem","position":3,"name":"Dvojk\u0159eslo rozkl\u00e1dac\u00ed ANTONY P150"}]},{"@type":"WebSite","@id":"https:\/\/maderacat.cat\/#website","url":"https:\/\/maderacat.cat\/","name":"Madera","description":"Bienvenido a la p\u00e1gina web","potentialAction":[{"@type":"SearchAction","target":{"@type":"EntryPoint","urlTemplate":"https:\/\/maderacat.cat\/?s={search_term_string}"},"query-input":"required name=search_term_string"}],"inLanguage":"en-US"}]}},"_links":{"self":[{"href":"https:\/\/maderacat.cat\/index.php?rest_route=\/wp\/v2\/product\/3134"}],"collection":[{"href":"https:\/\/maderacat.cat\/index.php?rest_route=\/wp\/v2\/product"}],"about":[{"href":"https:\/\/maderacat.cat\/index.php?rest_route=\/wp\/v2\/types\/product"}],"replies":[{"embeddable":true,"href":"https:\/\/maderacat.cat\/index.php?rest_route=%2Fwp%2Fv2%2Fcomments&post=3134"}],"wp:featuredmedia":[{"embeddable":true,"href":"https:\/\/maderacat.cat\/index.php?rest_route=\/wp\/v2\/media\/2694"}],"wp:attachment":[{"href":"https:\/\/maderacat.cat\/index.php?rest_route=%2Fwp%2Fv2%2Fmedia&parent=3134"}],"wp:term":[{"taxonomy":"product_cat","embeddable":true,"href":"https:\/\/maderacat.cat\/index.php?rest_route=%2Fwp%2Fv2%2Fproduct_cat&post=3134"},{"taxonomy":"product_tag","embeddable":true,"href":"https:\/\/maderacat.cat\/index.php?rest_route=%2Fwp%2Fv2%2Fproduct_tag&post=3134"}],"curies":[{"name":"wp","href":"https:\/\/api.w.org\/{rel}","templated":true}]}}