{"id":3111,"date":"2016-10-09T08:00:05","date_gmt":"2016-10-09T08:00:05","guid":{"rendered":"http:\/\/maderacat.cat\/produkt\/kancelarska-zidle-zk73-magnum-cerna\/"},"modified":"2016-10-09T08:00:05","modified_gmt":"2016-10-09T08:00:05","slug":"kancelarska-zidle-zk73-magnum-cerna","status":"publish","type":"product","link":"https:\/\/maderacat.cat\/?product=kancelarska-zidle-zk73-magnum-cerna","title":{"rendered":"Kancel\u00e1\u0159sk\u00e1 \u017eidle\u00a0 ZK73 MAGNUM \u010dern\u00e1"},"content":{"rendered":"<p>Kancel\u00e1\u0159sk\u00e1 \u017eidle ZK73<br \/>\ndesignov\u00e9 kancel\u00e1\u0159sk\u00e9 k\u0159eslo, kter\u00e9 vynik\u00e1 sv\u00fdm jednoduch\u00fdm a\u017e lehce minimalistick\u00fdm vzhledem<\/p>\n<p> &#8211; v\u00fd\u0161kov\u011b nastaviteln\u00e1<br \/>\n&#8211; ocelov\u00e9 podru\u010dky, horn\u00ed a p\u0159edn\u00ed plocha podru\u010dek je \u010daloun\u011bn\u00e1<br \/>\n&#8211; houpac\u00ed mechanismus<br \/>\n&#8211; nosn\u00e1 konstrukce s dvojit\u00fdm chromovan\u00fdm ocelov\u00fdm r\u00e1mem s plynov\u00fdm p\u00edstem<br \/>\n&#8211; mo\u017enost libovoln\u00e9ho nastaven\u00ed v\u00fd\u0161ky v rozsahu v\u00fd\u0161ky \u017eidle<br \/>\n&#8211; kovov\u00fd k\u0159\u00ed\u017e s povrchovou \u00fapravou le\u0161t\u011bn\u00fd hlin\u00edk<br \/>\n&#8211; pogumovan\u00e1 kole\u010dka vhodn\u00e1 pro v\u0161echny druhy podlahov\u00fdch krytin<br \/>\n&#8211; certifik\u00e1t SGS na p\u00edst<\/p>\n<p>Materi\u00e1l: \u010dern\u00e1 syntetick\u00e1 k\u016f\u017ee po cel\u00e9 u\u017eitn\u00e9 plo\u0161e<br \/>\n\u00a0<br \/>\nRozm\u011br:<br \/>\n \u0161\u00ed\u0159ka 59cm<br \/>\n hloubka 65,5cm<br \/>\n v\u00fd\u0161ka 103-109,5cm<br \/>\n \u0161\u00ed\u0159ka sedu 51cm<br \/>\n hloubka sedu 46cm<br \/>\n v\u00fd\u0161ka sedu 43-49,5cm<\/p>\n<p>Nosnost: 120kg<\/p>\n","protected":false},"excerpt":{"rendered":"<p>Kancel\u00e1\u0159sk\u00e1 \u017eidle ZK73 designov\u00e9 kancel\u00e1\u0159sk\u00e9 k\u0159eslo, kter\u00e9 vynik\u00e1 sv\u00fdm jednoduch\u00fdm a\u017e lehce minimalistick\u00fdm vzhledem &#8211; v\u00fd\u0161kov\u011b nastaviteln\u00e1 &#8211; ocelov\u00e9 podru\u010dky, horn\u00ed a p\u0159edn\u00ed plocha podru\u010dek je \u010daloun\u011bn\u00e1 &#8211; houpac\u00ed mechanismus &#8211; nosn\u00e1 konstrukce s dvojit\u00fdm chromovan\u00fdm ocelov\u00fdm r\u00e1mem s plynov\u00fdm p\u00edstem &#8211; mo\u017enost libovoln\u00e9ho nastaven\u00ed v\u00fd\u0161ky v rozsahu v\u00fd\u0161ky \u017eidle &#8211; kovov\u00fd k\u0159\u00ed\u017e s povrchovou<\/p>\n","protected":false},"featured_media":2672,"comment_status":"closed","ping_status":"closed","template":"","meta":[],"product_cat":[13],"product_tag":[],"yoast_head":"<!-- This site is optimized with the Yoast SEO plugin v20.12 - https:\/\/yoast.com\/wordpress\/plugins\/seo\/ -->\n<title>Kancel\u00e1\u0159sk\u00e1 \u017eidle\u00a0 ZK73 MAGNUM \u010dern\u00e1 - Madera<\/title>\n<meta name=\"robots\" content=\"index, follow, max-snippet:-1, max-image-preview:large, max-video-preview:-1\" \/>\n<link rel=\"canonical\" href=\"https:\/\/maderacat.cat\/?product=kancelarska-zidle-zk73-magnum-cerna\" \/>\n<meta property=\"og:locale\" content=\"en_US\" \/>\n<meta property=\"og:type\" content=\"article\" \/>\n<meta property=\"og:title\" content=\"Kancel\u00e1\u0159sk\u00e1 \u017eidle\u00a0 ZK73 MAGNUM \u010dern\u00e1 - Madera\" \/>\n<meta property=\"og:description\" content=\"Kancel\u00e1\u0159sk\u00e1 \u017eidle ZK73 designov\u00e9 kancel\u00e1\u0159sk\u00e9 k\u0159eslo, kter\u00e9 vynik\u00e1 sv\u00fdm jednoduch\u00fdm a\u017e lehce minimalistick\u00fdm vzhledem &#8211; v\u00fd\u0161kov\u011b nastaviteln\u00e1 &#8211; ocelov\u00e9 podru\u010dky, horn\u00ed a p\u0159edn\u00ed plocha podru\u010dek je \u010daloun\u011bn\u00e1 &#8211; houpac\u00ed mechanismus &#8211; nosn\u00e1 konstrukce s dvojit\u00fdm chromovan\u00fdm ocelov\u00fdm r\u00e1mem s plynov\u00fdm p\u00edstem &#8211; mo\u017enost libovoln\u00e9ho nastaven\u00ed v\u00fd\u0161ky v rozsahu v\u00fd\u0161ky \u017eidle &#8211; kovov\u00fd k\u0159\u00ed\u017e s povrchovou\" \/>\n<meta property=\"og:url\" content=\"https:\/\/maderacat.cat\/?product=kancelarska-zidle-zk73-magnum-cerna\" \/>\n<meta property=\"og:site_name\" content=\"Madera\" \/>\n<meta property=\"og:image\" content=\"https:\/\/maderacat.cat\/wp-content\/uploads\/2016\/10\/4629-26282.jpg\" \/>\n\t<meta property=\"og:image:width\" content=\"400\" \/>\n\t<meta property=\"og:image:height\" content=\"600\" \/>\n\t<meta property=\"og:image:type\" content=\"image\/jpeg\" \/>\n<meta name=\"twitter:card\" content=\"summary_large_image\" \/>\n<meta name=\"twitter:label1\" content=\"Est. reading time\" \/>\n\t<meta name=\"twitter:data1\" content=\"1 minute\" \/>\n<script type=\"application\/ld+json\" class=\"yoast-schema-graph\">{\"@context\":\"https:\/\/schema.org\",\"@graph\":[{\"@type\":\"WebPage\",\"@id\":\"https:\/\/maderacat.cat\/?product=kancelarska-zidle-zk73-magnum-cerna\",\"url\":\"https:\/\/maderacat.cat\/?product=kancelarska-zidle-zk73-magnum-cerna\",\"name\":\"Kancel\u00e1\u0159sk\u00e1 \u017eidle\u00a0 ZK73 MAGNUM \u010dern\u00e1 - Madera\",\"isPartOf\":{\"@id\":\"https:\/\/maderacat.cat\/#website\"},\"datePublished\":\"2016-10-09T08:00:05+00:00\",\"dateModified\":\"2016-10-09T08:00:05+00:00\",\"breadcrumb\":{\"@id\":\"https:\/\/maderacat.cat\/?product=kancelarska-zidle-zk73-magnum-cerna#breadcrumb\"},\"inLanguage\":\"en-US\",\"potentialAction\":[{\"@type\":\"ReadAction\",\"target\":[\"https:\/\/maderacat.cat\/?product=kancelarska-zidle-zk73-magnum-cerna\"]}]},{\"@type\":\"BreadcrumbList\",\"@id\":\"https:\/\/maderacat.cat\/?product=kancelarska-zidle-zk73-magnum-cerna#breadcrumb\",\"itemListElement\":[{\"@type\":\"ListItem\",\"position\":1,\"name\":\"Dom\u016f\",\"item\":\"https:\/\/maderacat.cat\/\"},{\"@type\":\"ListItem\",\"position\":2,\"name\":\"Obchod\",\"item\":\"https:\/\/maderacat.cat\/?page_id=270\"},{\"@type\":\"ListItem\",\"position\":3,\"name\":\"Kancel\u00e1\u0159sk\u00e1 \u017eidle\u00a0 ZK73 MAGNUM \u010dern\u00e1\"}]},{\"@type\":\"WebSite\",\"@id\":\"https:\/\/maderacat.cat\/#website\",\"url\":\"https:\/\/maderacat.cat\/\",\"name\":\"Madera\",\"description\":\"Bienvenido a la p\u00e1gina web\",\"potentialAction\":[{\"@type\":\"SearchAction\",\"target\":{\"@type\":\"EntryPoint\",\"urlTemplate\":\"https:\/\/maderacat.cat\/?s={search_term_string}\"},\"query-input\":\"required name=search_term_string\"}],\"inLanguage\":\"en-US\"}]}<\/script>\n<!-- \/ Yoast SEO plugin. -->","yoast_head_json":{"title":"Kancel\u00e1\u0159sk\u00e1 \u017eidle\u00a0 ZK73 MAGNUM \u010dern\u00e1 - Madera","robots":{"index":"index","follow":"follow","max-snippet":"max-snippet:-1","max-image-preview":"max-image-preview:large","max-video-preview":"max-video-preview:-1"},"canonical":"https:\/\/maderacat.cat\/?product=kancelarska-zidle-zk73-magnum-cerna","og_locale":"en_US","og_type":"article","og_title":"Kancel\u00e1\u0159sk\u00e1 \u017eidle\u00a0 ZK73 MAGNUM \u010dern\u00e1 - Madera","og_description":"Kancel\u00e1\u0159sk\u00e1 \u017eidle ZK73 designov\u00e9 kancel\u00e1\u0159sk\u00e9 k\u0159eslo, kter\u00e9 vynik\u00e1 sv\u00fdm jednoduch\u00fdm a\u017e lehce minimalistick\u00fdm vzhledem &#8211; v\u00fd\u0161kov\u011b nastaviteln\u00e1 &#8211; ocelov\u00e9 podru\u010dky, horn\u00ed a p\u0159edn\u00ed plocha podru\u010dek je \u010daloun\u011bn\u00e1 &#8211; houpac\u00ed mechanismus &#8211; nosn\u00e1 konstrukce s dvojit\u00fdm chromovan\u00fdm ocelov\u00fdm r\u00e1mem s plynov\u00fdm p\u00edstem &#8211; mo\u017enost libovoln\u00e9ho nastaven\u00ed v\u00fd\u0161ky v rozsahu v\u00fd\u0161ky \u017eidle &#8211; kovov\u00fd k\u0159\u00ed\u017e s povrchovou","og_url":"https:\/\/maderacat.cat\/?product=kancelarska-zidle-zk73-magnum-cerna","og_site_name":"Madera","og_image":[{"width":400,"height":600,"url":"https:\/\/maderacat.cat\/wp-content\/uploads\/2016\/10\/4629-26282.jpg","type":"image\/jpeg"}],"twitter_card":"summary_large_image","twitter_misc":{"Est. reading time":"1 minute"},"schema":{"@context":"https:\/\/schema.org","@graph":[{"@type":"WebPage","@id":"https:\/\/maderacat.cat\/?product=kancelarska-zidle-zk73-magnum-cerna","url":"https:\/\/maderacat.cat\/?product=kancelarska-zidle-zk73-magnum-cerna","name":"Kancel\u00e1\u0159sk\u00e1 \u017eidle\u00a0 ZK73 MAGNUM \u010dern\u00e1 - Madera","isPartOf":{"@id":"https:\/\/maderacat.cat\/#website"},"datePublished":"2016-10-09T08:00:05+00:00","dateModified":"2016-10-09T08:00:05+00:00","breadcrumb":{"@id":"https:\/\/maderacat.cat\/?product=kancelarska-zidle-zk73-magnum-cerna#breadcrumb"},"inLanguage":"en-US","potentialAction":[{"@type":"ReadAction","target":["https:\/\/maderacat.cat\/?product=kancelarska-zidle-zk73-magnum-cerna"]}]},{"@type":"BreadcrumbList","@id":"https:\/\/maderacat.cat\/?product=kancelarska-zidle-zk73-magnum-cerna#breadcrumb","itemListElement":[{"@type":"ListItem","position":1,"name":"Dom\u016f","item":"https:\/\/maderacat.cat\/"},{"@type":"ListItem","position":2,"name":"Obchod","item":"https:\/\/maderacat.cat\/?page_id=270"},{"@type":"ListItem","position":3,"name":"Kancel\u00e1\u0159sk\u00e1 \u017eidle\u00a0 ZK73 MAGNUM \u010dern\u00e1"}]},{"@type":"WebSite","@id":"https:\/\/maderacat.cat\/#website","url":"https:\/\/maderacat.cat\/","name":"Madera","description":"Bienvenido a la p\u00e1gina web","potentialAction":[{"@type":"SearchAction","target":{"@type":"EntryPoint","urlTemplate":"https:\/\/maderacat.cat\/?s={search_term_string}"},"query-input":"required name=search_term_string"}],"inLanguage":"en-US"}]}},"_links":{"self":[{"href":"https:\/\/maderacat.cat\/index.php?rest_route=\/wp\/v2\/product\/3111"}],"collection":[{"href":"https:\/\/maderacat.cat\/index.php?rest_route=\/wp\/v2\/product"}],"about":[{"href":"https:\/\/maderacat.cat\/index.php?rest_route=\/wp\/v2\/types\/product"}],"replies":[{"embeddable":true,"href":"https:\/\/maderacat.cat\/index.php?rest_route=%2Fwp%2Fv2%2Fcomments&post=3111"}],"wp:featuredmedia":[{"embeddable":true,"href":"https:\/\/maderacat.cat\/index.php?rest_route=\/wp\/v2\/media\/2672"}],"wp:attachment":[{"href":"https:\/\/maderacat.cat\/index.php?rest_route=%2Fwp%2Fv2%2Fmedia&parent=3111"}],"wp:term":[{"taxonomy":"product_cat","embeddable":true,"href":"https:\/\/maderacat.cat\/index.php?rest_route=%2Fwp%2Fv2%2Fproduct_cat&post=3111"},{"taxonomy":"product_tag","embeddable":true,"href":"https:\/\/maderacat.cat\/index.php?rest_route=%2Fwp%2Fv2%2Fproduct_tag&post=3111"}],"curies":[{"name":"wp","href":"https:\/\/api.w.org\/{rel}","templated":true}]}}