{"id":3104,"date":"2016-10-09T07:59:56","date_gmt":"2016-10-09T07:59:56","guid":{"rendered":"http:\/\/maderacat.cat\/produkt\/jidelni-stul-vilikchrom-nohy-70-kruh\/"},"modified":"2016-10-09T07:59:56","modified_gmt":"2016-10-09T07:59:56","slug":"jidelni-stul-vilikchrom-nohy-70-kruh","status":"publish","type":"product","link":"https:\/\/maderacat.cat\/?product=jidelni-stul-vilikchrom-nohy-70-kruh","title":{"rendered":"J\u00eddeln\u00ed st\u016fl VILIK,chrom.nohy, 70 kruh"},"content":{"rendered":"<p>J\u00eddeln\u00ed st\u016fl S149-VILIK<br \/>\n J\u00eddeln\u00ed st\u016fl VILIK je ide\u00e1ln\u00edm kusem n\u00e1bytku, t\u0159eba i do men\u0161\u00edch interieru pro jeho mal\u00fd rozm\u011br,pr\u016fm\u011br stolu 70cm.<br \/>\nLaminov\u00e1 stoln\u00ed deska olepena ABS hranou 2mm v d\u0159evodez\u00e9nu, tlou\u0161\u0165ka desky 1,8cm.?<br \/>\nNohy chrom lesk(chrom 3-5mikro, nikl 12-15mikron\u016f), pr\u016fm\u011br nohou 5,5cm a 2,2cm.<br \/>\n?<br \/>\nRozm\u011bry:70x70x74cm.<\/p>\n","protected":false},"excerpt":{"rendered":"<p>J\u00eddeln\u00ed st\u016fl S149-VILIK J\u00eddeln\u00ed st\u016fl VILIK je ide\u00e1ln\u00edm kusem n\u00e1bytku, t\u0159eba i do men\u0161\u00edch interieru pro jeho mal\u00fd rozm\u011br,pr\u016fm\u011br stolu 70cm. Laminov\u00e1 stoln\u00ed deska olepena ABS hranou 2mm v d\u0159evodez\u00e9nu, tlou\u0161\u0165ka desky 1,8cm.? Nohy chrom lesk(chrom 3-5mikro, nikl 12-15mikron\u016f), pr\u016fm\u011br nohou 5,5cm a 2,2cm. ? Rozm\u011bry:70x70x74cm.<\/p>\n","protected":false},"featured_media":2665,"comment_status":"closed","ping_status":"closed","template":"","meta":[],"product_cat":[20],"product_tag":[],"yoast_head":"<!-- This site is optimized with the Yoast SEO plugin v20.12 - https:\/\/yoast.com\/wordpress\/plugins\/seo\/ -->\n<title>J\u00eddeln\u00ed st\u016fl VILIK,chrom.nohy, 70 kruh - Madera<\/title>\n<meta name=\"robots\" content=\"index, follow, max-snippet:-1, max-image-preview:large, max-video-preview:-1\" \/>\n<link rel=\"canonical\" href=\"https:\/\/maderacat.cat\/?product=jidelni-stul-vilikchrom-nohy-70-kruh\" \/>\n<meta property=\"og:locale\" content=\"en_US\" \/>\n<meta property=\"og:type\" content=\"article\" \/>\n<meta property=\"og:title\" content=\"J\u00eddeln\u00ed st\u016fl VILIK,chrom.nohy, 70 kruh - Madera\" \/>\n<meta property=\"og:description\" content=\"J\u00eddeln\u00ed st\u016fl S149-VILIK J\u00eddeln\u00ed st\u016fl VILIK je ide\u00e1ln\u00edm kusem n\u00e1bytku, t\u0159eba i do men\u0161\u00edch interieru pro jeho mal\u00fd rozm\u011br,pr\u016fm\u011br stolu 70cm. Laminov\u00e1 stoln\u00ed deska olepena ABS hranou 2mm v d\u0159evodez\u00e9nu, tlou\u0161\u0165ka desky 1,8cm.? Nohy chrom lesk(chrom 3-5mikro, nikl 12-15mikron\u016f), pr\u016fm\u011br nohou 5,5cm a 2,2cm. ? Rozm\u011bry:70x70x74cm.\" \/>\n<meta property=\"og:url\" content=\"https:\/\/maderacat.cat\/?product=jidelni-stul-vilikchrom-nohy-70-kruh\" \/>\n<meta property=\"og:site_name\" content=\"Madera\" \/>\n<meta property=\"og:image\" content=\"https:\/\/maderacat.cat\/wp-content\/uploads\/2016\/10\/4654-26361.jpg\" \/>\n\t<meta property=\"og:image:width\" content=\"900\" \/>\n\t<meta property=\"og:image:height\" content=\"600\" \/>\n\t<meta property=\"og:image:type\" content=\"image\/jpeg\" \/>\n<meta name=\"twitter:card\" content=\"summary_large_image\" \/>\n<script type=\"application\/ld+json\" class=\"yoast-schema-graph\">{\"@context\":\"https:\/\/schema.org\",\"@graph\":[{\"@type\":\"WebPage\",\"@id\":\"https:\/\/maderacat.cat\/?product=jidelni-stul-vilikchrom-nohy-70-kruh\",\"url\":\"https:\/\/maderacat.cat\/?product=jidelni-stul-vilikchrom-nohy-70-kruh\",\"name\":\"J\u00eddeln\u00ed st\u016fl VILIK,chrom.nohy, 70 kruh - Madera\",\"isPartOf\":{\"@id\":\"https:\/\/maderacat.cat\/#website\"},\"datePublished\":\"2016-10-09T07:59:56+00:00\",\"dateModified\":\"2016-10-09T07:59:56+00:00\",\"breadcrumb\":{\"@id\":\"https:\/\/maderacat.cat\/?product=jidelni-stul-vilikchrom-nohy-70-kruh#breadcrumb\"},\"inLanguage\":\"en-US\",\"potentialAction\":[{\"@type\":\"ReadAction\",\"target\":[\"https:\/\/maderacat.cat\/?product=jidelni-stul-vilikchrom-nohy-70-kruh\"]}]},{\"@type\":\"BreadcrumbList\",\"@id\":\"https:\/\/maderacat.cat\/?product=jidelni-stul-vilikchrom-nohy-70-kruh#breadcrumb\",\"itemListElement\":[{\"@type\":\"ListItem\",\"position\":1,\"name\":\"Dom\u016f\",\"item\":\"https:\/\/maderacat.cat\/\"},{\"@type\":\"ListItem\",\"position\":2,\"name\":\"Obchod\",\"item\":\"https:\/\/maderacat.cat\/?page_id=270\"},{\"@type\":\"ListItem\",\"position\":3,\"name\":\"J\u00eddeln\u00ed st\u016fl VILIK,chrom.nohy, 70 kruh\"}]},{\"@type\":\"WebSite\",\"@id\":\"https:\/\/maderacat.cat\/#website\",\"url\":\"https:\/\/maderacat.cat\/\",\"name\":\"Madera\",\"description\":\"Bienvenido a la p\u00e1gina web\",\"potentialAction\":[{\"@type\":\"SearchAction\",\"target\":{\"@type\":\"EntryPoint\",\"urlTemplate\":\"https:\/\/maderacat.cat\/?s={search_term_string}\"},\"query-input\":\"required name=search_term_string\"}],\"inLanguage\":\"en-US\"}]}<\/script>\n<!-- \/ Yoast SEO plugin. -->","yoast_head_json":{"title":"J\u00eddeln\u00ed st\u016fl VILIK,chrom.nohy, 70 kruh - Madera","robots":{"index":"index","follow":"follow","max-snippet":"max-snippet:-1","max-image-preview":"max-image-preview:large","max-video-preview":"max-video-preview:-1"},"canonical":"https:\/\/maderacat.cat\/?product=jidelni-stul-vilikchrom-nohy-70-kruh","og_locale":"en_US","og_type":"article","og_title":"J\u00eddeln\u00ed st\u016fl VILIK,chrom.nohy, 70 kruh - Madera","og_description":"J\u00eddeln\u00ed st\u016fl S149-VILIK J\u00eddeln\u00ed st\u016fl VILIK je ide\u00e1ln\u00edm kusem n\u00e1bytku, t\u0159eba i do men\u0161\u00edch interieru pro jeho mal\u00fd rozm\u011br,pr\u016fm\u011br stolu 70cm. Laminov\u00e1 stoln\u00ed deska olepena ABS hranou 2mm v d\u0159evodez\u00e9nu, tlou\u0161\u0165ka desky 1,8cm.? Nohy chrom lesk(chrom 3-5mikro, nikl 12-15mikron\u016f), pr\u016fm\u011br nohou 5,5cm a 2,2cm. ? Rozm\u011bry:70x70x74cm.","og_url":"https:\/\/maderacat.cat\/?product=jidelni-stul-vilikchrom-nohy-70-kruh","og_site_name":"Madera","og_image":[{"width":900,"height":600,"url":"https:\/\/maderacat.cat\/wp-content\/uploads\/2016\/10\/4654-26361.jpg","type":"image\/jpeg"}],"twitter_card":"summary_large_image","schema":{"@context":"https:\/\/schema.org","@graph":[{"@type":"WebPage","@id":"https:\/\/maderacat.cat\/?product=jidelni-stul-vilikchrom-nohy-70-kruh","url":"https:\/\/maderacat.cat\/?product=jidelni-stul-vilikchrom-nohy-70-kruh","name":"J\u00eddeln\u00ed st\u016fl VILIK,chrom.nohy, 70 kruh - Madera","isPartOf":{"@id":"https:\/\/maderacat.cat\/#website"},"datePublished":"2016-10-09T07:59:56+00:00","dateModified":"2016-10-09T07:59:56+00:00","breadcrumb":{"@id":"https:\/\/maderacat.cat\/?product=jidelni-stul-vilikchrom-nohy-70-kruh#breadcrumb"},"inLanguage":"en-US","potentialAction":[{"@type":"ReadAction","target":["https:\/\/maderacat.cat\/?product=jidelni-stul-vilikchrom-nohy-70-kruh"]}]},{"@type":"BreadcrumbList","@id":"https:\/\/maderacat.cat\/?product=jidelni-stul-vilikchrom-nohy-70-kruh#breadcrumb","itemListElement":[{"@type":"ListItem","position":1,"name":"Dom\u016f","item":"https:\/\/maderacat.cat\/"},{"@type":"ListItem","position":2,"name":"Obchod","item":"https:\/\/maderacat.cat\/?page_id=270"},{"@type":"ListItem","position":3,"name":"J\u00eddeln\u00ed st\u016fl VILIK,chrom.nohy, 70 kruh"}]},{"@type":"WebSite","@id":"https:\/\/maderacat.cat\/#website","url":"https:\/\/maderacat.cat\/","name":"Madera","description":"Bienvenido a la p\u00e1gina web","potentialAction":[{"@type":"SearchAction","target":{"@type":"EntryPoint","urlTemplate":"https:\/\/maderacat.cat\/?s={search_term_string}"},"query-input":"required name=search_term_string"}],"inLanguage":"en-US"}]}},"_links":{"self":[{"href":"https:\/\/maderacat.cat\/index.php?rest_route=\/wp\/v2\/product\/3104"}],"collection":[{"href":"https:\/\/maderacat.cat\/index.php?rest_route=\/wp\/v2\/product"}],"about":[{"href":"https:\/\/maderacat.cat\/index.php?rest_route=\/wp\/v2\/types\/product"}],"replies":[{"embeddable":true,"href":"https:\/\/maderacat.cat\/index.php?rest_route=%2Fwp%2Fv2%2Fcomments&post=3104"}],"wp:featuredmedia":[{"embeddable":true,"href":"https:\/\/maderacat.cat\/index.php?rest_route=\/wp\/v2\/media\/2665"}],"wp:attachment":[{"href":"https:\/\/maderacat.cat\/index.php?rest_route=%2Fwp%2Fv2%2Fmedia&parent=3104"}],"wp:term":[{"taxonomy":"product_cat","embeddable":true,"href":"https:\/\/maderacat.cat\/index.php?rest_route=%2Fwp%2Fv2%2Fproduct_cat&post=3104"},{"taxonomy":"product_tag","embeddable":true,"href":"https:\/\/maderacat.cat\/index.php?rest_route=%2Fwp%2Fv2%2Fproduct_tag&post=3104"}],"curies":[{"name":"wp","href":"https:\/\/api.w.org\/{rel}","templated":true}]}}