{"id":3080,"date":"2016-10-09T07:59:47","date_gmt":"2016-10-09T07:59:47","guid":{"rendered":"http:\/\/maderacat.cat\/produkt\/obyvaci-sestava-serena-bilycerny-lesk\/"},"modified":"2016-10-09T07:59:47","modified_gmt":"2016-10-09T07:59:47","slug":"obyvaci-sestava-serena-bilycerny-lesk","status":"publish","type":"product","link":"https:\/\/maderacat.cat\/?product=obyvaci-sestava-serena-bilycerny-lesk","title":{"rendered":"Ob\u00fdvac\u00ed sestava SERENA-b\u00edl\u00fd+\u010dern\u00fd lesk"},"content":{"rendered":"<p>Ob\u00fdvac\u00ed sestava SERENA &#8211; b\u00edlo-\u010dern\u00fd lesk.<br \/>\nRozm\u011bry: spodn\u00ed \u010d\u00e1st-\u0161upl\u00edky:d\u00e9lka &#8211; 270cm v\u00fd\u0161ka &#8211; 33cm, hloubka &#8211; 48cm<br \/>\nhorn\u00ed sk\u0159\u00ed\u0148ky:d\u00e9lka -150cm, v\u00fd\u0161ka &#8211; 52cm, hloubka &#8211; 27cm<br \/>\nDv\u011b police:d\u00e9lka- 150cm, d\u00e9lka- 120cm<\/p>\n","protected":false},"excerpt":{"rendered":"<p>Ob\u00fdvac\u00ed sestava SERENA &#8211; b\u00edlo-\u010dern\u00fd lesk. Rozm\u011bry: spodn\u00ed \u010d\u00e1st-\u0161upl\u00edky:d\u00e9lka &#8211; 270cm v\u00fd\u0161ka &#8211; 33cm, hloubka &#8211; 48cm horn\u00ed sk\u0159\u00ed\u0148ky:d\u00e9lka -150cm, v\u00fd\u0161ka &#8211; 52cm, hloubka &#8211; 27cm Dv\u011b police:d\u00e9lka- 150cm, d\u00e9lka- 120cm<\/p>\n","protected":false},"featured_media":2641,"comment_status":"closed","ping_status":"closed","template":"","meta":[],"product_cat":[19],"product_tag":[],"yoast_head":"<!-- This site is optimized with the Yoast SEO plugin v20.12 - https:\/\/yoast.com\/wordpress\/plugins\/seo\/ -->\n<title>Ob\u00fdvac\u00ed sestava SERENA-b\u00edl\u00fd+\u010dern\u00fd lesk - Madera<\/title>\n<meta name=\"robots\" content=\"index, follow, max-snippet:-1, max-image-preview:large, max-video-preview:-1\" \/>\n<link rel=\"canonical\" href=\"https:\/\/maderacat.cat\/?product=obyvaci-sestava-serena-bilycerny-lesk\" \/>\n<meta property=\"og:locale\" content=\"en_US\" \/>\n<meta property=\"og:type\" content=\"article\" \/>\n<meta property=\"og:title\" content=\"Ob\u00fdvac\u00ed sestava SERENA-b\u00edl\u00fd+\u010dern\u00fd lesk - Madera\" \/>\n<meta property=\"og:description\" content=\"Ob\u00fdvac\u00ed sestava SERENA &#8211; b\u00edlo-\u010dern\u00fd lesk. Rozm\u011bry: spodn\u00ed \u010d\u00e1st-\u0161upl\u00edky:d\u00e9lka &#8211; 270cm v\u00fd\u0161ka &#8211; 33cm, hloubka &#8211; 48cm horn\u00ed sk\u0159\u00ed\u0148ky:d\u00e9lka -150cm, v\u00fd\u0161ka &#8211; 52cm, hloubka &#8211; 27cm Dv\u011b police:d\u00e9lka- 150cm, d\u00e9lka- 120cm\" \/>\n<meta property=\"og:url\" content=\"https:\/\/maderacat.cat\/?product=obyvaci-sestava-serena-bilycerny-lesk\" \/>\n<meta property=\"og:site_name\" content=\"Madera\" \/>\n<meta property=\"og:image\" content=\"https:\/\/maderacat.cat\/wp-content\/uploads\/2016\/10\/4765-26734.jpg\" \/>\n\t<meta property=\"og:image:width\" content=\"900\" \/>\n\t<meta property=\"og:image:height\" content=\"600\" \/>\n\t<meta property=\"og:image:type\" content=\"image\/jpeg\" \/>\n<meta name=\"twitter:card\" content=\"summary_large_image\" \/>\n<script type=\"application\/ld+json\" class=\"yoast-schema-graph\">{\"@context\":\"https:\/\/schema.org\",\"@graph\":[{\"@type\":\"WebPage\",\"@id\":\"https:\/\/maderacat.cat\/?product=obyvaci-sestava-serena-bilycerny-lesk\",\"url\":\"https:\/\/maderacat.cat\/?product=obyvaci-sestava-serena-bilycerny-lesk\",\"name\":\"Ob\u00fdvac\u00ed sestava SERENA-b\u00edl\u00fd+\u010dern\u00fd lesk - Madera\",\"isPartOf\":{\"@id\":\"https:\/\/maderacat.cat\/#website\"},\"datePublished\":\"2016-10-09T07:59:47+00:00\",\"dateModified\":\"2016-10-09T07:59:47+00:00\",\"breadcrumb\":{\"@id\":\"https:\/\/maderacat.cat\/?product=obyvaci-sestava-serena-bilycerny-lesk#breadcrumb\"},\"inLanguage\":\"en-US\",\"potentialAction\":[{\"@type\":\"ReadAction\",\"target\":[\"https:\/\/maderacat.cat\/?product=obyvaci-sestava-serena-bilycerny-lesk\"]}]},{\"@type\":\"BreadcrumbList\",\"@id\":\"https:\/\/maderacat.cat\/?product=obyvaci-sestava-serena-bilycerny-lesk#breadcrumb\",\"itemListElement\":[{\"@type\":\"ListItem\",\"position\":1,\"name\":\"Dom\u016f\",\"item\":\"https:\/\/maderacat.cat\/\"},{\"@type\":\"ListItem\",\"position\":2,\"name\":\"Obchod\",\"item\":\"https:\/\/maderacat.cat\/?page_id=270\"},{\"@type\":\"ListItem\",\"position\":3,\"name\":\"Ob\u00fdvac\u00ed sestava SERENA-b\u00edl\u00fd+\u010dern\u00fd lesk\"}]},{\"@type\":\"WebSite\",\"@id\":\"https:\/\/maderacat.cat\/#website\",\"url\":\"https:\/\/maderacat.cat\/\",\"name\":\"Madera\",\"description\":\"Bienvenido a la p\u00e1gina web\",\"potentialAction\":[{\"@type\":\"SearchAction\",\"target\":{\"@type\":\"EntryPoint\",\"urlTemplate\":\"https:\/\/maderacat.cat\/?s={search_term_string}\"},\"query-input\":\"required name=search_term_string\"}],\"inLanguage\":\"en-US\"}]}<\/script>\n<!-- \/ Yoast SEO plugin. -->","yoast_head_json":{"title":"Ob\u00fdvac\u00ed sestava SERENA-b\u00edl\u00fd+\u010dern\u00fd lesk - Madera","robots":{"index":"index","follow":"follow","max-snippet":"max-snippet:-1","max-image-preview":"max-image-preview:large","max-video-preview":"max-video-preview:-1"},"canonical":"https:\/\/maderacat.cat\/?product=obyvaci-sestava-serena-bilycerny-lesk","og_locale":"en_US","og_type":"article","og_title":"Ob\u00fdvac\u00ed sestava SERENA-b\u00edl\u00fd+\u010dern\u00fd lesk - Madera","og_description":"Ob\u00fdvac\u00ed sestava SERENA &#8211; b\u00edlo-\u010dern\u00fd lesk. Rozm\u011bry: spodn\u00ed \u010d\u00e1st-\u0161upl\u00edky:d\u00e9lka &#8211; 270cm v\u00fd\u0161ka &#8211; 33cm, hloubka &#8211; 48cm horn\u00ed sk\u0159\u00ed\u0148ky:d\u00e9lka -150cm, v\u00fd\u0161ka &#8211; 52cm, hloubka &#8211; 27cm Dv\u011b police:d\u00e9lka- 150cm, d\u00e9lka- 120cm","og_url":"https:\/\/maderacat.cat\/?product=obyvaci-sestava-serena-bilycerny-lesk","og_site_name":"Madera","og_image":[{"width":900,"height":600,"url":"https:\/\/maderacat.cat\/wp-content\/uploads\/2016\/10\/4765-26734.jpg","type":"image\/jpeg"}],"twitter_card":"summary_large_image","schema":{"@context":"https:\/\/schema.org","@graph":[{"@type":"WebPage","@id":"https:\/\/maderacat.cat\/?product=obyvaci-sestava-serena-bilycerny-lesk","url":"https:\/\/maderacat.cat\/?product=obyvaci-sestava-serena-bilycerny-lesk","name":"Ob\u00fdvac\u00ed sestava SERENA-b\u00edl\u00fd+\u010dern\u00fd lesk - Madera","isPartOf":{"@id":"https:\/\/maderacat.cat\/#website"},"datePublished":"2016-10-09T07:59:47+00:00","dateModified":"2016-10-09T07:59:47+00:00","breadcrumb":{"@id":"https:\/\/maderacat.cat\/?product=obyvaci-sestava-serena-bilycerny-lesk#breadcrumb"},"inLanguage":"en-US","potentialAction":[{"@type":"ReadAction","target":["https:\/\/maderacat.cat\/?product=obyvaci-sestava-serena-bilycerny-lesk"]}]},{"@type":"BreadcrumbList","@id":"https:\/\/maderacat.cat\/?product=obyvaci-sestava-serena-bilycerny-lesk#breadcrumb","itemListElement":[{"@type":"ListItem","position":1,"name":"Dom\u016f","item":"https:\/\/maderacat.cat\/"},{"@type":"ListItem","position":2,"name":"Obchod","item":"https:\/\/maderacat.cat\/?page_id=270"},{"@type":"ListItem","position":3,"name":"Ob\u00fdvac\u00ed sestava SERENA-b\u00edl\u00fd+\u010dern\u00fd lesk"}]},{"@type":"WebSite","@id":"https:\/\/maderacat.cat\/#website","url":"https:\/\/maderacat.cat\/","name":"Madera","description":"Bienvenido a la p\u00e1gina web","potentialAction":[{"@type":"SearchAction","target":{"@type":"EntryPoint","urlTemplate":"https:\/\/maderacat.cat\/?s={search_term_string}"},"query-input":"required name=search_term_string"}],"inLanguage":"en-US"}]}},"_links":{"self":[{"href":"https:\/\/maderacat.cat\/index.php?rest_route=\/wp\/v2\/product\/3080"}],"collection":[{"href":"https:\/\/maderacat.cat\/index.php?rest_route=\/wp\/v2\/product"}],"about":[{"href":"https:\/\/maderacat.cat\/index.php?rest_route=\/wp\/v2\/types\/product"}],"replies":[{"embeddable":true,"href":"https:\/\/maderacat.cat\/index.php?rest_route=%2Fwp%2Fv2%2Fcomments&post=3080"}],"wp:featuredmedia":[{"embeddable":true,"href":"https:\/\/maderacat.cat\/index.php?rest_route=\/wp\/v2\/media\/2641"}],"wp:attachment":[{"href":"https:\/\/maderacat.cat\/index.php?rest_route=%2Fwp%2Fv2%2Fmedia&parent=3080"}],"wp:term":[{"taxonomy":"product_cat","embeddable":true,"href":"https:\/\/maderacat.cat\/index.php?rest_route=%2Fwp%2Fv2%2Fproduct_cat&post=3080"},{"taxonomy":"product_tag","embeddable":true,"href":"https:\/\/maderacat.cat\/index.php?rest_route=%2Fwp%2Fv2%2Fproduct_tag&post=3080"}],"curies":[{"name":"wp","href":"https:\/\/api.w.org\/{rel}","templated":true}]}}

Obývací sestava SERENA-bílý+černý lesk

<p>Obývací sestava SERENA &#8211; bílo-černý lesk.<br />
Rozměry: spodní část-šuplíky:délka &#8211; 270cm výška &#8211; 33cm, hloubka &#8211; 48cm<br />
horní skříňky:délka -150cm, výška &#8211; 52cm, hloubka &#8211; 27cm<br />
Dvě police:délka- 150cm, délka- 120cm</p>

<p>Obývací sestava SERENA &#8211; bílo-černý lesk. Rozměry: spodní část-šuplíky:délka &#8211; 270cm výška &#8211; 33cm, hloubka &#8211; 48cm horní skříňky:délka -150cm, výška &#8211; 52cm, hloubka &#8211; 27cm Dvě police:délka- 150cm, délka- 120cm</p>

<!-- This site is optimized with the Yoast SEO plugin v20.12 - https://yoast.com/wordpress/plugins/seo/ -->
<title>Obývací sestava SERENA-bílý+černý lesk - Madera</title>
<meta name="robots" content="index, follow, max-snippet:-1, max-image-preview:large, max-video-preview:-1" />
<link rel="canonical" href="https://maderacat.cat/?product=obyvaci-sestava-serena-bilycerny-lesk" />
<meta property="og:locale" content="en_US" />
<meta property="og:type" content="article" />
<meta property="og:title" content="Obývací sestava SERENA-bílý+černý lesk - Madera" />
<meta property="og:description" content="Obývací sestava SERENA &#8211; bílo-černý lesk. Rozměry: spodní část-šuplíky:délka &#8211; 270cm výška &#8211; 33cm, hloubka &#8211; 48cm horní skříňky:délka -150cm, výška &#8211; 52cm, hloubka &#8211; 27cm Dvě police:délka- 150cm, délka- 120cm" />
<meta property="og:url" content="https://maderacat.cat/?product=obyvaci-sestava-serena-bilycerny-lesk" />
<meta property="og:site_name" content="Madera" />
<meta property="og:image" content="https://maderacat.cat/wp-content/uploads/2016/10/4765-26734.jpg" />
	<meta property="og:image:width" content="900" />
	<meta property="og:image:height" content="600" />
	<meta property="og:image:type" content="image/jpeg" />
<meta name="twitter:card" content="summary_large_image" />
<script type="application/ld+json" class="yoast-schema-graph">{"@context":"https://schema.org","@graph":[{"@type":"WebPage","@id":"https://maderacat.cat/?product=obyvaci-sestava-serena-bilycerny-lesk","url":"https://maderacat.cat/?product=obyvaci-sestava-serena-bilycerny-lesk","name":"Obývací sestava SERENA-bílý+černý lesk - Madera","isPartOf":{"@id":"https://maderacat.cat/#website"},"datePublished":"2016-10-09T07:59:47+00:00","dateModified":"2016-10-09T07:59:47+00:00","breadcrumb":{"@id":"https://maderacat.cat/?product=obyvaci-sestava-serena-bilycerny-lesk#breadcrumb"},"inLanguage":"en-US","potentialAction":[{"@type":"ReadAction","target":["https://maderacat.cat/?product=obyvaci-sestava-serena-bilycerny-lesk"]}]},{"@type":"BreadcrumbList","@id":"https://maderacat.cat/?product=obyvaci-sestava-serena-bilycerny-lesk#breadcrumb","itemListElement":[{"@type":"ListItem","position":1,"name":"Domů","item":"https://maderacat.cat/"},{"@type":"ListItem","position":2,"name":"Obchod","item":"https://maderacat.cat/?page_id=270"},{"@type":"ListItem","position":3,"name":"Obývací sestava SERENA-bílý+černý lesk"}]},{"@type":"WebSite","@id":"https://maderacat.cat/#website","url":"https://maderacat.cat/","name":"Madera","description":"Bienvenido a la página web","potentialAction":[{"@type":"SearchAction","target":{"@type":"EntryPoint","urlTemplate":"https://maderacat.cat/?s={search_term_string}"},"query-input":"required name=search_term_string"}],"inLanguage":"en-US"}]}</script>
<!-- / Yoast SEO plugin. -->

Obývací sestava SERENA-bílý+černý lesk - Madera

Obývací sestava SERENA &#8211; bílo-černý lesk. Rozměry: spodní část-šuplíky:délka &#8211; 270cm výška &#8211; 33cm, hloubka &#8211; 48cm horní skříňky:délka -150cm, výška &#8211; 52cm, hloubka &#8211; 27cm Dvě police:délka- 150cm, délka- 120cm

Domů

Bienvenido a la página web
