{"id":3073,"date":"2016-10-09T07:59:47","date_gmt":"2016-10-09T07:59:47","guid":{"rendered":"http:\/\/maderacat.cat\/produkt\/obyvaci-sestava-leonardo-vitrina-s-barem\/"},"modified":"2016-10-09T07:59:47","modified_gmt":"2016-10-09T07:59:47","slug":"obyvaci-sestava-leonardo-vitrina-s-barem","status":"publish","type":"product","link":"https:\/\/maderacat.cat\/?product=obyvaci-sestava-leonardo-vitrina-s-barem","title":{"rendered":"Ob\u00fdvac\u00ed sestava LEONARDO-vitr\u00edna s barem"},"content":{"rendered":"<p>Ob\u00fdvac\u00ed sestava LEONARDO &#8211; vitr\u00edna s barem.<br \/>\n Rozm\u011bry:v\u00fd\u0161ka &#8211; 125cm, \u0161\u00ed\u0159ka &#8211; 144cm, hloubka &#8211; 45cm<\/p>\n","protected":false},"excerpt":{"rendered":"<p>Ob\u00fdvac\u00ed sestava LEONARDO &#8211; vitr\u00edna s barem. Rozm\u011bry:v\u00fd\u0161ka &#8211; 125cm, \u0161\u00ed\u0159ka &#8211; 144cm, hloubka &#8211; 45cm<\/p>\n","protected":false},"featured_media":2634,"comment_status":"closed","ping_status":"closed","template":"","meta":[],"product_cat":[19],"product_tag":[],"yoast_head":"<!-- This site is optimized with the Yoast SEO plugin v20.12 - https:\/\/yoast.com\/wordpress\/plugins\/seo\/ -->\n<title>Ob\u00fdvac\u00ed sestava LEONARDO-vitr\u00edna s barem - Madera<\/title>\n<meta name=\"robots\" content=\"index, follow, max-snippet:-1, max-image-preview:large, max-video-preview:-1\" \/>\n<link rel=\"canonical\" href=\"https:\/\/maderacat.cat\/?product=obyvaci-sestava-leonardo-vitrina-s-barem\" \/>\n<meta property=\"og:locale\" content=\"en_US\" \/>\n<meta property=\"og:type\" content=\"article\" \/>\n<meta property=\"og:title\" content=\"Ob\u00fdvac\u00ed sestava LEONARDO-vitr\u00edna s barem - Madera\" \/>\n<meta property=\"og:description\" content=\"Ob\u00fdvac\u00ed sestava LEONARDO &#8211; vitr\u00edna s barem. Rozm\u011bry:v\u00fd\u0161ka &#8211; 125cm, \u0161\u00ed\u0159ka &#8211; 144cm, hloubka &#8211; 45cm\" \/>\n<meta property=\"og:url\" content=\"https:\/\/maderacat.cat\/?product=obyvaci-sestava-leonardo-vitrina-s-barem\" \/>\n<meta property=\"og:site_name\" content=\"Madera\" \/>\n<meta property=\"og:image\" content=\"https:\/\/maderacat.cat\/wp-content\/uploads\/2016\/10\/4772-26745.jpg\" \/>\n\t<meta property=\"og:image:width\" content=\"900\" \/>\n\t<meta property=\"og:image:height\" content=\"600\" \/>\n\t<meta property=\"og:image:type\" content=\"image\/jpeg\" \/>\n<meta name=\"twitter:card\" content=\"summary_large_image\" \/>\n<script type=\"application\/ld+json\" class=\"yoast-schema-graph\">{\"@context\":\"https:\/\/schema.org\",\"@graph\":[{\"@type\":\"WebPage\",\"@id\":\"https:\/\/maderacat.cat\/?product=obyvaci-sestava-leonardo-vitrina-s-barem\",\"url\":\"https:\/\/maderacat.cat\/?product=obyvaci-sestava-leonardo-vitrina-s-barem\",\"name\":\"Ob\u00fdvac\u00ed sestava LEONARDO-vitr\u00edna s barem - Madera\",\"isPartOf\":{\"@id\":\"https:\/\/maderacat.cat\/#website\"},\"datePublished\":\"2016-10-09T07:59:47+00:00\",\"dateModified\":\"2016-10-09T07:59:47+00:00\",\"breadcrumb\":{\"@id\":\"https:\/\/maderacat.cat\/?product=obyvaci-sestava-leonardo-vitrina-s-barem#breadcrumb\"},\"inLanguage\":\"en-US\",\"potentialAction\":[{\"@type\":\"ReadAction\",\"target\":[\"https:\/\/maderacat.cat\/?product=obyvaci-sestava-leonardo-vitrina-s-barem\"]}]},{\"@type\":\"BreadcrumbList\",\"@id\":\"https:\/\/maderacat.cat\/?product=obyvaci-sestava-leonardo-vitrina-s-barem#breadcrumb\",\"itemListElement\":[{\"@type\":\"ListItem\",\"position\":1,\"name\":\"Dom\u016f\",\"item\":\"https:\/\/maderacat.cat\/\"},{\"@type\":\"ListItem\",\"position\":2,\"name\":\"Obchod\",\"item\":\"https:\/\/maderacat.cat\/?page_id=270\"},{\"@type\":\"ListItem\",\"position\":3,\"name\":\"Ob\u00fdvac\u00ed sestava LEONARDO-vitr\u00edna s barem\"}]},{\"@type\":\"WebSite\",\"@id\":\"https:\/\/maderacat.cat\/#website\",\"url\":\"https:\/\/maderacat.cat\/\",\"name\":\"Madera\",\"description\":\"Bienvenido a la p\u00e1gina web\",\"potentialAction\":[{\"@type\":\"SearchAction\",\"target\":{\"@type\":\"EntryPoint\",\"urlTemplate\":\"https:\/\/maderacat.cat\/?s={search_term_string}\"},\"query-input\":\"required name=search_term_string\"}],\"inLanguage\":\"en-US\"}]}<\/script>\n<!-- \/ Yoast SEO plugin. -->","yoast_head_json":{"title":"Ob\u00fdvac\u00ed sestava LEONARDO-vitr\u00edna s barem - Madera","robots":{"index":"index","follow":"follow","max-snippet":"max-snippet:-1","max-image-preview":"max-image-preview:large","max-video-preview":"max-video-preview:-1"},"canonical":"https:\/\/maderacat.cat\/?product=obyvaci-sestava-leonardo-vitrina-s-barem","og_locale":"en_US","og_type":"article","og_title":"Ob\u00fdvac\u00ed sestava LEONARDO-vitr\u00edna s barem - Madera","og_description":"Ob\u00fdvac\u00ed sestava LEONARDO &#8211; vitr\u00edna s barem. Rozm\u011bry:v\u00fd\u0161ka &#8211; 125cm, \u0161\u00ed\u0159ka &#8211; 144cm, hloubka &#8211; 45cm","og_url":"https:\/\/maderacat.cat\/?product=obyvaci-sestava-leonardo-vitrina-s-barem","og_site_name":"Madera","og_image":[{"width":900,"height":600,"url":"https:\/\/maderacat.cat\/wp-content\/uploads\/2016\/10\/4772-26745.jpg","type":"image\/jpeg"}],"twitter_card":"summary_large_image","schema":{"@context":"https:\/\/schema.org","@graph":[{"@type":"WebPage","@id":"https:\/\/maderacat.cat\/?product=obyvaci-sestava-leonardo-vitrina-s-barem","url":"https:\/\/maderacat.cat\/?product=obyvaci-sestava-leonardo-vitrina-s-barem","name":"Ob\u00fdvac\u00ed sestava LEONARDO-vitr\u00edna s barem - Madera","isPartOf":{"@id":"https:\/\/maderacat.cat\/#website"},"datePublished":"2016-10-09T07:59:47+00:00","dateModified":"2016-10-09T07:59:47+00:00","breadcrumb":{"@id":"https:\/\/maderacat.cat\/?product=obyvaci-sestava-leonardo-vitrina-s-barem#breadcrumb"},"inLanguage":"en-US","potentialAction":[{"@type":"ReadAction","target":["https:\/\/maderacat.cat\/?product=obyvaci-sestava-leonardo-vitrina-s-barem"]}]},{"@type":"BreadcrumbList","@id":"https:\/\/maderacat.cat\/?product=obyvaci-sestava-leonardo-vitrina-s-barem#breadcrumb","itemListElement":[{"@type":"ListItem","position":1,"name":"Dom\u016f","item":"https:\/\/maderacat.cat\/"},{"@type":"ListItem","position":2,"name":"Obchod","item":"https:\/\/maderacat.cat\/?page_id=270"},{"@type":"ListItem","position":3,"name":"Ob\u00fdvac\u00ed sestava LEONARDO-vitr\u00edna s barem"}]},{"@type":"WebSite","@id":"https:\/\/maderacat.cat\/#website","url":"https:\/\/maderacat.cat\/","name":"Madera","description":"Bienvenido a la p\u00e1gina web","potentialAction":[{"@type":"SearchAction","target":{"@type":"EntryPoint","urlTemplate":"https:\/\/maderacat.cat\/?s={search_term_string}"},"query-input":"required name=search_term_string"}],"inLanguage":"en-US"}]}},"_links":{"self":[{"href":"https:\/\/maderacat.cat\/index.php?rest_route=\/wp\/v2\/product\/3073"}],"collection":[{"href":"https:\/\/maderacat.cat\/index.php?rest_route=\/wp\/v2\/product"}],"about":[{"href":"https:\/\/maderacat.cat\/index.php?rest_route=\/wp\/v2\/types\/product"}],"replies":[{"embeddable":true,"href":"https:\/\/maderacat.cat\/index.php?rest_route=%2Fwp%2Fv2%2Fcomments&post=3073"}],"wp:featuredmedia":[{"embeddable":true,"href":"https:\/\/maderacat.cat\/index.php?rest_route=\/wp\/v2\/media\/2634"}],"wp:attachment":[{"href":"https:\/\/maderacat.cat\/index.php?rest_route=%2Fwp%2Fv2%2Fmedia&parent=3073"}],"wp:term":[{"taxonomy":"product_cat","embeddable":true,"href":"https:\/\/maderacat.cat\/index.php?rest_route=%2Fwp%2Fv2%2Fproduct_cat&post=3073"},{"taxonomy":"product_tag","embeddable":true,"href":"https:\/\/maderacat.cat\/index.php?rest_route=%2Fwp%2Fv2%2Fproduct_tag&post=3073"}],"curies":[{"name":"wp","href":"https:\/\/api.w.org\/{rel}","templated":true}]}}

Obývací sestava LEONARDO-vitrína s barem

<p>Obývací sestava LEONARDO &#8211; vitrína s barem.<br />
 Rozměry:výška &#8211; 125cm, šířka &#8211; 144cm, hloubka &#8211; 45cm</p>

<p>Obývací sestava LEONARDO &#8211; vitrína s barem. Rozměry:výška &#8211; 125cm, šířka &#8211; 144cm, hloubka &#8211; 45cm</p>

<!-- This site is optimized with the Yoast SEO plugin v20.12 - https://yoast.com/wordpress/plugins/seo/ -->
<title>Obývací sestava LEONARDO-vitrína s barem - Madera</title>
<meta name="robots" content="index, follow, max-snippet:-1, max-image-preview:large, max-video-preview:-1" />
<link rel="canonical" href="https://maderacat.cat/?product=obyvaci-sestava-leonardo-vitrina-s-barem" />
<meta property="og:locale" content="en_US" />
<meta property="og:type" content="article" />
<meta property="og:title" content="Obývací sestava LEONARDO-vitrína s barem - Madera" />
<meta property="og:description" content="Obývací sestava LEONARDO &#8211; vitrína s barem. Rozměry:výška &#8211; 125cm, šířka &#8211; 144cm, hloubka &#8211; 45cm" />
<meta property="og:url" content="https://maderacat.cat/?product=obyvaci-sestava-leonardo-vitrina-s-barem" />
<meta property="og:site_name" content="Madera" />
<meta property="og:image" content="https://maderacat.cat/wp-content/uploads/2016/10/4772-26745.jpg" />
	<meta property="og:image:width" content="900" />
	<meta property="og:image:height" content="600" />
	<meta property="og:image:type" content="image/jpeg" />
<meta name="twitter:card" content="summary_large_image" />
<script type="application/ld+json" class="yoast-schema-graph">{"@context":"https://schema.org","@graph":[{"@type":"WebPage","@id":"https://maderacat.cat/?product=obyvaci-sestava-leonardo-vitrina-s-barem","url":"https://maderacat.cat/?product=obyvaci-sestava-leonardo-vitrina-s-barem","name":"Obývací sestava LEONARDO-vitrína s barem - Madera","isPartOf":{"@id":"https://maderacat.cat/#website"},"datePublished":"2016-10-09T07:59:47+00:00","dateModified":"2016-10-09T07:59:47+00:00","breadcrumb":{"@id":"https://maderacat.cat/?product=obyvaci-sestava-leonardo-vitrina-s-barem#breadcrumb"},"inLanguage":"en-US","potentialAction":[{"@type":"ReadAction","target":["https://maderacat.cat/?product=obyvaci-sestava-leonardo-vitrina-s-barem"]}]},{"@type":"BreadcrumbList","@id":"https://maderacat.cat/?product=obyvaci-sestava-leonardo-vitrina-s-barem#breadcrumb","itemListElement":[{"@type":"ListItem","position":1,"name":"Domů","item":"https://maderacat.cat/"},{"@type":"ListItem","position":2,"name":"Obchod","item":"https://maderacat.cat/?page_id=270"},{"@type":"ListItem","position":3,"name":"Obývací sestava LEONARDO-vitrína s barem"}]},{"@type":"WebSite","@id":"https://maderacat.cat/#website","url":"https://maderacat.cat/","name":"Madera","description":"Bienvenido a la página web","potentialAction":[{"@type":"SearchAction","target":{"@type":"EntryPoint","urlTemplate":"https://maderacat.cat/?s={search_term_string}"},"query-input":"required name=search_term_string"}],"inLanguage":"en-US"}]}</script>
<!-- / Yoast SEO plugin. -->

Obývací sestava LEONARDO-vitrína s barem - Madera

Obývací sestava LEONARDO &#8211; vitrína s barem. Rozměry:výška &#8211; 125cm, šířka &#8211; 144cm, hloubka &#8211; 45cm

Domů

Bienvenido a la página web
